{"id":10424,"date":"2025-06-29T13:19:35","date_gmt":"2025-06-29T11:19:35","guid":{"rendered":"https:\/\/uj.adatbank.ro\/lexikon\/termek\/incze-kalman-szarazajtai\/"},"modified":"2025-06-29T13:19:35","modified_gmt":"2025-06-29T11:19:35","slug":"incze-kalman-szarazajtai","status":"publish","type":"product","link":"https:\/\/uj.adatbank.ro\/lexikon\/termek\/incze-kalman-szarazajtai\/","title":{"rendered":"INCZE K\u00e1lm\u00e1n, sz\u00e1razajtai"},"content":{"rendered":"<p>Zov\u00e1ny, 1851. febr. 27., \u2020\u00a0? 1935. dec. 4.: m\u00e9rn\u00f6k, miniszteri tan\u00e1csos, f\u00f6ldbirtokos. \u2013 \u00c9p\u00edt\u00e9szetet a stutgarti M\u0171egyetemen v\u00e9gzett. Dolgozott Kv. -on, mint v\u00e1rmegyei \u00e1llam\u00e9p\u00edt\u00e9szeti m\u00e9rn\u00f6k; Kar\u00e1nsebesen \u00e1llam\u00e9p\u00edt\u00e9szeti hivatal f\u0151n\u00f6k; Mv.-en (1873\u201379) ker\u00fcleti fel\u00fcgyel\u0151 \u00e9s m\u0171szaki tan\u00e1csos; a Szolnok-Dobokav\u00e1rmegyei \u00c1llam\u00e9p\u00edt\u00e9szeti Hivatal vezet\u0151je D\u00e9sen; majd k\u00f6z\u00fati ker. fel\u00fcgyel\u0151 Mv.-en (80-as \u00e9vek); a Kereskedelmi Min. -ban m\u0171szaki tan\u00e1csos (1905\u2013), f\u0151tan\u00e1csos (1907\u2013); min. tan\u00e1csos (1914\u2013); nyugd\u00edjazt\u00e1k (1916). R\u00e9szt vett a St. Louisi vil\u00e1gki\u00e1ll\u00edt\u00e1son (1904). A Mv.-i Kaszin\u00f3 aleln\u00f6ke (1903). <strong>Cikkei:<\/strong> M. M\u00e9rn. \u00e9s \u00c9p\u00edt. Egyl. K\u00f6zlem\u00e9nyei, Heti \u00c9rt., P. Hirl. &#8211;<strong>F. m.:<\/strong> Le d\u00e9veloppement des routes en Hongrie (Paris, 1908).-irod.: Bi\u00e1s Istv\u00e1n; EM; Eml\u00e9kk\u00f6nyv a K. M. Term\u00e9szettudom\u00e1nyi T\u00e1rsulat f\u00e9lsz\u00e1zados jubileum\u00e1n (Bp., 1892); Guly\u00e1s; A Sz\u00e9kely Kongresszus szervezete, tagjainak n\u00e9vsora, t\u00e1rgyal\u00e1sai \u00e9s hat\u00e1rozatai (Bp., 1902)<\/br><\/p>\n","protected":false},"excerpt":{"rendered":"<p>Zov\u00e1ny, 1851. febr. 27., \u2020\u00a0? 1935. dec. 4.: m\u00e9rn\u00f6k, miniszteri tan\u00e1csos, f\u00f6ldbirtokos. \u2013 \u00c9p\u00edt\u00e9szetet a stutgarti M\u0171egyetemen v\u00e9gzett. Dolgozott Kv. -on, mint v\u00e1rmegyei \u00e1llam\u00e9p\u00edt\u00e9szeti m\u00e9rn\u00f6k; Kar\u00e1nsebesen \u00e1llam\u00e9p\u00edt\u00e9szeti hivatal f\u0151n\u00f6k; Mv.-en (1873\u201379) ker\u00fcleti fel\u00fcgyel\u0151 \u00e9s m\u0171szaki tan\u00e1csos; a Szolnok-Dobokav\u00e1rmegyei \u00c1llam\u00e9p\u00edt\u00e9szeti Hivatal vezet\u0151je D\u00e9sen; majd k\u00f6z\u00fati ker. fel\u00fcgyel\u0151 Mv.-en (80-as \u00e9vek); a Kereskedelmi Min. -ban m\u0171szaki tan\u00e1csos [&hellip;]<\/p>\n","protected":false},"featured_media":0,"comment_status":"open","ping_status":"closed","template":"","meta":[],"product_brand":[],"product_cat":[137],"product_tag":[],"class_list":{"0":"post-10424","1":"product","2":"type-product","3":"status-publish","5":"product_cat-maros-megyei-eletrajzi-lexikon","7":"first","8":"instock","9":"shipping-taxable","10":"product-type-simple"},"_links":{"self":[{"href":"https:\/\/uj.adatbank.ro\/lexikon\/wp-json\/wp\/v2\/product\/10424","targetHints":{"allow":["GET"]}}],"collection":[{"href":"https:\/\/uj.adatbank.ro\/lexikon\/wp-json\/wp\/v2\/product"}],"about":[{"href":"https:\/\/uj.adatbank.ro\/lexikon\/wp-json\/wp\/v2\/types\/product"}],"replies":[{"embeddable":true,"href":"https:\/\/uj.adatbank.ro\/lexikon\/wp-json\/wp\/v2\/comments?post=10424"}],"wp:attachment":[{"href":"https:\/\/uj.adatbank.ro\/lexikon\/wp-json\/wp\/v2\/media?parent=10424"}],"wp:term":[{"taxonomy":"product_brand","embeddable":true,"href":"https:\/\/uj.adatbank.ro\/lexikon\/wp-json\/wp\/v2\/product_brand?post=10424"},{"taxonomy":"product_cat","embeddable":true,"href":"https:\/\/uj.adatbank.ro\/lexikon\/wp-json\/wp\/v2\/product_cat?post=10424"},{"taxonomy":"product_tag","embeddable":true,"href":"https:\/\/uj.adatbank.ro\/lexikon\/wp-json\/wp\/v2\/product_tag?post=10424"}],"curies":[{"name":"wp","href":"https:\/\/api.w.org\/{rel}","templated":true}]}}

INCZE Kálmán, szárazajtai

<p>Zovány, 1851. febr. 27., † ? 1935. dec. 4.: mérnök, miniszteri tanácsos, földbirtokos. – Építészetet a stutgarti Műegyetemen végzett. Dolgozott Kv. -on, mint vármegyei államépítészeti mérnök; Karánsebesen államépítészeti hivatal főnök; Mv.-en (1873–79) kerületi felügyelő és műszaki tanácsos; a Szolnok-Dobokavármegyei Államépítészeti Hivatal vezetője Désen; majd közúti ker. felügyelő Mv.-en (80-as évek); a Kereskedelmi Min. -ban műszaki tanácsos (1905–), főtanácsos (1907–); min. tanácsos (1914–); nyugdíjazták (1916). Részt vett a St. Louisi világkiállításon (1904). A Mv.-i Kaszinó alelnöke (1903). <strong>Cikkei:</strong> M. Mérn. és Épít. Egyl. Közleményei, Heti Ért., P. Hirl. &#8211;<strong>F. m.:</strong> Le développement des routes en Hongrie (Paris, 1908).-irod.: Biás István; EM; Emlékkönyv a K. M. Természettudományi Társulat félszázados jubileumán (Bp., 1892); Gulyás; A Székely Kongresszus szervezete, tagjainak névsora, tárgyalásai és határozatai (Bp., 1902)</br></p>

<p>Zovány, 1851. febr. 27., † ? 1935. dec. 4.: mérnök, miniszteri tanácsos, földbirtokos. – Építészetet a stutgarti Műegyetemen végzett. Dolgozott Kv. -on, mint vármegyei államépítészeti mérnök; Karánsebesen államépítészeti hivatal főnök; Mv.-en (1873–79) kerületi felügyelő és műszaki tanácsos; a Szolnok-Dobokavármegyei Államépítészeti Hivatal vezetője Désen; majd közúti ker. felügyelő Mv.-en (80-as évek); a Kereskedelmi Min. -ban műszaki tanácsos [&hellip;]</p>
