{"id":10426,"date":"2025-06-29T13:19:40","date_gmt":"2025-06-29T11:19:40","guid":{"rendered":"https:\/\/uj.adatbank.ro\/lexikon\/termek\/incze-laszlo-paci-incze-ii\/"},"modified":"2025-06-29T13:19:40","modified_gmt":"2025-06-29T11:19:40","slug":"incze-laszlo-paci-incze-ii","status":"publish","type":"product","link":"https:\/\/uj.adatbank.ro\/lexikon\/termek\/incze-laszlo-paci-incze-ii\/","title":{"rendered":"INCZE L\u00e1szl\u00f3, Paci, Incze II."},"content":{"rendered":"<p>1918., \u2020 1999. j\u00fal.: v\u00e1rosi tisztvisel\u0151., labdar\u00fag\u00f3, j\u00e9gkorongoz\u00f3, edz\u0151. \u2013 Nyolc \u00e9vesen kezdett j\u00e9gkorongozni Mv.-en, p\u00e1rhuzamosan \u00fasztott \u00e9s j\u00e9gkorongozott, futballozott. A Maros labdar\u00fag\u00f3-szakoszt\u00e1ly\u00e1nak t\u00f6rpecsapat\u00e1n\u00e1l kezdte (1928), majd v\u00e9gigj\u00e1rta a rangl\u00e9tr\u00e1t. akt\u00edv tagja volt a MSE labdar\u00fag\u00f3 szakoszt\u00e1ly\u00e1nak, ahol mint k\u00f6z\u00e9pcsat\u00e1r j\u00e1tszott (1928\u2013). Amig az MSE labdar\u00fag\u00f3 szakoszt\u00e1lya sz\u00fcnetelt (1934\u201335) az F.C. Maros-ban j\u00e1tszott. Mv. korcsolyabajnoks\u00e1g\u00e1t nyerte meg (1938). K\u00e9t \u00e9vig leigazolt j\u00e1t\u00e9kossa volt a nagyv\u00e1radi NAC-nak (1941\u201342). J\u00e9gkorongozott is Sepsiszentgy\u00f6rgy\u00f6n, a v\u00e1logatott tagja volt (1945\u201353). A labdar\u00fag\u00e1st 39 \u00e9vesen (1953) \u00e9s a j\u00e9gkorongoz\u00e1st 43 \u00e9vesen hagyta abba (1957). Mindk\u00e9t sport\u00e1gban a v\u00e1logatotts\u00e1gig vitte az \u00f6tvenes \u00e9vekben, r\u00e9szesse volt a v\u00e1ros \u00f6sszes futball \u00e9s j\u00e9gkorong siker\u00e9nek. A mv.-i Dinam\u00f3hoz ker\u00fclt, mint edz\u0151-j\u00e1t\u00e9kos (1956\u201357). <br \/><strong>Irod.:<\/strong> Czimbalmos Ferenc-Attila: \u201eEz m\u00e1r nem sport, hanem igazi divatbemutat\u00f3.\u201d (N\u00fa., 1997. okt. 14.); Kl\u00f3sz-Tolok\u00e1n; Kl\u00f3sz 2005; N\u00fa. (1999. j\u00fal. 12.); Mv. t\u00f6rt. 2.; Mv.-i labdar\u00fag\u00e1s; Incze L: Paci, a k\u00e9tlaki sportember = R\u00e1d; Pluh\u00e1r; Weisz S\u00e1ndor: Az Incze testv\u00e9rek (V. Z., 1969. \u00e1pr. 20.)<\/br><\/p>\n","protected":false},"excerpt":{"rendered":"<p>1918., \u2020 1999. j\u00fal.: v\u00e1rosi tisztvisel\u0151., labdar\u00fag\u00f3, j\u00e9gkorongoz\u00f3, edz\u0151. \u2013 Nyolc \u00e9vesen kezdett j\u00e9gkorongozni Mv.-en, p\u00e1rhuzamosan \u00fasztott \u00e9s j\u00e9gkorongozott, futballozott. A Maros labdar\u00fag\u00f3-szakoszt\u00e1ly\u00e1nak t\u00f6rpecsapat\u00e1n\u00e1l kezdte (1928), majd v\u00e9gigj\u00e1rta a rangl\u00e9tr\u00e1t. akt\u00edv tagja volt a MSE labdar\u00fag\u00f3 szakoszt\u00e1ly\u00e1nak, ahol mint k\u00f6z\u00e9pcsat\u00e1r j\u00e1tszott (1928\u2013). Amig az MSE labdar\u00fag\u00f3 szakoszt\u00e1lya sz\u00fcnetelt (1934\u201335) az F.C. Maros-ban j\u00e1tszott. Mv. korcsolyabajnoks\u00e1g\u00e1t [&hellip;]<\/p>\n","protected":false},"featured_media":0,"comment_status":"open","ping_status":"closed","template":"","meta":[],"product_brand":[],"product_cat":[137],"product_tag":[],"class_list":{"0":"post-10426","1":"product","2":"type-product","3":"status-publish","5":"product_cat-maros-megyei-eletrajzi-lexikon","7":"first","8":"instock","9":"shipping-taxable","10":"product-type-simple"},"_links":{"self":[{"href":"https:\/\/uj.adatbank.ro\/lexikon\/wp-json\/wp\/v2\/product\/10426","targetHints":{"allow":["GET"]}}],"collection":[{"href":"https:\/\/uj.adatbank.ro\/lexikon\/wp-json\/wp\/v2\/product"}],"about":[{"href":"https:\/\/uj.adatbank.ro\/lexikon\/wp-json\/wp\/v2\/types\/product"}],"replies":[{"embeddable":true,"href":"https:\/\/uj.adatbank.ro\/lexikon\/wp-json\/wp\/v2\/comments?post=10426"}],"wp:attachment":[{"href":"https:\/\/uj.adatbank.ro\/lexikon\/wp-json\/wp\/v2\/media?parent=10426"}],"wp:term":[{"taxonomy":"product_brand","embeddable":true,"href":"https:\/\/uj.adatbank.ro\/lexikon\/wp-json\/wp\/v2\/product_brand?post=10426"},{"taxonomy":"product_cat","embeddable":true,"href":"https:\/\/uj.adatbank.ro\/lexikon\/wp-json\/wp\/v2\/product_cat?post=10426"},{"taxonomy":"product_tag","embeddable":true,"href":"https:\/\/uj.adatbank.ro\/lexikon\/wp-json\/wp\/v2\/product_tag?post=10426"}],"curies":[{"name":"wp","href":"https:\/\/api.w.org\/{rel}","templated":true}]}}

INCZE László, Paci, Incze II.

<p>1918., † 1999. júl.: városi tisztviselő., labdarúgó, jégkorongozó, edző. – Nyolc évesen kezdett jégkorongozni Mv.-en, párhuzamosan úsztott és jégkorongozott, futballozott. A Maros labdarúgó-szakosztályának törpecsapatánál kezdte (1928), majd végigjárta a ranglétrát. aktív tagja volt a MSE labdarúgó szakosztályának, ahol mint középcsatár játszott (1928–). Amig az MSE labdarúgó szakosztálya szünetelt (1934–35) az F.C. Maros-ban játszott. Mv. korcsolyabajnokságát nyerte meg (1938). Két évig leigazolt játékossa volt a nagyváradi NAC-nak (1941–42). Jégkorongozott is Sepsiszentgyörgyön, a válogatott tagja volt (1945–53). A labdarúgást 39 évesen (1953) és a jégkorongozást 43 évesen hagyta abba (1957). Mindkét sportágban a válogatottságig vitte az ötvenes években, részesse volt a város összes futball és jégkorong sikerének. A mv.-i Dinamóhoz került, mint edző-játékos (1956–57). <br /><strong>Irod.:</strong> Czimbalmos Ferenc-Attila: „Ez már nem sport, hanem igazi divatbemutató.” (Nú., 1997. okt. 14.); Klósz-Tolokán; Klósz 2005; Nú. (1999. júl. 12.); Mv. tört. 2.; Mv.-i labdarúgás; Incze L: Paci, a kétlaki sportember = Rád; Pluhár; Weisz Sándor: Az Incze testvérek (V. Z., 1969. ápr. 20.)</br></p>

<p>1918., † 1999. júl.: városi tisztviselő., labdarúgó, jégkorongozó, edző. – Nyolc évesen kezdett jégkorongozni Mv.-en, párhuzamosan úsztott és jégkorongozott, futballozott. A Maros labdarúgó-szakosztályának törpecsapatánál kezdte (1928), majd végigjárta a ranglétrát. aktív tagja volt a MSE labdarúgó szakosztályának, ahol mint középcsatár játszott (1928–). Amig az MSE labdarúgó szakosztálya szünetelt (1934–35) az F.C. Maros-ban játszott. Mv. korcsolyabajnokságát [&hellip;]</p>
