{"id":10428,"date":"2025-06-29T13:19:45","date_gmt":"2025-06-29T11:19:45","guid":{"rendered":"https:\/\/uj.adatbank.ro\/lexikon\/termek\/incze-marton-2\/"},"modified":"2025-06-29T13:19:45","modified_gmt":"2025-06-29T11:19:45","slug":"incze-marton-2","status":"publish","type":"product","link":"https:\/\/uj.adatbank.ro\/lexikon\/termek\/incze-marton-2\/","title":{"rendered":"INCZE M\u00e1rton"},"content":{"rendered":"<p>? \u2020\u00a0?: ref. lelk\u00e9sz \u2013 Mez\u0151bergeny\u00e9ben (1783\u20131810) szolg\u00e1lt, az \u0151 idej\u00e9ben kezdt\u00e9k \u00e9p\u00edteni a ma is \u00e1ll\u00f3 templomot (1783\u20131786), amelyhez tornyot is emeltek (1786), de toronyajt\u00f3t csak k\u00e9s\u0151bb kapott (1792). <br \/><strong>Irod.:<\/strong> Mez\u0151bergenye<\/br><\/p>\n","protected":false},"excerpt":{"rendered":"<p>? \u2020\u00a0?: ref. lelk\u00e9sz \u2013 Mez\u0151bergeny\u00e9ben (1783\u20131810) szolg\u00e1lt, az \u0151 idej\u00e9ben kezdt\u00e9k \u00e9p\u00edteni a ma is \u00e1ll\u00f3 templomot (1783\u20131786), amelyhez tornyot is emeltek (1786), de toronyajt\u00f3t csak k\u00e9s\u0151bb kapott (1792). Irod.: Mez\u0151bergenye<\/p>\n","protected":false},"featured_media":0,"comment_status":"open","ping_status":"closed","template":"","meta":[],"product_brand":[],"product_cat":[137],"product_tag":[],"class_list":{"0":"post-10428","1":"product","2":"type-product","3":"status-publish","5":"product_cat-maros-megyei-eletrajzi-lexikon","7":"first","8":"instock","9":"shipping-taxable","10":"product-type-simple"},"_links":{"self":[{"href":"https:\/\/uj.adatbank.ro\/lexikon\/wp-json\/wp\/v2\/product\/10428","targetHints":{"allow":["GET"]}}],"collection":[{"href":"https:\/\/uj.adatbank.ro\/lexikon\/wp-json\/wp\/v2\/product"}],"about":[{"href":"https:\/\/uj.adatbank.ro\/lexikon\/wp-json\/wp\/v2\/types\/product"}],"replies":[{"embeddable":true,"href":"https:\/\/uj.adatbank.ro\/lexikon\/wp-json\/wp\/v2\/comments?post=10428"}],"wp:attachment":[{"href":"https:\/\/uj.adatbank.ro\/lexikon\/wp-json\/wp\/v2\/media?parent=10428"}],"wp:term":[{"taxonomy":"product_brand","embeddable":true,"href":"https:\/\/uj.adatbank.ro\/lexikon\/wp-json\/wp\/v2\/product_brand?post=10428"},{"taxonomy":"product_cat","embeddable":true,"href":"https:\/\/uj.adatbank.ro\/lexikon\/wp-json\/wp\/v2\/product_cat?post=10428"},{"taxonomy":"product_tag","embeddable":true,"href":"https:\/\/uj.adatbank.ro\/lexikon\/wp-json\/wp\/v2\/product_tag?post=10428"}],"curies":[{"name":"wp","href":"https:\/\/api.w.org\/{rel}","templated":true}]}}