{"id":10430,"date":"2025-06-29T13:19:48","date_gmt":"2025-06-29T11:19:48","guid":{"rendered":"https:\/\/uj.adatbank.ro\/lexikon\/termek\/incze-marton-kisgorgenyi\/"},"modified":"2025-06-29T13:19:48","modified_gmt":"2025-06-29T11:19:48","slug":"incze-marton-kisgorgenyi","status":"publish","type":"product","link":"https:\/\/uj.adatbank.ro\/lexikon\/termek\/incze-marton-kisgorgenyi\/","title":{"rendered":"INCZE M\u00e1rton, kisg\u00f6rg\u00e9nyi"},"content":{"rendered":"<p>? \u2020\u00a0?: ref. lelk\u00e9sz. \u2013 Feles\u00e9ge: Gyirgyai Erzs\u00e9bet. Fiaik: Mih\u00e1ly, J\u00e1nos, M\u00e1rton. \u2013 A ny\u00e1r\u00e1dszentbenedeki ref. egyh\u00e1zk\u00f6zs\u00e9g lelk\u00e9sze (1636). Ekkor Toldalagi Mih\u00e1ly javaslat\u00e1ra, \u0151t, feles\u00e9g\u00e9t \u00e9s fiait I. R\u00e1k\u00f3czi Gy\u00f6rgy a l\u00f3f\u0151sz\u00e9kelys\u00e9gb\u0151l kiemelte, nemes\u00edtette, c\u00edmerrel aj\u00e1nd\u00e9kozta meg \u00e9s az \u00e1kosfalvi h\u00e1z\u00e1t minden ad\u00f3t\u00f3l \u00e9s k\u00f6ztehert\u0151l mentes\u00edtette (1636. j\u00fal. 16.). <br \/><strong>Irod.:<\/strong> Kempelen; Ny\u00e1r\u00e1dszentbenedek; S\u00e1ndor Imre; \u00daIL<\/br><\/p>\n","protected":false},"excerpt":{"rendered":"<p>? \u2020\u00a0?: ref. lelk\u00e9sz. \u2013 Feles\u00e9ge: Gyirgyai Erzs\u00e9bet. Fiaik: Mih\u00e1ly, J\u00e1nos, M\u00e1rton. \u2013 A ny\u00e1r\u00e1dszentbenedeki ref. egyh\u00e1zk\u00f6zs\u00e9g lelk\u00e9sze (1636). Ekkor Toldalagi Mih\u00e1ly javaslat\u00e1ra, \u0151t, feles\u00e9g\u00e9t \u00e9s fiait I. R\u00e1k\u00f3czi Gy\u00f6rgy a l\u00f3f\u0151sz\u00e9kelys\u00e9gb\u0151l kiemelte, nemes\u00edtette, c\u00edmerrel aj\u00e1nd\u00e9kozta meg \u00e9s az \u00e1kosfalvi h\u00e1z\u00e1t minden ad\u00f3t\u00f3l \u00e9s k\u00f6ztehert\u0151l mentes\u00edtette (1636. j\u00fal. 16.). Irod.: Kempelen; Ny\u00e1r\u00e1dszentbenedek; S\u00e1ndor Imre; \u00daIL<\/p>\n","protected":false},"featured_media":0,"comment_status":"open","ping_status":"closed","template":"","meta":[],"product_brand":[],"product_cat":[137],"product_tag":[],"class_list":{"0":"post-10430","1":"product","2":"type-product","3":"status-publish","5":"product_cat-maros-megyei-eletrajzi-lexikon","7":"first","8":"instock","9":"shipping-taxable","10":"product-type-simple"},"_links":{"self":[{"href":"https:\/\/uj.adatbank.ro\/lexikon\/wp-json\/wp\/v2\/product\/10430","targetHints":{"allow":["GET"]}}],"collection":[{"href":"https:\/\/uj.adatbank.ro\/lexikon\/wp-json\/wp\/v2\/product"}],"about":[{"href":"https:\/\/uj.adatbank.ro\/lexikon\/wp-json\/wp\/v2\/types\/product"}],"replies":[{"embeddable":true,"href":"https:\/\/uj.adatbank.ro\/lexikon\/wp-json\/wp\/v2\/comments?post=10430"}],"wp:attachment":[{"href":"https:\/\/uj.adatbank.ro\/lexikon\/wp-json\/wp\/v2\/media?parent=10430"}],"wp:term":[{"taxonomy":"product_brand","embeddable":true,"href":"https:\/\/uj.adatbank.ro\/lexikon\/wp-json\/wp\/v2\/product_brand?post=10430"},{"taxonomy":"product_cat","embeddable":true,"href":"https:\/\/uj.adatbank.ro\/lexikon\/wp-json\/wp\/v2\/product_cat?post=10430"},{"taxonomy":"product_tag","embeddable":true,"href":"https:\/\/uj.adatbank.ro\/lexikon\/wp-json\/wp\/v2\/product_tag?post=10430"}],"curies":[{"name":"wp","href":"https:\/\/api.w.org\/{rel}","templated":true}]}}

INCZE Márton, kisgörgényi

<p>? † ?: ref. lelkész. – Felesége: Gyirgyai Erzsébet. Fiaik: Mihály, János, Márton. – A nyárádszentbenedeki ref. egyházközség lelkésze (1636). Ekkor Toldalagi Mihály javaslatára, őt, feleségét és fiait I. Rákóczi György a lófőszékelységből kiemelte, nemesítette, címerrel ajándékozta meg és az ákosfalvi házát minden adótól és köztehertől mentesítette (1636. júl. 16.). <br /><strong>Irod.:</strong> Kempelen; Nyárádszentbenedek; Sándor Imre; ÚIL</br></p>

<p>? † ?: ref. lelkész. – Felesége: Gyirgyai Erzsébet. Fiaik: Mihály, János, Márton. – A nyárádszentbenedeki ref. egyházközség lelkésze (1636). Ekkor Toldalagi Mihály javaslatára, őt, feleségét és fiait I. Rákóczi György a lófőszékelységből kiemelte, nemesítette, címerrel ajándékozta meg és az ákosfalvi házát minden adótól és köztehertől mentesítette (1636. júl. 16.). Irod.: Kempelen; Nyárádszentbenedek; Sándor Imre; ÚIL</p>
