{"id":10436,"date":"2025-06-29T13:19:58","date_gmt":"2025-06-29T11:19:58","guid":{"rendered":"https:\/\/uj.adatbank.ro\/lexikon\/termek\/incze-sandor\/"},"modified":"2025-06-29T13:19:58","modified_gmt":"2025-06-29T11:19:58","slug":"incze-sandor","status":"publish","type":"product","link":"https:\/\/uj.adatbank.ro\/lexikon\/termek\/incze-sandor\/","title":{"rendered":"INCZE S\u00e1ndor"},"content":{"rendered":"<p>Brass\u00f3, 1925. aug. 11., \u2020\u00a0?: orvos, belgy\u00f3gy\u00e1sz. \u2013 A sepsiszentgy\u00f6rgyi Sz\u00e9kely Mik\u00f3 Koll. -ban \u00e9retts\u00e9gizett (1944); a MOGYI-n \u00e1ltal\u00e1nos orvosi oklevelet szerzett (1950); doktor\u00e1lt (1962). az RSZK Akad. -ja biom\u00e9rn\u00f6ki k\u00f6r\u00e9nek tagja. A MOGYI \u00c9lettani- T\u00e1pl\u00e1lkoz\u00e1stani Tansz\u00e9k\u00e9nek gyakornoka (1946\u201350); ill. az 1. sz. Belgy\u00f3gy\u00e1szati Klinik\u00e1n tan\u00e1rseg\u00e9d (1950\u201354). A mv.-i Orvosegyes\u00fclet \u00c9lettani Int\u00e9zet\u00e9ben Ob\u00e1l Ferenccel k\u00e9sz\u00fclt dolgozata megjelent az Acta Phisiol. Acad. Sc. Hung (1955). Brass\u00f3ban az 1. sz. Belgy\u00f3gy\u00e1szat szakorvosa (1954\u201357), k\u00f3rh\u00e1zi belgy\u00f3gy\u00e1szati oszt. szakorvos (1957\u201362), f\u0151orvos (1969\u2013), a 3. sz. belgy\u00f3gy\u00e1szati oszt\u00e1ly vezet\u0151je (1972\u2013) Kutat\u00e1si ter\u00fclete: a kering\u00e9si rendszer betegs\u00e9gei. N\u00e9pszer\u0171s\u00edt\u0151 cikkeit a t\u00e1pl\u00e1lkoz\u00e1sr\u00f3l, fek\u00e9lybetegs\u00e9gr\u0151l, magas v\u00e9rnyom\u00e1sr\u00f3l, az El\u0151re, Steagul Rosu, Brass\u00f3i Lapok k\u00f6z\u00f6lt\u00e9k. Szakcikkei hazai rom\u00e1n m., magyaro.-i \u00e9s belgiumi szaklapokban jelentek meg: Orvosi Szemle, Via\u0163a Medical\u0103, Medicina Intern\u0103, EME Orvostudom\u00e1nyi Szakoszt\u00e1ly\u00e1nak \u00c9rtes\u00edt\u0151je, Orvosi Hetilap, Acta Physiologica. \u2013 <strong>F. m.:<\/strong> Az emberi test 2. k. (Bp., 1986). <br \/><strong>Irod.:<\/strong> Genersich; RMIL; KKACs<\/br><\/p>\n","protected":false},"excerpt":{"rendered":"<p>Brass\u00f3, 1925. aug. 11., \u2020\u00a0?: orvos, belgy\u00f3gy\u00e1sz. \u2013 A sepsiszentgy\u00f6rgyi Sz\u00e9kely Mik\u00f3 Koll. -ban \u00e9retts\u00e9gizett (1944); a MOGYI-n \u00e1ltal\u00e1nos orvosi oklevelet szerzett (1950); doktor\u00e1lt (1962). az RSZK Akad. -ja biom\u00e9rn\u00f6ki k\u00f6r\u00e9nek tagja. A MOGYI \u00c9lettani- T\u00e1pl\u00e1lkoz\u00e1stani Tansz\u00e9k\u00e9nek gyakornoka (1946\u201350); ill. az 1. sz. Belgy\u00f3gy\u00e1szati Klinik\u00e1n tan\u00e1rseg\u00e9d (1950\u201354). A mv.-i Orvosegyes\u00fclet \u00c9lettani Int\u00e9zet\u00e9ben Ob\u00e1l Ferenccel k\u00e9sz\u00fclt [&hellip;]<\/p>\n","protected":false},"featured_media":0,"comment_status":"open","ping_status":"closed","template":"","meta":[],"product_brand":[],"product_cat":[137],"product_tag":[],"class_list":{"0":"post-10436","1":"product","2":"type-product","3":"status-publish","5":"product_cat-maros-megyei-eletrajzi-lexikon","7":"first","8":"instock","9":"shipping-taxable","10":"product-type-simple"},"_links":{"self":[{"href":"https:\/\/uj.adatbank.ro\/lexikon\/wp-json\/wp\/v2\/product\/10436","targetHints":{"allow":["GET"]}}],"collection":[{"href":"https:\/\/uj.adatbank.ro\/lexikon\/wp-json\/wp\/v2\/product"}],"about":[{"href":"https:\/\/uj.adatbank.ro\/lexikon\/wp-json\/wp\/v2\/types\/product"}],"replies":[{"embeddable":true,"href":"https:\/\/uj.adatbank.ro\/lexikon\/wp-json\/wp\/v2\/comments?post=10436"}],"wp:attachment":[{"href":"https:\/\/uj.adatbank.ro\/lexikon\/wp-json\/wp\/v2\/media?parent=10436"}],"wp:term":[{"taxonomy":"product_brand","embeddable":true,"href":"https:\/\/uj.adatbank.ro\/lexikon\/wp-json\/wp\/v2\/product_brand?post=10436"},{"taxonomy":"product_cat","embeddable":true,"href":"https:\/\/uj.adatbank.ro\/lexikon\/wp-json\/wp\/v2\/product_cat?post=10436"},{"taxonomy":"product_tag","embeddable":true,"href":"https:\/\/uj.adatbank.ro\/lexikon\/wp-json\/wp\/v2\/product_tag?post=10436"}],"curies":[{"name":"wp","href":"https:\/\/api.w.org\/{rel}","templated":true}]}}

INCZE Sándor

<p>Brassó, 1925. aug. 11., † ?: orvos, belgyógyász. – A sepsiszentgyörgyi Székely Mikó Koll. -ban érettségizett (1944); a MOGYI-n általános orvosi oklevelet szerzett (1950); doktorált (1962). az RSZK Akad. -ja biomérnöki körének tagja. A MOGYI Élettani- Táplálkozástani Tanszékének gyakornoka (1946–50); ill. az 1. sz. Belgyógyászati Klinikán tanársegéd (1950–54). A mv.-i Orvosegyesület Élettani Intézetében Obál Ferenccel készült dolgozata megjelent az Acta Phisiol. Acad. Sc. Hung (1955). Brassóban az 1. sz. Belgyógyászat szakorvosa (1954–57), kórházi belgyógyászati oszt. szakorvos (1957–62), főorvos (1969–), a 3. sz. belgyógyászati osztály vezetője (1972–) Kutatási területe: a keringési rendszer betegségei. Népszerűsítő cikkeit a táplálkozásról, fekélybetegségről, magas vérnyomásról, az Előre, Steagul Rosu, Brassói Lapok közölték. Szakcikkei hazai román m., magyaro.-i és belgiumi szaklapokban jelentek meg: Orvosi Szemle, Viaţa Medicală, Medicina Internă, EME Orvostudományi Szakosztályának Értesítője, Orvosi Hetilap, Acta Physiologica. – <strong>F. m.:</strong> Az emberi test 2. k. (Bp., 1986). <br /><strong>Irod.:</strong> Genersich; RMIL; KKACs</br></p>

<p>Brassó, 1925. aug. 11., † ?: orvos, belgyógyász. – A sepsiszentgyörgyi Székely Mikó Koll. -ban érettségizett (1944); a MOGYI-n általános orvosi oklevelet szerzett (1950); doktorált (1962). az RSZK Akad. -ja biomérnöki körének tagja. A MOGYI Élettani- Táplálkozástani Tanszékének gyakornoka (1946–50); ill. az 1. sz. Belgyógyászati Klinikán tanársegéd (1950–54). A mv.-i Orvosegyesület Élettani Intézetében Obál Ferenccel készült [&hellip;]</p>
