{"id":10439,"date":"2025-06-29T13:20:06","date_gmt":"2025-06-29T11:20:06","guid":{"rendered":"https:\/\/uj.adatbank.ro\/lexikon\/termek\/inczedy-jozsef-nagyvaradi-josinczy-jozsef-br\/"},"modified":"2025-06-29T13:20:06","modified_gmt":"2025-06-29T11:20:06","slug":"inczedy-jozsef-nagyvaradi-josinczy-jozsef-br","status":"publish","type":"product","link":"https:\/\/uj.adatbank.ro\/lexikon\/termek\/inczedy-jozsef-nagyvaradi-josinczy-jozsef-br\/","title":{"rendered":"INCZ\u00c9DY J\u00f3zsef, nagyv\u00e1radi; Josinczy J\u00f3zsef br."},"content":{"rendered":"<p>Zebernyik v\u00e1ra, 1668. okt. 2., \u2020 Marosszentkir\u00e1ly, 1750. dec. 7.: jog\u00e1sz, \u00edr\u00f3, m\u0171ford\u00edt\u00f3. \u2013 Feles\u00e9ge: J\u00f3sika Judit. Nev\u00e9t saj\u00e1t \u00e9s feles\u00e9ge nev\u00e9b\u0151l Josinczyra v\u00e1ltoztatta, amikor b\u00e1r\u00f3s\u00e1got kapott (1750). \u2013 A nagyenyedi Koll. -ban tanult. T\u00f6bb \u00e9vig volt a f\u0151konzistorium f\u0151jegyz\u0151je, a nagyenyedi Koll. kur\u00e1tora (1718). Erd\u00e9ly \u00edt\u00e9l\u0151mestere (1736\u2013). Szathm\u00e1ri Pap Zsigmond \u00e9s Verest\u00f3i Gy\u00f6rgy tartottak pr\u00e9dik\u00e1ci\u00f3t felette, az \u00faj\u00f3lag \u00e9p\u00fclt mauz\u00f3leumba temet\u00e9sekor (1751. j\u00fan. 6.). A pr\u00e9dik\u00e1ci\u00f3t Kv.-on nyomtatt\u00e1k ki (1753). K\u00e9t elm\u00e9lked\u00e9sgy\u0171jtem\u00e9nyt ford\u00edtott n\u00e9metb\u0151l. \u2013 <strong>F. m.:<\/strong> Philosophia in ill colegii reformatorum Albani-Enyedensi restaurata, quam auspicatus est. dum ad philosophiae et mathematumprofessiones clar. Ac. doct. D. Stephanum T\u0151ke V\u00e1s\u00e1rhely, solenni inauguratione praesentasset (Claudiopoli, 1726); Oratio de instauranda philosophia (Kv., 1729); Dissertatiuncula de Annis Jubilaeis &#038; Calendario manuali (Nagyszeben, 1750); Levele Marosszentkir\u00e1lyr\u00f3l (1875); <strong>ford.:<\/strong> Liliomok v\u00f6lgye. Az \u00f6tven szent elm\u00e9lked\u00e9sek, Gerh\u00e1rd J\u00e1nos ut\u00e1n (Nagyszeben, 1745; h. n. 3. kiad. 1794); A vil\u00e1g hi\u00fas\u00e1g\u00e1r\u00f3l val\u00f3 elm\u00e9lked\u00e9sek [Johann Gerhard ut\u00e1n ford. ] (Kv., 1748); <strong>K\u00e9ziratban:<\/strong> Jurista Transylvanicus: jogi tanulm\u00e1ny. <br \/><strong>Irod.:<\/strong> M\u00c9L; MAM\u0170L; RNL; R\u00f3th: Sz\u00fcletett nyelv\u00fcnk\u00f6n; S\u00e1muel Alad\u00e1r: Fels\u0151cserb\u00e1toni Bod P\u00e9ter \u00e9lete \u00e9s m\u0171vei (Bp., 1899); Szinnyei, Szinnyei J.; Tr\u00f3cs\u00e1nyi 1988; \u00daM\u00c9L<\/br><\/p>\n","protected":false},"excerpt":{"rendered":"<p>Zebernyik v\u00e1ra, 1668. okt. 2., \u2020 Marosszentkir\u00e1ly, 1750. dec. 7.: jog\u00e1sz, \u00edr\u00f3, m\u0171ford\u00edt\u00f3. \u2013 Feles\u00e9ge: J\u00f3sika Judit. Nev\u00e9t saj\u00e1t \u00e9s feles\u00e9ge nev\u00e9b\u0151l Josinczyra v\u00e1ltoztatta, amikor b\u00e1r\u00f3s\u00e1got kapott (1750). \u2013 A nagyenyedi Koll. -ban tanult. T\u00f6bb \u00e9vig volt a f\u0151konzistorium f\u0151jegyz\u0151je, a nagyenyedi Koll. kur\u00e1tora (1718). Erd\u00e9ly \u00edt\u00e9l\u0151mestere (1736\u2013). Szathm\u00e1ri Pap Zsigmond \u00e9s Verest\u00f3i Gy\u00f6rgy tartottak [&hellip;]<\/p>\n","protected":false},"featured_media":0,"comment_status":"open","ping_status":"closed","template":"","meta":[],"product_brand":[],"product_cat":[137],"product_tag":[],"class_list":{"0":"post-10439","1":"product","2":"type-product","3":"status-publish","5":"product_cat-maros-megyei-eletrajzi-lexikon","7":"first","8":"instock","9":"shipping-taxable","10":"product-type-simple"},"_links":{"self":[{"href":"https:\/\/uj.adatbank.ro\/lexikon\/wp-json\/wp\/v2\/product\/10439","targetHints":{"allow":["GET"]}}],"collection":[{"href":"https:\/\/uj.adatbank.ro\/lexikon\/wp-json\/wp\/v2\/product"}],"about":[{"href":"https:\/\/uj.adatbank.ro\/lexikon\/wp-json\/wp\/v2\/types\/product"}],"replies":[{"embeddable":true,"href":"https:\/\/uj.adatbank.ro\/lexikon\/wp-json\/wp\/v2\/comments?post=10439"}],"wp:attachment":[{"href":"https:\/\/uj.adatbank.ro\/lexikon\/wp-json\/wp\/v2\/media?parent=10439"}],"wp:term":[{"taxonomy":"product_brand","embeddable":true,"href":"https:\/\/uj.adatbank.ro\/lexikon\/wp-json\/wp\/v2\/product_brand?post=10439"},{"taxonomy":"product_cat","embeddable":true,"href":"https:\/\/uj.adatbank.ro\/lexikon\/wp-json\/wp\/v2\/product_cat?post=10439"},{"taxonomy":"product_tag","embeddable":true,"href":"https:\/\/uj.adatbank.ro\/lexikon\/wp-json\/wp\/v2\/product_tag?post=10439"}],"curies":[{"name":"wp","href":"https:\/\/api.w.org\/{rel}","templated":true}]}}

INCZÉDY József, nagyváradi; Josinczy József br.

<p>Zebernyik vára, 1668. okt. 2., † Marosszentkirály, 1750. dec. 7.: jogász, író, műfordító. – Felesége: Jósika Judit. Nevét saját és felesége nevéből Josinczyra változtatta, amikor báróságot kapott (1750). – A nagyenyedi Koll. -ban tanult. Több évig volt a főkonzistorium főjegyzője, a nagyenyedi Koll. kurátora (1718). Erdély ítélőmestere (1736–). Szathmári Pap Zsigmond és Verestói György tartottak prédikációt felette, az újólag épült mauzóleumba temetésekor (1751. jún. 6.). A prédikációt Kv.-on nyomtatták ki (1753). Két elmélkedésgyűjteményt fordított németből. – <strong>F. m.:</strong> Philosophia in ill colegii reformatorum Albani-Enyedensi restaurata, quam auspicatus est. dum ad philosophiae et mathematumprofessiones clar. Ac. doct. D. Stephanum Tőke Vásárhely, solenni inauguratione praesentasset (Claudiopoli, 1726); Oratio de instauranda philosophia (Kv., 1729); Dissertatiuncula de Annis Jubilaeis &#038; Calendario manuali (Nagyszeben, 1750); Levele Marosszentkirályról (1875); <strong>ford.:</strong> Liliomok völgye. Az ötven szent elmélkedések, Gerhárd János után (Nagyszeben, 1745; h. n. 3. kiad. 1794); A világ hiúságáról való elmélkedések [Johann Gerhard után ford. ] (Kv., 1748); <strong>Kéziratban:</strong> Jurista Transylvanicus: jogi tanulmány. <br /><strong>Irod.:</strong> MÉL; MAMŰL; RNL; Róth: Született nyelvünkön; Sámuel Aladár: Felsőcserbátoni Bod Péter élete és művei (Bp., 1899); Szinnyei, Szinnyei J.; Trócsányi 1988; ÚMÉL</br></p>

<p>Zebernyik vára, 1668. okt. 2., † Marosszentkirály, 1750. dec. 7.: jogász, író, műfordító. – Felesége: Jósika Judit. Nevét saját és felesége nevéből Josinczyra változtatta, amikor báróságot kapott (1750). – A nagyenyedi Koll. -ban tanult. Több évig volt a főkonzistorium főjegyzője, a nagyenyedi Koll. kurátora (1718). Erdély ítélőmestere (1736–). Szathmári Pap Zsigmond és Verestói György tartottak [&hellip;]</p>
