{"id":10441,"date":"2025-06-29T13:20:09","date_gmt":"2025-06-29T11:20:09","guid":{"rendered":"https:\/\/uj.adatbank.ro\/lexikon\/termek\/inczefi-geza-inczefy-geza\/"},"modified":"2025-06-29T13:20:09","modified_gmt":"2025-06-29T11:20:09","slug":"inczefi-geza-inczefy-geza","status":"publish","type":"product","link":"https:\/\/uj.adatbank.ro\/lexikon\/termek\/inczefi-geza-inczefy-geza\/","title":{"rendered":"INCZEFI G\u00e9za, Inczefy G\u00e9za"},"content":{"rendered":"<p>Sz\u00e1szr\u00e9gen, 1906. j\u00fal. 12., \u2020 Szeged., 1974. \u00e1pr. 10.: tan\u00e1r, nyelv\u00e9sz. \u2013 Sz\u00e1szr\u00e9genben \u00e9s Mv.-en tanult. A szegedi Ferenc J\u00f3zsef TE-en m. szakos tan\u00e1ri okl. (1935), b\u00f6lcs\u00e9szdoktori okl. szerzett (1938), a nyelv\u00e9szeti tud. -ok kandid\u00e1tusa (1946). Tan\u00edtani kezdett (1938\u201340) a mak\u00f3i Csan\u00e1d vez\u00e9r Gimn. -ban mint magyar-n\u00e9met szakos tan\u00e1r; Nasz\u00f3don, a rom\u00e1n tannyelv\u0171 \u00e1ll. gimn. -ban tan\u00e1r (1940\u201345); majd Szegeden k\u00f6z\u00e9pisk. tan\u00e1r (1945\u20131953), a Szegedi Pedag\u00f3giai F\u0151isk., ill. a Szegedi Tan\u00e1rk\u00e9pz\u0151 F\u0151isk. M. Nyelv\u00e9szeti Tansz\u00e9k adjunktusa (1953\u201357), docense (1957\u201365), f\u0151isk. tan\u00e1ra (1965\u201373); a tansz\u00e9k vezet\u0151je (1956\u201373). N\u00e9vtudom\u00e1nnyal, a f\u00f6ldrajzi nevek etimol\u00f3gi\u00e1j\u00e1val foglalkozott. \u00d6sszegy\u0171jt\u00f6tte Szeged \u00e9s Mak\u00f3 k\u00f6rny\u00e9k\u00e9nek f\u00f6ldrajzi neveit. Nyelvhelyess\u00e9gi \u00e9s m\u0171vel\u0151d\u00e9st\u00f6rt\u00e9neti tev\u00e9kenys\u00e9ge is jelent\u0151s. A MTA Nyelvtud. Munkabizotts\u00e1g\u00e1nak tagja volt. \u2013 <strong>F. m.:<\/strong> Abaf\u00e1ja \u00e9s vid\u00e9k\u00e9nek nyelvj\u00e1r\u00e1sa. Egy doktori \u00e9rtekez\u00e9s is. (Bp., 1938, 1939); Szeged k\u00f6rny\u00e9k\u00e9nek f\u00f6ldrajzi nevei (Bp., 1960); Jel\u0151l\u00e9st\u00e1gul\u00e1ssal keletkezett f\u00f6ldrajzi nevek n\u00e9h\u00e9ny saj\u00e1tos t\u00edpusa (Magyar Nyelv\u0151r, 1968); F\u00f6ldrajzi nevek n\u00e9vtudom\u00e1nyi vizsg\u00e1lata Mak\u00f3 k\u00f6rny\u00e9k\u00e9nek f\u00f6ldrajzi nevei alapj\u00e1n (Bp., 1970); A m. nyelv fejl\u0151d\u00e9st\u00f6rt\u00e9nete (Bp., 1971); A metaf\u00f3rikus alakmeghat\u00e1roz\u00e1s m\u00f3djai h\u00e1tt\u00e9rneveinkben (Magyar Nyelv\u0151r, 1971); Nyelvt\u00f6rt\u00e9neti sz\u00f6veg- \u00e9s tanulm\u00e1nygy\u0171jtem\u00e9ny (Bp., 1972). <br \/><strong>Irod.:<\/strong> Guly\u00e1s; M\u00c9L; R\u00daL<\/br><\/p>\n","protected":false},"excerpt":{"rendered":"<p>Sz\u00e1szr\u00e9gen, 1906. j\u00fal. 12., \u2020 Szeged., 1974. \u00e1pr. 10.: tan\u00e1r, nyelv\u00e9sz. \u2013 Sz\u00e1szr\u00e9genben \u00e9s Mv.-en tanult. A szegedi Ferenc J\u00f3zsef TE-en m. szakos tan\u00e1ri okl. (1935), b\u00f6lcs\u00e9szdoktori okl. szerzett (1938), a nyelv\u00e9szeti tud. -ok kandid\u00e1tusa (1946). Tan\u00edtani kezdett (1938\u201340) a mak\u00f3i Csan\u00e1d vez\u00e9r Gimn. -ban mint magyar-n\u00e9met szakos tan\u00e1r; Nasz\u00f3don, a rom\u00e1n tannyelv\u0171 \u00e1ll. gimn. [&hellip;]<\/p>\n","protected":false},"featured_media":0,"comment_status":"open","ping_status":"closed","template":"","meta":[],"product_brand":[],"product_cat":[137],"product_tag":[],"class_list":{"0":"post-10441","1":"product","2":"type-product","3":"status-publish","5":"product_cat-maros-megyei-eletrajzi-lexikon","7":"first","8":"instock","9":"shipping-taxable","10":"product-type-simple"},"_links":{"self":[{"href":"https:\/\/uj.adatbank.ro\/lexikon\/wp-json\/wp\/v2\/product\/10441","targetHints":{"allow":["GET"]}}],"collection":[{"href":"https:\/\/uj.adatbank.ro\/lexikon\/wp-json\/wp\/v2\/product"}],"about":[{"href":"https:\/\/uj.adatbank.ro\/lexikon\/wp-json\/wp\/v2\/types\/product"}],"replies":[{"embeddable":true,"href":"https:\/\/uj.adatbank.ro\/lexikon\/wp-json\/wp\/v2\/comments?post=10441"}],"wp:attachment":[{"href":"https:\/\/uj.adatbank.ro\/lexikon\/wp-json\/wp\/v2\/media?parent=10441"}],"wp:term":[{"taxonomy":"product_brand","embeddable":true,"href":"https:\/\/uj.adatbank.ro\/lexikon\/wp-json\/wp\/v2\/product_brand?post=10441"},{"taxonomy":"product_cat","embeddable":true,"href":"https:\/\/uj.adatbank.ro\/lexikon\/wp-json\/wp\/v2\/product_cat?post=10441"},{"taxonomy":"product_tag","embeddable":true,"href":"https:\/\/uj.adatbank.ro\/lexikon\/wp-json\/wp\/v2\/product_tag?post=10441"}],"curies":[{"name":"wp","href":"https:\/\/api.w.org\/{rel}","templated":true}]}}

INCZEFI Géza, Inczefy Géza

<p>Szászrégen, 1906. júl. 12., † Szeged., 1974. ápr. 10.: tanár, nyelvész. – Szászrégenben és Mv.-en tanult. A szegedi Ferenc József TE-en m. szakos tanári okl. (1935), bölcsészdoktori okl. szerzett (1938), a nyelvészeti tud. -ok kandidátusa (1946). Tanítani kezdett (1938–40) a makói Csanád vezér Gimn. -ban mint magyar-német szakos tanár; Naszódon, a román tannyelvű áll. gimn. -ban tanár (1940–45); majd Szegeden középisk. tanár (1945–1953), a Szegedi Pedagógiai Főisk., ill. a Szegedi Tanárképző Főisk. M. Nyelvészeti Tanszék adjunktusa (1953–57), docense (1957–65), főisk. tanára (1965–73); a tanszék vezetője (1956–73). Névtudománnyal, a földrajzi nevek etimológiájával foglalkozott. Összegyűjtötte Szeged és Makó környékének földrajzi neveit. Nyelvhelyességi és művelődéstörténeti tevékenysége is jelentős. A MTA Nyelvtud. Munkabizottságának tagja volt. – <strong>F. m.:</strong> Abafája és vidékének nyelvjárása. Egy doktori értekezés is. (Bp., 1938, 1939); Szeged környékének földrajzi nevei (Bp., 1960); Jelőléstágulással keletkezett földrajzi nevek néhény sajátos típusa (Magyar Nyelvőr, 1968); Földrajzi nevek névtudományi vizsgálata Makó környékének földrajzi nevei alapján (Bp., 1970); A m. nyelv fejlődéstörténete (Bp., 1971); A metafórikus alakmeghatározás módjai háttérneveinkben (Magyar Nyelvőr, 1971); Nyelvtörténeti szöveg- és tanulmánygyűjtemény (Bp., 1972). <br /><strong>Irod.:</strong> Gulyás; MÉL; RÚL</br></p>

<p>Szászrégen, 1906. júl. 12., † Szeged., 1974. ápr. 10.: tanár, nyelvész. – Szászrégenben és Mv.-en tanult. A szegedi Ferenc József TE-en m. szakos tanári okl. (1935), bölcsészdoktori okl. szerzett (1938), a nyelvészeti tud. -ok kandidátusa (1946). Tanítani kezdett (1938–40) a makói Csanád vezér Gimn. -ban mint magyar-német szakos tanár; Naszódon, a román tannyelvű áll. gimn. [&hellip;]</p>
