{"id":10451,"date":"2025-06-29T13:20:29","date_gmt":"2025-06-29T11:20:29","guid":{"rendered":"https:\/\/uj.adatbank.ro\/lexikon\/termek\/ioanovici-ion-joanovics-janos-ioanoviciu-ioan\/"},"modified":"2025-06-29T13:20:29","modified_gmt":"2025-06-29T11:20:29","slug":"ioanovici-ion-joanovics-janos-ioanoviciu-ioan","status":"publish","type":"product","link":"https:\/\/uj.adatbank.ro\/lexikon\/termek\/ioanovici-ion-joanovics-janos-ioanoviciu-ioan\/","title":{"rendered":"IOANOVICI Ion, Joanovics J\u00e1nos, Ioanoviciu Ioan"},"content":{"rendered":"<p>B\u00fan, 1884. j\u00fan. 19., \u2020\u00a0Segesv\u00e1r, 1951. jan. 17.: \u00fcgyv\u00e9d, politikus. \u2013 Az elemi iskol\u00e1t Segesv\u00e1ron, a gimn. -ot Sz\u00e9kelyudvarhelyen v\u00e9gezte. Kv.-on tanul, a FJTE-en Jogi \u00e9s T\u00e1rsadalomtudom\u00e1nyi kar\u00e1n (1904\u201307), majd a Kir. Kereskedelmi Akad. -\u00e1n (1907\u201308). A jogtudom\u00e1nyok doktora (Kv., 1910. m\u00e1rc. 19.). \u00dcgyv\u00e9di irod\u00e1t nyitott Segesv\u00e1ron. Seg\u00edtette a r\u00e1szorul\u00f3kat. R\u00e9szt vett a gyulafeh\u00e9rv\u00e1ri nagygy\u0171l\u00e9sen Segesv\u00e1r hivatalos k\u00fcld\u00f6ttek\u00e9nt (1918. dec. 1.). Nagyk\u00fck\u00fcll\u0151 megye jogtan\u00e1csosa, f\u0151jogtan\u00e1csosa, a jogi iroda vezet\u0151je, aleln\u00f6k a Fr\u0103\u0163ia Gazdas\u00e1gi \u00e9s Hitelint\u00e9zet vezet\u0151s\u00e9gi tan\u00e1cs\u00e1ban, a segesv\u00e1ri Banca Rom\u00e2n\u0103 sz\u00e9kelyudvarhelyi fi\u00f3kj\u00e1n\u00e1l (1939). Tagja a N\u00e9pp\u00e1rtnak, majd a Nemzeti \u00dajj\u00e1sz\u00fclet\u00e9si Frontnak (1938). Segesv\u00e1r polg\u00e1rmestere (1939\u201340). A rom\u00e1n nemzeti \u00e9rfekek k\u00f6vetkezetes k\u00e9pvisel\u0151je, nem csorb\u00edtva a kisebbs\u00e9gi jogokat. <br \/><strong>Irod.:<\/strong> Bosoanc\u0103; Sigmirean; Todea 2013<\/br><\/p>\n","protected":false},"excerpt":{"rendered":"<p>B\u00fan, 1884. j\u00fan. 19., \u2020\u00a0Segesv\u00e1r, 1951. jan. 17.: \u00fcgyv\u00e9d, politikus. \u2013 Az elemi iskol\u00e1t Segesv\u00e1ron, a gimn. -ot Sz\u00e9kelyudvarhelyen v\u00e9gezte. Kv.-on tanul, a FJTE-en Jogi \u00e9s T\u00e1rsadalomtudom\u00e1nyi kar\u00e1n (1904\u201307), majd a Kir. Kereskedelmi Akad. -\u00e1n (1907\u201308). A jogtudom\u00e1nyok doktora (Kv., 1910. m\u00e1rc. 19.). \u00dcgyv\u00e9di irod\u00e1t nyitott Segesv\u00e1ron. Seg\u00edtette a r\u00e1szorul\u00f3kat. R\u00e9szt vett a gyulafeh\u00e9rv\u00e1ri nagygy\u0171l\u00e9sen [&hellip;]<\/p>\n","protected":false},"featured_media":0,"comment_status":"open","ping_status":"closed","template":"","meta":[],"product_brand":[],"product_cat":[137],"product_tag":[],"class_list":{"0":"post-10451","1":"product","2":"type-product","3":"status-publish","5":"product_cat-maros-megyei-eletrajzi-lexikon","7":"first","8":"instock","9":"shipping-taxable","10":"product-type-simple"},"_links":{"self":[{"href":"https:\/\/uj.adatbank.ro\/lexikon\/wp-json\/wp\/v2\/product\/10451","targetHints":{"allow":["GET"]}}],"collection":[{"href":"https:\/\/uj.adatbank.ro\/lexikon\/wp-json\/wp\/v2\/product"}],"about":[{"href":"https:\/\/uj.adatbank.ro\/lexikon\/wp-json\/wp\/v2\/types\/product"}],"replies":[{"embeddable":true,"href":"https:\/\/uj.adatbank.ro\/lexikon\/wp-json\/wp\/v2\/comments?post=10451"}],"wp:attachment":[{"href":"https:\/\/uj.adatbank.ro\/lexikon\/wp-json\/wp\/v2\/media?parent=10451"}],"wp:term":[{"taxonomy":"product_brand","embeddable":true,"href":"https:\/\/uj.adatbank.ro\/lexikon\/wp-json\/wp\/v2\/product_brand?post=10451"},{"taxonomy":"product_cat","embeddable":true,"href":"https:\/\/uj.adatbank.ro\/lexikon\/wp-json\/wp\/v2\/product_cat?post=10451"},{"taxonomy":"product_tag","embeddable":true,"href":"https:\/\/uj.adatbank.ro\/lexikon\/wp-json\/wp\/v2\/product_tag?post=10451"}],"curies":[{"name":"wp","href":"https:\/\/api.w.org\/{rel}","templated":true}]}}

IOANOVICI Ion, Joanovics János, Ioanoviciu Ioan

<p>Bún, 1884. jún. 19., † Segesvár, 1951. jan. 17.: ügyvéd, politikus. – Az elemi iskolát Segesváron, a gimn. -ot Székelyudvarhelyen végezte. Kv.-on tanul, a FJTE-en Jogi és Társadalomtudományi karán (1904–07), majd a Kir. Kereskedelmi Akad. -án (1907–08). A jogtudományok doktora (Kv., 1910. márc. 19.). Ügyvédi irodát nyitott Segesváron. Segítette a rászorulókat. Részt vett a gyulafehérvári nagygyűlésen Segesvár hivatalos küldötteként (1918. dec. 1.). Nagyküküllő megye jogtanácsosa, főjogtanácsosa, a jogi iroda vezetője, alelnök a Frăţia Gazdasági és Hitelintézet vezetőségi tanácsában, a segesvári Banca Română székelyudvarhelyi fiókjánál (1939). Tagja a Néppártnak, majd a Nemzeti Újjászületési Frontnak (1938). Segesvár polgármestere (1939–40). A román nemzeti érfekek következetes képviselője, nem csorbítva a kisebbségi jogokat. <br /><strong>Irod.:</strong> Bosoancă; Sigmirean; Todea 2013</br></p>

<p>Bún, 1884. jún. 19., † Segesvár, 1951. jan. 17.: ügyvéd, politikus. – Az elemi iskolát Segesváron, a gimn. -ot Székelyudvarhelyen végezte. Kv.-on tanul, a FJTE-en Jogi és Társadalomtudományi karán (1904–07), majd a Kir. Kereskedelmi Akad. -án (1907–08). A jogtudományok doktora (Kv., 1910. márc. 19.). Ügyvédi irodát nyitott Segesváron. Segítette a rászorulókat. Részt vett a gyulafehérvári nagygyűlésen [&hellip;]</p>
