{"id":10453,"date":"2025-06-29T13:20:33","date_gmt":"2025-06-29T11:20:33","guid":{"rendered":"https:\/\/uj.adatbank.ro\/lexikon\/termek\/ionescu-alexandrina-%c2%a7-butiulca-alexandrina\/"},"modified":"2025-06-29T13:20:33","modified_gmt":"2025-06-29T11:20:33","slug":"ionescu-alexandrina-%c2%a7-butiulca-alexandrina","status":"publish","type":"product","link":"https:\/\/uj.adatbank.ro\/lexikon\/termek\/ionescu-alexandrina-%c2%a7-butiulca-alexandrina\/","title":{"rendered":"IONESCU Alexandrina, \u00a7 Butiulc\u0103 Alexandrina"},"content":{"rendered":"<p>Buk., 1942. nov. 22., \u2020 Mv.,. 2003. febr. 8.: tan\u00e1r. \u2013 Toldalagon v\u00e9gezte az elemi iskol\u00e1t \u00e9s Mv.-en az \u201dAl. Papiu Ilarian\u201d L\u00edc. -ot (1960). Mv.-en a Ped. F\u0151iskola matematika szak\u00e1n szerzett oklevelet (1965). \u00c9retts\u00e9gi ut\u00e1n h. sz\u00e1mtantan\u00e1r Mez\u0151majoson (1960\u201361), Maross\u00e1rpatkon \u00e9s Pusztaalm\u00e1son (1961\u201362). Mv.-en tan\u00edtott a 11-es (1965\u201366), 9-es (1966\u201369), 16-os iskol\u00e1ban (1969\u2013), ahol iskolaigazgat\u00f3 is volt (1980\u201384 \u00e9s 1989\u201390), a 13-as (1990\u201394) \u00e9s a 4-es (1994\u20132001) \u00c1lt. Iskol\u00e1kban, nyugd\u00edjaz\u00e1sa ut\u00e1n is tan\u00edtott hal\u00e1l\u00e1ig. Tan\u00fcgyi fokozati vizsg\u00e1t letett: II. fokozat (1978), I. -es fokozat (1985). R\u00e9szt vett a kv.-i Tov\u00e1bbk\u00e9pz\u0151 Int\u00e9zet Programozott tan\u00edt\u00e1s c. didaktikai k\u00eds\u00e9rlet\u00e9ben (1976\u201378). A Maros Megyei Tan\u00fcgyi Oszt\u00e1ly\u00e1nak \u00f6nk\u00e9ntes metodist\u00e1ja. A tanul\u00f3k orsz\u00e1gos mat. olimpi\u00e1szain d\u00edcs\u00e9retben volt r\u00e9sze (1988, 1999, 2000, 2001). Munkat\u00e1rsa volt a Gazeta matematic\u0103 c. szaklapnak. Munk\u00e1j\u00e1t K\u00edv\u00e1l\u00f3 tan\u00e1r (\u201eProfesor eviden\u0163iat\u201d) c\u00edmmel jutalmazt\u00e1k (1986). <br \/><strong>Irod.:<\/strong> Dasc\u0103li mure\u015feni, 3.<\/br><\/p>\n","protected":false},"excerpt":{"rendered":"<p>Buk., 1942. nov. 22., \u2020 Mv.,. 2003. febr. 8.: tan\u00e1r. \u2013 Toldalagon v\u00e9gezte az elemi iskol\u00e1t \u00e9s Mv.-en az \u201dAl. Papiu Ilarian\u201d L\u00edc. -ot (1960). Mv.-en a Ped. F\u0151iskola matematika szak\u00e1n szerzett oklevelet (1965). \u00c9retts\u00e9gi ut\u00e1n h. sz\u00e1mtantan\u00e1r Mez\u0151majoson (1960\u201361), Maross\u00e1rpatkon \u00e9s Pusztaalm\u00e1son (1961\u201362). Mv.-en tan\u00edtott a 11-es (1965\u201366), 9-es (1966\u201369), 16-os iskol\u00e1ban (1969\u2013), ahol [&hellip;]<\/p>\n","protected":false},"featured_media":0,"comment_status":"open","ping_status":"closed","template":"","meta":[],"product_brand":[],"product_cat":[137],"product_tag":[],"class_list":{"0":"post-10453","1":"product","2":"type-product","3":"status-publish","5":"product_cat-maros-megyei-eletrajzi-lexikon","7":"first","8":"instock","9":"shipping-taxable","10":"product-type-simple"},"_links":{"self":[{"href":"https:\/\/uj.adatbank.ro\/lexikon\/wp-json\/wp\/v2\/product\/10453","targetHints":{"allow":["GET"]}}],"collection":[{"href":"https:\/\/uj.adatbank.ro\/lexikon\/wp-json\/wp\/v2\/product"}],"about":[{"href":"https:\/\/uj.adatbank.ro\/lexikon\/wp-json\/wp\/v2\/types\/product"}],"replies":[{"embeddable":true,"href":"https:\/\/uj.adatbank.ro\/lexikon\/wp-json\/wp\/v2\/comments?post=10453"}],"wp:attachment":[{"href":"https:\/\/uj.adatbank.ro\/lexikon\/wp-json\/wp\/v2\/media?parent=10453"}],"wp:term":[{"taxonomy":"product_brand","embeddable":true,"href":"https:\/\/uj.adatbank.ro\/lexikon\/wp-json\/wp\/v2\/product_brand?post=10453"},{"taxonomy":"product_cat","embeddable":true,"href":"https:\/\/uj.adatbank.ro\/lexikon\/wp-json\/wp\/v2\/product_cat?post=10453"},{"taxonomy":"product_tag","embeddable":true,"href":"https:\/\/uj.adatbank.ro\/lexikon\/wp-json\/wp\/v2\/product_tag?post=10453"}],"curies":[{"name":"wp","href":"https:\/\/api.w.org\/{rel}","templated":true}]}}

IONESCU Alexandrina, § Butiulcă Alexandrina

<p>Buk., 1942. nov. 22., † Mv.,. 2003. febr. 8.: tanár. – Toldalagon végezte az elemi iskolát és Mv.-en az ”Al. Papiu Ilarian” Líc. -ot (1960). Mv.-en a Ped. Főiskola matematika szakán szerzett oklevelet (1965). Érettségi után h. számtantanár Mezőmajoson (1960–61), Marossárpatkon és Pusztaalmáson (1961–62). Mv.-en tanított a 11-es (1965–66), 9-es (1966–69), 16-os iskolában (1969–), ahol iskolaigazgató is volt (1980–84 és 1989–90), a 13-as (1990–94) és a 4-es (1994–2001) Ált. Iskolákban, nyugdíjazása után is tanított haláláig. Tanügyi fokozati vizsgát letett: II. fokozat (1978), I. -es fokozat (1985). Részt vett a kv.-i Továbbképző Intézet Programozott tanítás c. didaktikai kísérletében (1976–78). A Maros Megyei Tanügyi Osztályának önkéntes metodistája. A tanulók országos mat. olimpiászain dícséretben volt része (1988, 1999, 2000, 2001). Munkatársa volt a Gazeta matematică c. szaklapnak. Munkáját Kíváló tanár („Profesor evidenţiat”) címmel jutalmazták (1986). <br /><strong>Irod.:</strong> Dascăli mureşeni, 3.</br></p>

<p>Buk., 1942. nov. 22., † Mv.,. 2003. febr. 8.: tanár. – Toldalagon végezte az elemi iskolát és Mv.-en az ”Al. Papiu Ilarian” Líc. -ot (1960). Mv.-en a Ped. Főiskola matematika szakán szerzett oklevelet (1965). Érettségi után h. számtantanár Mezőmajoson (1960–61), Marossárpatkon és Pusztaalmáson (1961–62). Mv.-en tanított a 11-es (1965–66), 9-es (1966–69), 16-os iskolában (1969–), ahol [&hellip;]</p>
