{"id":10454,"date":"2025-06-29T13:20:36","date_gmt":"2025-06-29T11:20:36","guid":{"rendered":"https:\/\/uj.adatbank.ro\/lexikon\/termek\/ionescu-eugenia\/"},"modified":"2025-06-29T13:20:36","modified_gmt":"2025-06-29T11:20:36","slug":"ionescu-eugenia","status":"publish","type":"product","link":"https:\/\/uj.adatbank.ro\/lexikon\/termek\/ionescu-eugenia\/","title":{"rendered":"IONESCU Eugenia"},"content":{"rendered":"<p>Buk., 1903, \u2020 ? : zongoram\u0171v\u00e9sz, tan\u00e1r, zenetud\u00f3s. \u2013 Buk. -ben v\u00e9gezte a Konzervat\u00f3riumot (1927), Berlinben tanult (1927\u201331) Robert Teichm\u00fcllern\u00e9l, a Lipcsei Konzervatoriumban szerzett oklevelet (1933). A Mv.-i V\u00e1rosi Konzervat\u00f3rium zongoraoszt\u00e1ly\u00e1nak tan\u00e1r\u00e1v\u00e1 nevezt\u00e9k ki (1935\u201340). Buk. -ben telepedett le (1940); egy \u00e9vvel k\u00e9s\u0151bb a Ciprian Porumbescu Konzervat\u00f3riumba kapott kinevez\u00e9st. Zenetudom\u00e1nyi munkai: Robert Schumann (monografia); Eduard Caudella \u00e9lete \u00e9s m\u0171vei. \u2013 Irod: Zenetudom\u00e1nyi \u00edr\u00e1sok<\/br><\/p>\n","protected":false},"excerpt":{"rendered":"<p>Buk., 1903, \u2020 ? : zongoram\u0171v\u00e9sz, tan\u00e1r, zenetud\u00f3s. \u2013 Buk. -ben v\u00e9gezte a Konzervat\u00f3riumot (1927), Berlinben tanult (1927\u201331) Robert Teichm\u00fcllern\u00e9l, a Lipcsei Konzervatoriumban szerzett oklevelet (1933). A Mv.-i V\u00e1rosi Konzervat\u00f3rium zongoraoszt\u00e1ly\u00e1nak tan\u00e1r\u00e1v\u00e1 nevezt\u00e9k ki (1935\u201340). Buk. -ben telepedett le (1940); egy \u00e9vvel k\u00e9s\u0151bb a Ciprian Porumbescu Konzervat\u00f3riumba kapott kinevez\u00e9st. Zenetudom\u00e1nyi munkai: Robert Schumann (monografia); Eduard [&hellip;]<\/p>\n","protected":false},"featured_media":0,"comment_status":"open","ping_status":"closed","template":"","meta":[],"product_brand":[],"product_cat":[137],"product_tag":[],"class_list":{"0":"post-10454","1":"product","2":"type-product","3":"status-publish","5":"product_cat-maros-megyei-eletrajzi-lexikon","7":"first","8":"instock","9":"shipping-taxable","10":"product-type-simple"},"_links":{"self":[{"href":"https:\/\/uj.adatbank.ro\/lexikon\/wp-json\/wp\/v2\/product\/10454","targetHints":{"allow":["GET"]}}],"collection":[{"href":"https:\/\/uj.adatbank.ro\/lexikon\/wp-json\/wp\/v2\/product"}],"about":[{"href":"https:\/\/uj.adatbank.ro\/lexikon\/wp-json\/wp\/v2\/types\/product"}],"replies":[{"embeddable":true,"href":"https:\/\/uj.adatbank.ro\/lexikon\/wp-json\/wp\/v2\/comments?post=10454"}],"wp:attachment":[{"href":"https:\/\/uj.adatbank.ro\/lexikon\/wp-json\/wp\/v2\/media?parent=10454"}],"wp:term":[{"taxonomy":"product_brand","embeddable":true,"href":"https:\/\/uj.adatbank.ro\/lexikon\/wp-json\/wp\/v2\/product_brand?post=10454"},{"taxonomy":"product_cat","embeddable":true,"href":"https:\/\/uj.adatbank.ro\/lexikon\/wp-json\/wp\/v2\/product_cat?post=10454"},{"taxonomy":"product_tag","embeddable":true,"href":"https:\/\/uj.adatbank.ro\/lexikon\/wp-json\/wp\/v2\/product_tag?post=10454"}],"curies":[{"name":"wp","href":"https:\/\/api.w.org\/{rel}","templated":true}]}}