{"id":10455,"date":"2025-06-29T13:20:37","date_gmt":"2025-06-29T11:20:37","guid":{"rendered":"https:\/\/uj.adatbank.ro\/lexikon\/termek\/ionescu-george-ionescu-gheorghe\/"},"modified":"2025-06-29T13:20:37","modified_gmt":"2025-06-29T11:20:37","slug":"ionescu-george-ionescu-gheorghe","status":"publish","type":"product","link":"https:\/\/uj.adatbank.ro\/lexikon\/termek\/ionescu-george-ionescu-gheorghe\/","title":{"rendered":"IONESCU George, Ionescu Gheorghe"},"content":{"rendered":"<p>1900, \u2020 ? : tan\u00e1r, heged\u0171m\u0171v\u00e9sz. \u2013 Termeszettudom\u00e1nyt hallgatott Buk. -ben, abbahagyta, zenei p\u00e1ly\u00e1ra v\u00e1gyott. P\u00e1rizsba a Schola Cantorumban tanult heged\u0171lni (1927\u201332), Nestor Lejeune tan\u00edtv\u00e1nyak\u00e9nt; ez id\u0151 alatt t\u00f6bb hangversenyt is adott. Maximilian Costin, a V\u00e1rosi Konzervat\u00f3rium akkori igazgat\u00f3ja Mv.-re h\u00edvta heged\u0171tan\u00e1rnak (1934\u201340). Itt tan\u00edtv\u00e1nya volt Balogh Ferenc, akinek k\u00e9s\u0151bb a kv.-i Konzervat\u00f3riumban tan\u00edtv\u00e1nya lett Ruha Istv\u00e1n. A M\u0171vel\u0151d\u00e9si Palot\u00e1ban Olga Costin zongoram\u0171v\u00e9sszel hangversenyezett. Repert\u00f3rium\u00e1ban Wieniawski, Paganini, Beethoven m\u0171vek szerepeltek. Buk. -ben telepedett le, mint a Radi\u00f3 zenei k\u00f6nyvt\u00e1r\u00e1nak vezet\u0151je (1940\u201350-ig). Ezekben az \u00e9vekben t\u00f6bb hangversenye volt a f\u0151v\u00e1rosban, az Athenaeumban is (1947). Nyugd\u00edjaz\u00e1s\u00e1ig a Buk.-i 1. sz. Zenei L\u00edc. heged\u0171tan\u00e1ra volt. <br \/><strong>Irod.:<\/strong> Ni\u0163ulescu, P.: Muzica rom.; S\u00e2rbu; Zenetudom\u00e1nyi \u00edr\u00e1sok<\/br><\/p>\n","protected":false},"excerpt":{"rendered":"<p>1900, \u2020 ? : tan\u00e1r, heged\u0171m\u0171v\u00e9sz. \u2013 Termeszettudom\u00e1nyt hallgatott Buk. -ben, abbahagyta, zenei p\u00e1ly\u00e1ra v\u00e1gyott. P\u00e1rizsba a Schola Cantorumban tanult heged\u0171lni (1927\u201332), Nestor Lejeune tan\u00edtv\u00e1nyak\u00e9nt; ez id\u0151 alatt t\u00f6bb hangversenyt is adott. Maximilian Costin, a V\u00e1rosi Konzervat\u00f3rium akkori igazgat\u00f3ja Mv.-re h\u00edvta heged\u0171tan\u00e1rnak (1934\u201340). Itt tan\u00edtv\u00e1nya volt Balogh Ferenc, akinek k\u00e9s\u0151bb a kv.-i Konzervat\u00f3riumban tan\u00edtv\u00e1nya lett [&hellip;]<\/p>\n","protected":false},"featured_media":0,"comment_status":"open","ping_status":"closed","template":"","meta":[],"product_brand":[],"product_cat":[137],"product_tag":[],"class_list":{"0":"post-10455","1":"product","2":"type-product","3":"status-publish","5":"product_cat-maros-megyei-eletrajzi-lexikon","7":"first","8":"instock","9":"shipping-taxable","10":"product-type-simple"},"_links":{"self":[{"href":"https:\/\/uj.adatbank.ro\/lexikon\/wp-json\/wp\/v2\/product\/10455","targetHints":{"allow":["GET"]}}],"collection":[{"href":"https:\/\/uj.adatbank.ro\/lexikon\/wp-json\/wp\/v2\/product"}],"about":[{"href":"https:\/\/uj.adatbank.ro\/lexikon\/wp-json\/wp\/v2\/types\/product"}],"replies":[{"embeddable":true,"href":"https:\/\/uj.adatbank.ro\/lexikon\/wp-json\/wp\/v2\/comments?post=10455"}],"wp:attachment":[{"href":"https:\/\/uj.adatbank.ro\/lexikon\/wp-json\/wp\/v2\/media?parent=10455"}],"wp:term":[{"taxonomy":"product_brand","embeddable":true,"href":"https:\/\/uj.adatbank.ro\/lexikon\/wp-json\/wp\/v2\/product_brand?post=10455"},{"taxonomy":"product_cat","embeddable":true,"href":"https:\/\/uj.adatbank.ro\/lexikon\/wp-json\/wp\/v2\/product_cat?post=10455"},{"taxonomy":"product_tag","embeddable":true,"href":"https:\/\/uj.adatbank.ro\/lexikon\/wp-json\/wp\/v2\/product_tag?post=10455"}],"curies":[{"name":"wp","href":"https:\/\/api.w.org\/{rel}","templated":true}]}}

<p>1900, † ? : tanár, hegedűművész. – Termeszettudományt hallgatott Buk. -ben, abbahagyta, zenei pályára vágyott. Párizsba a Schola Cantorumban tanult hegedűlni (1927–32), Nestor Lejeune tanítványaként; ez idő alatt több hangversenyt is adott. Maximilian Costin, a Városi Konzervatórium akkori igazgatója Mv.-re hívta hegedűtanárnak (1934–40). Itt tanítványa volt Balogh Ferenc, akinek később a kv.-i Konzervatóriumban tanítványa lett Ruha István. A Művelődési Palotában Olga Costin zongoraművésszel hangversenyezett. Repertóriumában Wieniawski, Paganini, Beethoven művek szerepeltek. Buk. -ben telepedett le, mint a Radió zenei könyvtárának vezetője (1940–50-ig). Ezekben az években több hangversenye volt a fővárosban, az Athenaeumban is (1947). Nyugdíjazásáig a Buk.-i 1. sz. Zenei Líc. hegedűtanára volt. <br /><strong>Irod.:</strong> Niţulescu, P.: Muzica rom.; Sârbu; Zenetudományi írások</br></p>

<p>1900, † ? : tanár, hegedűművész. – Termeszettudományt hallgatott Buk. -ben, abbahagyta, zenei pályára vágyott. Párizsba a Schola Cantorumban tanult hegedűlni (1927–32), Nestor Lejeune tanítványaként; ez idő alatt több hangversenyt is adott. Maximilian Costin, a Városi Konzervatórium akkori igazgatója Mv.-re hívta hegedűtanárnak (1934–40). Itt tanítványa volt Balogh Ferenc, akinek később a kv.-i Konzervatóriumban tanítványa lett [&hellip;]</p>
