{"id":10456,"date":"2025-06-29T13:20:39","date_gmt":"2025-06-29T11:20:39","guid":{"rendered":"https:\/\/uj.adatbank.ro\/lexikon\/termek\/ionescu-margareta\/"},"modified":"2025-06-29T13:20:39","modified_gmt":"2025-06-29T11:20:39","slug":"ionescu-margareta","status":"publish","type":"product","link":"https:\/\/uj.adatbank.ro\/lexikon\/termek\/ionescu-margareta\/","title":{"rendered":"IONESCU Margareta"},"content":{"rendered":"<p>\u00c1gostonfalva, 1925. m\u00e1j. 17. \u2020 ? : fest\u0151m\u0171v\u00e9sz. \u2013 L\u00edc. -t v\u00e9gzett. Tagja a AKMMSz-nek (1979\u2013). Mv.-en r\u00e9szt vett a Sz\u00f6vets\u00e9g \u00e1ltal rendezett csoportos \u00e9s kollekt\u00edv ki\u00e1ll\u00edt\u00e1sain. III. d\u00edjat nyert a k\u00e9pz\u0151m\u0171v\u00e9szek ki\u00e1ll\u00edt\u00e1s\u00e1n Mv.-en (1985). R\u00e9szt vett a szov\u00e1tai alkot\u00f3 t\u00e1borban (1988). <br \/><strong>Irod.:<\/strong> Opri\u015f-Mure\u015fan: AAPM<\/br><\/p>\n","protected":false},"excerpt":{"rendered":"<p>\u00c1gostonfalva, 1925. m\u00e1j. 17. \u2020 ? : fest\u0151m\u0171v\u00e9sz. \u2013 L\u00edc. -t v\u00e9gzett. Tagja a AKMMSz-nek (1979\u2013). Mv.-en r\u00e9szt vett a Sz\u00f6vets\u00e9g \u00e1ltal rendezett csoportos \u00e9s kollekt\u00edv ki\u00e1ll\u00edt\u00e1sain. III. d\u00edjat nyert a k\u00e9pz\u0151m\u0171v\u00e9szek ki\u00e1ll\u00edt\u00e1s\u00e1n Mv.-en (1985). R\u00e9szt vett a szov\u00e1tai alkot\u00f3 t\u00e1borban (1988). Irod.: Opri\u015f-Mure\u015fan: AAPM<\/p>\n","protected":false},"featured_media":0,"comment_status":"open","ping_status":"closed","template":"","meta":[],"product_brand":[],"product_cat":[137],"product_tag":[],"class_list":{"0":"post-10456","1":"product","2":"type-product","3":"status-publish","5":"product_cat-maros-megyei-eletrajzi-lexikon","7":"first","8":"instock","9":"shipping-taxable","10":"product-type-simple"},"_links":{"self":[{"href":"https:\/\/uj.adatbank.ro\/lexikon\/wp-json\/wp\/v2\/product\/10456","targetHints":{"allow":["GET"]}}],"collection":[{"href":"https:\/\/uj.adatbank.ro\/lexikon\/wp-json\/wp\/v2\/product"}],"about":[{"href":"https:\/\/uj.adatbank.ro\/lexikon\/wp-json\/wp\/v2\/types\/product"}],"replies":[{"embeddable":true,"href":"https:\/\/uj.adatbank.ro\/lexikon\/wp-json\/wp\/v2\/comments?post=10456"}],"wp:attachment":[{"href":"https:\/\/uj.adatbank.ro\/lexikon\/wp-json\/wp\/v2\/media?parent=10456"}],"wp:term":[{"taxonomy":"product_brand","embeddable":true,"href":"https:\/\/uj.adatbank.ro\/lexikon\/wp-json\/wp\/v2\/product_brand?post=10456"},{"taxonomy":"product_cat","embeddable":true,"href":"https:\/\/uj.adatbank.ro\/lexikon\/wp-json\/wp\/v2\/product_cat?post=10456"},{"taxonomy":"product_tag","embeddable":true,"href":"https:\/\/uj.adatbank.ro\/lexikon\/wp-json\/wp\/v2\/product_tag?post=10456"}],"curies":[{"name":"wp","href":"https:\/\/api.w.org\/{rel}","templated":true}]}}