{"id":10460,"date":"2025-06-29T13:20:47","date_gmt":"2025-06-29T11:20:47","guid":{"rendered":"https:\/\/uj.adatbank.ro\/lexikon\/termek\/ionitoiu-pantelimon-%c2%a7\/"},"modified":"2025-06-29T13:20:47","modified_gmt":"2025-06-29T11:20:47","slug":"ionitoiu-pantelimon-%c2%a7","status":"publish","type":"product","link":"https:\/\/uj.adatbank.ro\/lexikon\/termek\/ionitoiu-pantelimon-%c2%a7\/","title":{"rendered":"IONI\u0162OIU Pantelimon, \u00a7"},"content":{"rendered":"<p>Co\u015fuleni, 1923. m\u00e1rc. 6., v. j\u00fan. 3. \u2020 Sz\u00e1szr\u00e9gen, 2006. dec. 24.: tan\u00e1r. \u2013 A tan\u00edt\u00f3k\u00e9pz\u0151t Dorohoiban kezdte (1936\u2013), Cern\u0103u\u0163iban folytatta (1941\u2013). \u0150rmester a galaci Altiszti Iskol\u00e1ban. A 31. dorob\u00e1nc ezreddel r\u00e9szt vett a nyugati hadj\u00e1ratban (1944. aug. 23. \u2013 45. j\u00fan. 15.). Bac\u0103uban szerzett tan\u00edt\u00f3i oklevelet (1945). Kv.-on biol\u00f3gia- f\u00f6ldrajztan\u00e1ri k\u00e9pes\u00edt\u00e9st szerzett (1955\u201360). Meggyesfalv\u00e1n (1945\u201350), Marossztkir\u00e1lyon (1950\u201352) tan\u00edtott. A sz\u00e1szr\u00e9geni 2-es sz. K\u00f6z\u00e9piskol\u00e1ban tan\u00edtott (1952\u201355), ahol iskolaigazgat\u00f3 volt (1959- 70), majd a r\u00e9geni 1-es sz. \u00c1ltal\u00e1nos Iskola igazgat\u00f3ja (1970\u201374), nyugd\u00edjaz\u00e1s\u00e1ig tan\u00e1ra (1985). II. fokozati (1969), I. fokozati (1975) vizsg\u00e1t tett. A Tan\u00fcgyi Szakszervezet eln\u00f6ke nyugd\u00edjaz\u00e1s\u00e1ig (1952\u201385). Megszervezte \u00e9s hal\u00e1l\u00e1ig vezette a K\u00f6lcs\u00f6n\u00f6s Seg\u00e9lyny\u00fajt\u00e1si P\u00e9nzt\u00e1rat (CAR), a tan\u00fcgyi k\u00e1derk dal\u00e1rd\u00e1j\u00e1t, amellyel t\u00f6bb versenyen sikeresen vett r\u00e9szt, Sz\u00e1szr\u00e9gen egyik lak\u00f3negyed\u00e9ben \u00faj \u00f3vod\u00e1t l\u00e9tes\u00edtett. 25 rom\u00e1val elv\u00e9geztette az \u00e1lt. iskol\u00e1t. T\u00f6bb alkalommal is kit\u00fcntet\u00e9sekben r\u00e9szes\u00fclt. Nyugd\u00edjaz\u00e1sa ut\u00e1n a H\u00e1bor\u00fas Veter\u00e1nok Egyes\u00fclet\u00e9ben tev\u00e9kenykedett. \u2013 <strong>F. m.:<\/strong> <strong>t\u00e1rssz.:<\/strong> O institu\u0163ie de \u00eenva\u0163\u0103m\u00e2nt bicentenar\u0103: \u015ecoala General\u0103 nr. 1 Reghin (Reghin, ?). <br \/><strong>Irod.:<\/strong> Dasc\u0103li mure\u015feni, 2.; Reghin, militari<\/br><\/p>\n","protected":false},"excerpt":{"rendered":"<p>Co\u015fuleni, 1923. m\u00e1rc. 6., v. j\u00fan. 3. \u2020 Sz\u00e1szr\u00e9gen, 2006. dec. 24.: tan\u00e1r. \u2013 A tan\u00edt\u00f3k\u00e9pz\u0151t Dorohoiban kezdte (1936\u2013), Cern\u0103u\u0163iban folytatta (1941\u2013). \u0150rmester a galaci Altiszti Iskol\u00e1ban. A 31. dorob\u00e1nc ezreddel r\u00e9szt vett a nyugati hadj\u00e1ratban (1944. aug. 23. \u2013 45. j\u00fan. 15.). Bac\u0103uban szerzett tan\u00edt\u00f3i oklevelet (1945). Kv.-on biol\u00f3gia- f\u00f6ldrajztan\u00e1ri k\u00e9pes\u00edt\u00e9st szerzett (1955\u201360). Meggyesfalv\u00e1n [&hellip;]<\/p>\n","protected":false},"featured_media":0,"comment_status":"open","ping_status":"closed","template":"","meta":[],"product_brand":[],"product_cat":[137],"product_tag":[],"class_list":{"0":"post-10460","1":"product","2":"type-product","3":"status-publish","5":"product_cat-maros-megyei-eletrajzi-lexikon","7":"first","8":"instock","9":"shipping-taxable","10":"product-type-simple"},"_links":{"self":[{"href":"https:\/\/uj.adatbank.ro\/lexikon\/wp-json\/wp\/v2\/product\/10460","targetHints":{"allow":["GET"]}}],"collection":[{"href":"https:\/\/uj.adatbank.ro\/lexikon\/wp-json\/wp\/v2\/product"}],"about":[{"href":"https:\/\/uj.adatbank.ro\/lexikon\/wp-json\/wp\/v2\/types\/product"}],"replies":[{"embeddable":true,"href":"https:\/\/uj.adatbank.ro\/lexikon\/wp-json\/wp\/v2\/comments?post=10460"}],"wp:attachment":[{"href":"https:\/\/uj.adatbank.ro\/lexikon\/wp-json\/wp\/v2\/media?parent=10460"}],"wp:term":[{"taxonomy":"product_brand","embeddable":true,"href":"https:\/\/uj.adatbank.ro\/lexikon\/wp-json\/wp\/v2\/product_brand?post=10460"},{"taxonomy":"product_cat","embeddable":true,"href":"https:\/\/uj.adatbank.ro\/lexikon\/wp-json\/wp\/v2\/product_cat?post=10460"},{"taxonomy":"product_tag","embeddable":true,"href":"https:\/\/uj.adatbank.ro\/lexikon\/wp-json\/wp\/v2\/product_tag?post=10460"}],"curies":[{"name":"wp","href":"https:\/\/api.w.org\/{rel}","templated":true}]}}

IONIŢOIU Pantelimon, §

<p>Coşuleni, 1923. márc. 6., v. jún. 3. † Szászrégen, 2006. dec. 24.: tanár. – A tanítóképzőt Dorohoiban kezdte (1936–), Cernăuţiban folytatta (1941–). Őrmester a galaci Altiszti Iskolában. A 31. dorobánc ezreddel részt vett a nyugati hadjáratban (1944. aug. 23. – 45. jún. 15.). Bacăuban szerzett tanítói oklevelet (1945). Kv.-on biológia- földrajztanári képesítést szerzett (1955–60). Meggyesfalván (1945–50), Marossztkirályon (1950–52) tanított. A szászrégeni 2-es sz. Középiskolában tanított (1952–55), ahol iskolaigazgató volt (1959- 70), majd a régeni 1-es sz. Általános Iskola igazgatója (1970–74), nyugdíjazásáig tanára (1985). II. fokozati (1969), I. fokozati (1975) vizsgát tett. A Tanügyi Szakszervezet elnöke nyugdíjazásáig (1952–85). Megszervezte és haláláig vezette a Kölcsönös Segélynyújtási Pénztárat (CAR), a tanügyi káderk dalárdáját, amellyel több versenyen sikeresen vett részt, Szászrégen egyik lakónegyedében új óvodát létesített. 25 romával elvégeztette az ált. iskolát. Több alkalommal is kitüntetésekben részesült. Nyugdíjazása után a Háborús Veteránok Egyesületében tevékenykedett. – <strong>F. m.:</strong> <strong>társsz.:</strong> O instituţie de învaţământ bicentenară: Şcoala Generală nr. 1 Reghin (Reghin, ?). <br /><strong>Irod.:</strong> Dascăli mureşeni, 2.; Reghin, militari</br></p>

<p>Coşuleni, 1923. márc. 6., v. jún. 3. † Szászrégen, 2006. dec. 24.: tanár. – A tanítóképzőt Dorohoiban kezdte (1936–), Cernăuţiban folytatta (1941–). Őrmester a galaci Altiszti Iskolában. A 31. dorobánc ezreddel részt vett a nyugati hadjáratban (1944. aug. 23. – 45. jún. 15.). Bacăuban szerzett tanítói oklevelet (1945). Kv.-on biológia- földrajztanári képesítést szerzett (1955–60). Meggyesfalván [&hellip;]</p>
