{"id":10461,"date":"2025-06-29T13:20:50","date_gmt":"2025-06-29T11:20:50","guid":{"rendered":"https:\/\/uj.adatbank.ro\/lexikon\/termek\/iovan-ioan-iovan-silviu-cornel\/"},"modified":"2025-06-29T13:20:50","modified_gmt":"2025-06-29T11:20:50","slug":"iovan-ioan-iovan-silviu-cornel","status":"publish","type":"product","link":"https:\/\/uj.adatbank.ro\/lexikon\/termek\/iovan-ioan-iovan-silviu-cornel\/","title":{"rendered":"IOVAN Ioan, Iovan, Silviu Cornel"},"content":{"rendered":"<p>K\u0151r\u00f6skis\u00fajfalu, 1922. j\u00fan. 26., \u2020\u00a0Recsa, 2008. m\u00e1j. 17.: szerzetes. \u2013 A k\u00f6z\u00e9piskol\u00e1t Nagyv\u00e1radon (1942), a teol\u00f3gi\u00e1t Kv.-on v\u00e9gezte, diplom\u00e1t Szebenben kapott (1946). Bel\u00e9pett a szerzetesrendbe a Sihastriu-i kolostorban (1947), diak\u00f3nus (1948), szerzetes, gy\u00f3ntat\u00f3 pap a Vladimire\u015fti-i (Tecuci) kolostorban. A vall\u00e1sszabads\u00e1g \u00e9rdek\u00e9ben \u00edrt cikke miatt letart\u00f3ztatt\u00e1k (1955), hal\u00e1lra \u00edt\u00e9lt\u00e9k, amit k\u00e9s\u0151bb \u00e9letfogytiglani b\u00f6rt\u00f6nre v\u00e1ltoztattak. Raboskodott Galacon, Szamos\u00fajv\u00e1ron, Nagyenyeden, Jilava\u00e1n, V\u0103c\u0103re\u015ften. Amneszti\u00e1val szabadult (1964). Egy \u00e9vig a Cernica Kolostorban, 12 \u00e9vet a buk.-i Plumbui\u0163a kolostorban volt, majd. a R\u00e9csa-i Kolostorban gy\u00f3ntat\u00f3 pap, f\u0151ap\u00e1tk\u00e9nt tev\u00e9kenyjedett (1991\u2013), feladatul kapta a kolostor fel\u00e9p\u00edt\u00e9s\u00e9t, amit fel is szenteltek (2003. szept. 7). <br \/><strong>Irod.:<\/strong> C. L. (1993. m\u00e1r. 17; 1998. jan. 15. 2002. j\u00fan. 27; 2003. j\u00fan. 28); loaie; Todea 2013<\/br><\/p>\n","protected":false},"excerpt":{"rendered":"<p>K\u0151r\u00f6skis\u00fajfalu, 1922. j\u00fan. 26., \u2020\u00a0Recsa, 2008. m\u00e1j. 17.: szerzetes. \u2013 A k\u00f6z\u00e9piskol\u00e1t Nagyv\u00e1radon (1942), a teol\u00f3gi\u00e1t Kv.-on v\u00e9gezte, diplom\u00e1t Szebenben kapott (1946). Bel\u00e9pett a szerzetesrendbe a Sihastriu-i kolostorban (1947), diak\u00f3nus (1948), szerzetes, gy\u00f3ntat\u00f3 pap a Vladimire\u015fti-i (Tecuci) kolostorban. A vall\u00e1sszabads\u00e1g \u00e9rdek\u00e9ben \u00edrt cikke miatt letart\u00f3ztatt\u00e1k (1955), hal\u00e1lra \u00edt\u00e9lt\u00e9k, amit k\u00e9s\u0151bb \u00e9letfogytiglani b\u00f6rt\u00f6nre v\u00e1ltoztattak. Raboskodott Galacon, [&hellip;]<\/p>\n","protected":false},"featured_media":0,"comment_status":"open","ping_status":"closed","template":"","meta":[],"product_brand":[],"product_cat":[137],"product_tag":[],"class_list":{"0":"post-10461","1":"product","2":"type-product","3":"status-publish","5":"product_cat-maros-megyei-eletrajzi-lexikon","7":"first","8":"instock","9":"shipping-taxable","10":"product-type-simple"},"_links":{"self":[{"href":"https:\/\/uj.adatbank.ro\/lexikon\/wp-json\/wp\/v2\/product\/10461","targetHints":{"allow":["GET"]}}],"collection":[{"href":"https:\/\/uj.adatbank.ro\/lexikon\/wp-json\/wp\/v2\/product"}],"about":[{"href":"https:\/\/uj.adatbank.ro\/lexikon\/wp-json\/wp\/v2\/types\/product"}],"replies":[{"embeddable":true,"href":"https:\/\/uj.adatbank.ro\/lexikon\/wp-json\/wp\/v2\/comments?post=10461"}],"wp:attachment":[{"href":"https:\/\/uj.adatbank.ro\/lexikon\/wp-json\/wp\/v2\/media?parent=10461"}],"wp:term":[{"taxonomy":"product_brand","embeddable":true,"href":"https:\/\/uj.adatbank.ro\/lexikon\/wp-json\/wp\/v2\/product_brand?post=10461"},{"taxonomy":"product_cat","embeddable":true,"href":"https:\/\/uj.adatbank.ro\/lexikon\/wp-json\/wp\/v2\/product_cat?post=10461"},{"taxonomy":"product_tag","embeddable":true,"href":"https:\/\/uj.adatbank.ro\/lexikon\/wp-json\/wp\/v2\/product_tag?post=10461"}],"curies":[{"name":"wp","href":"https:\/\/api.w.org\/{rel}","templated":true}]}}

<p>Kőröskisújfalu, 1922. jún. 26., † Recsa, 2008. máj. 17.: szerzetes. – A középiskolát Nagyváradon (1942), a teológiát Kv.-on végezte, diplomát Szebenben kapott (1946). Belépett a szerzetesrendbe a Sihastriu-i kolostorban (1947), diakónus (1948), szerzetes, gyóntató pap a Vladimireşti-i (Tecuci) kolostorban. A vallásszabadság érdekében írt cikke miatt letartóztatták (1955), halálra ítélték, amit később életfogytiglani börtönre változtattak. Raboskodott Galacon, Szamosújváron, Nagyenyeden, Jilavaán, Văcăreşten. Amnesztiával szabadult (1964). Egy évig a Cernica Kolostorban, 12 évet a buk.-i Plumbuiţa kolostorban volt, majd. a Récsa-i Kolostorban gyóntató pap, főapátként tevékenyjedett (1991–), feladatul kapta a kolostor felépítését, amit fel is szenteltek (2003. szept. 7). <br /><strong>Irod.:</strong> C. L. (1993. már. 17; 1998. jan. 15. 2002. jún. 27; 2003. jún. 28); loaie; Todea 2013</br></p>

<p>Kőröskisújfalu, 1922. jún. 26., † Recsa, 2008. máj. 17.: szerzetes. – A középiskolát Nagyváradon (1942), a teológiát Kv.-on végezte, diplomát Szebenben kapott (1946). Belépett a szerzetesrendbe a Sihastriu-i kolostorban (1947), diakónus (1948), szerzetes, gyóntató pap a Vladimireşti-i (Tecuci) kolostorban. A vallásszabadság érdekében írt cikke miatt letartóztatták (1955), halálra ítélték, amit később életfogytiglani börtönre változtattak. Raboskodott Galacon, [&hellip;]</p>
