{"id":10464,"date":"2025-06-29T13:20:56","date_gmt":"2025-06-29T11:20:56","guid":{"rendered":"https:\/\/uj.adatbank.ro\/lexikon\/termek\/irmai-istvan-irmai-de-nyaradgalfalva\/"},"modified":"2025-06-29T13:20:56","modified_gmt":"2025-06-29T11:20:56","slug":"irmai-istvan-irmai-de-nyaradgalfalva","status":"publish","type":"product","link":"https:\/\/uj.adatbank.ro\/lexikon\/termek\/irmai-istvan-irmai-de-nyaradgalfalva\/","title":{"rendered":"IRMAI Istv\u00e1n, Irmai de Ny\u00e1r\u00e1dg\u00e1lfalva"},"content":{"rendered":"<p>? \u2020 ?: tisztvisel\u0151. \u2013 Korm\u00e1nysz\u00e9ki irnok (1794), jegyz\u0151k\u00f6nyv hivatali seg\u00e9d (1815) \u00e9s fogalmaz\u00f3v\u00e1 l\u00e9ptett\u00e9k el\u0151. <br \/><strong>Irod.:<\/strong> Nagy Iv\u00e1n<\/br><\/p>\n","protected":false},"excerpt":{"rendered":"<p>? \u2020 ?: tisztvisel\u0151. \u2013 Korm\u00e1nysz\u00e9ki irnok (1794), jegyz\u0151k\u00f6nyv hivatali seg\u00e9d (1815) \u00e9s fogalmaz\u00f3v\u00e1 l\u00e9ptett\u00e9k el\u0151. Irod.: Nagy Iv\u00e1n<\/p>\n","protected":false},"featured_media":0,"comment_status":"open","ping_status":"closed","template":"","meta":[],"product_brand":[],"product_cat":[137],"product_tag":[],"class_list":{"0":"post-10464","1":"product","2":"type-product","3":"status-publish","5":"product_cat-maros-megyei-eletrajzi-lexikon","7":"first","8":"instock","9":"shipping-taxable","10":"product-type-simple"},"_links":{"self":[{"href":"https:\/\/uj.adatbank.ro\/lexikon\/wp-json\/wp\/v2\/product\/10464","targetHints":{"allow":["GET"]}}],"collection":[{"href":"https:\/\/uj.adatbank.ro\/lexikon\/wp-json\/wp\/v2\/product"}],"about":[{"href":"https:\/\/uj.adatbank.ro\/lexikon\/wp-json\/wp\/v2\/types\/product"}],"replies":[{"embeddable":true,"href":"https:\/\/uj.adatbank.ro\/lexikon\/wp-json\/wp\/v2\/comments?post=10464"}],"wp:attachment":[{"href":"https:\/\/uj.adatbank.ro\/lexikon\/wp-json\/wp\/v2\/media?parent=10464"}],"wp:term":[{"taxonomy":"product_brand","embeddable":true,"href":"https:\/\/uj.adatbank.ro\/lexikon\/wp-json\/wp\/v2\/product_brand?post=10464"},{"taxonomy":"product_cat","embeddable":true,"href":"https:\/\/uj.adatbank.ro\/lexikon\/wp-json\/wp\/v2\/product_cat?post=10464"},{"taxonomy":"product_tag","embeddable":true,"href":"https:\/\/uj.adatbank.ro\/lexikon\/wp-json\/wp\/v2\/product_tag?post=10464"}],"curies":[{"name":"wp","href":"https:\/\/api.w.org\/{rel}","templated":true}]}}