{"id":10466,"date":"2025-06-29T13:21:00","date_gmt":"2025-06-29T11:21:00","guid":{"rendered":"https:\/\/uj.adatbank.ro\/lexikon\/termek\/irsai-zsolt\/"},"modified":"2025-06-29T13:21:00","modified_gmt":"2025-06-29T11:21:00","slug":"irsai-zsolt","status":"publish","type":"product","link":"https:\/\/uj.adatbank.ro\/lexikon\/termek\/irsai-zsolt\/","title":{"rendered":"IRSAI Zsolt"},"content":{"rendered":"<p>Ny\u00e1r\u00e1dszentbenedek, 1957. j\u00fan. 9., \u2020 Mv., 2010. szept. 8.: k\u00e9pz\u0151m\u0171v\u00e9sz, grafikus, install\u00e1ci\u00f3m\u0171v\u00e9sz. \u2013 Mv.-en a M\u0171v\u00e9szeti k\u00f6z\u00e9piskol\u00e1ban, Kv.-on a Ion Andreesu K\u00e9pz\u0151m\u0171v\u00e9szeti F\u0151iskol\u00e1n v\u00e9gzett. M\u00e9g di\u00e1kk\u00e9nt alternat\u00edv programjukat k\u00f6vetve n\u00e9gyen (Kiss P\u00e1l Szabolcs, S\u00e1ndor J\u00e1nos, Balogh Csaba) megalak\u00edtott\u00e1k a R\u00f3zsa csoportot. Plak\u00e1tgrafikus, rekl\u00e1mgrafikus, install\u00e1ci\u00f3m\u0171v\u00e9sz Mv.-en. Az ArtEast Alap\u00edtv\u00e1ny alap\u00edt\u00f3tagja (?). Kis\u00e9rletez\u0151, de hagyom\u00e1ny\u00e1pol\u00f3 m\u0171v\u00e9sz. Munkat\u00e1rsa volt a Mv.-i Nemzeti Sz\u00ednh\u00e1znak (?). K\u00f6zrem\u0171k\u00f6d\u00e9s\u00e9vel ind\u00edtott\u00e1k be a Mv.-i M\u0171v\u00e9szeti Egyetemen a l\u00e1tv\u00e1ny- \u00e9s d\u00edszlettervez\u0151 szakot (??), amelynek tan\u00e1ra volt hal\u00e1l\u00e1ig (?\u20132010.). A H\u00e9t, a L\u00e1t\u00f3 k\u00fcls\u0151 munkat\u00e1rsa. A szov\u00e1tai Ifj\u00fas\u00e1gi K\u00e9pz\u0151m\u0171v\u00e9szeti T\u00e1bor felvette az I. Zs. nevet (2011). \u2013 <strong>F. ki\u00e1ll.:<\/strong> Mv.: MAM\u0170 Textil ki\u00e1ll. A St\u00fadi\u00f3 Sz\u00edh\u00e1z el\u0151csarnok\u00e1ban (1981. m\u00e1j. 6); a B5 St\u00fadi\u00f3ban (2009. febr.); Eml\u00e9k. ki\u00e1ll. (2010. nov. 6.). <br \/><strong>Irod.:<\/strong> Ferenczi S\u00e1ndor 2009; Id\u0151t\u00e1r 4.; In memoriam I. Zs. (N\u00fa., 2010. szept. 10.); Szab\u00f3\u2013K\u00e1llai; Moln\u00e1r; Nagy Botond: Interakt\u00edv t\u00e1rlatny\u00edt\u00f3 avagy egy\u00e9ni ki\u00e1ll\u00edt\u00e1s harminc \u00e9v ut\u00e1n (N\u00fa., 2009. febr. 4.); Nagy Mikl\u00f3s Kund: Konstrukt\u00edv konfront\u00e1ci\u00f3 mjndenki haszn\u00e1ra: A t\u00e1borvezet\u0151 I. Zs. t\u00f6bbes szerepben (N\u00fa., M\u00fazsa, 606. sz., 2003. szept. 6.); Szab\u00f3\u2013K\u00e1llai; Todea 2013<\/br><\/p>\n","protected":false},"excerpt":{"rendered":"<p>Ny\u00e1r\u00e1dszentbenedek, 1957. j\u00fan. 9., \u2020 Mv., 2010. szept. 8.: k\u00e9pz\u0151m\u0171v\u00e9sz, grafikus, install\u00e1ci\u00f3m\u0171v\u00e9sz. \u2013 Mv.-en a M\u0171v\u00e9szeti k\u00f6z\u00e9piskol\u00e1ban, Kv.-on a Ion Andreesu K\u00e9pz\u0151m\u0171v\u00e9szeti F\u0151iskol\u00e1n v\u00e9gzett. M\u00e9g di\u00e1kk\u00e9nt alternat\u00edv programjukat k\u00f6vetve n\u00e9gyen (Kiss P\u00e1l Szabolcs, S\u00e1ndor J\u00e1nos, Balogh Csaba) megalak\u00edtott\u00e1k a R\u00f3zsa csoportot. Plak\u00e1tgrafikus, rekl\u00e1mgrafikus, install\u00e1ci\u00f3m\u0171v\u00e9sz Mv.-en. Az ArtEast Alap\u00edtv\u00e1ny alap\u00edt\u00f3tagja (?). Kis\u00e9rletez\u0151, de hagyom\u00e1ny\u00e1pol\u00f3 m\u0171v\u00e9sz. Munkat\u00e1rsa [&hellip;]<\/p>\n","protected":false},"featured_media":0,"comment_status":"open","ping_status":"closed","template":"","meta":[],"product_brand":[],"product_cat":[137],"product_tag":[],"class_list":{"0":"post-10466","1":"product","2":"type-product","3":"status-publish","5":"product_cat-maros-megyei-eletrajzi-lexikon","7":"first","8":"instock","9":"shipping-taxable","10":"product-type-simple"},"_links":{"self":[{"href":"https:\/\/uj.adatbank.ro\/lexikon\/wp-json\/wp\/v2\/product\/10466","targetHints":{"allow":["GET"]}}],"collection":[{"href":"https:\/\/uj.adatbank.ro\/lexikon\/wp-json\/wp\/v2\/product"}],"about":[{"href":"https:\/\/uj.adatbank.ro\/lexikon\/wp-json\/wp\/v2\/types\/product"}],"replies":[{"embeddable":true,"href":"https:\/\/uj.adatbank.ro\/lexikon\/wp-json\/wp\/v2\/comments?post=10466"}],"wp:attachment":[{"href":"https:\/\/uj.adatbank.ro\/lexikon\/wp-json\/wp\/v2\/media?parent=10466"}],"wp:term":[{"taxonomy":"product_brand","embeddable":true,"href":"https:\/\/uj.adatbank.ro\/lexikon\/wp-json\/wp\/v2\/product_brand?post=10466"},{"taxonomy":"product_cat","embeddable":true,"href":"https:\/\/uj.adatbank.ro\/lexikon\/wp-json\/wp\/v2\/product_cat?post=10466"},{"taxonomy":"product_tag","embeddable":true,"href":"https:\/\/uj.adatbank.ro\/lexikon\/wp-json\/wp\/v2\/product_tag?post=10466"}],"curies":[{"name":"wp","href":"https:\/\/api.w.org\/{rel}","templated":true}]}}

<p>Nyárádszentbenedek, 1957. jún. 9., † Mv., 2010. szept. 8.: képzőművész, grafikus, installációművész. – Mv.-en a Művészeti középiskolában, Kv.-on a Ion Andreesu Képzőművészeti Főiskolán végzett. Még diákként alternatív programjukat követve négyen (Kiss Pál Szabolcs, Sándor János, Balogh Csaba) megalakították a Rózsa csoportot. Plakátgrafikus, reklámgrafikus, installációművész Mv.-en. Az ArtEast Alapítvány alapítótagja (?). Kisérletező, de hagyományápoló művész. Munkatársa volt a Mv.-i Nemzeti Színháznak (?). Közreműködésével indították be a Mv.-i Művészeti Egyetemen a látvány- és díszlettervező szakot (??), amelynek tanára volt haláláig (?–2010.). A Hét, a Látó külső munkatársa. A szovátai Ifjúsági Képzőművészeti Tábor felvette az I. Zs. nevet (2011). – <strong>F. kiáll.:</strong> Mv.: MAMŰ Textil kiáll. A Stúdió Szíház előcsarnokában (1981. máj. 6); a B5 Stúdióban (2009. febr.); Emlék. kiáll. (2010. nov. 6.). <br /><strong>Irod.:</strong> Ferenczi Sándor 2009; Időtár 4.; In memoriam I. Zs. (Nú., 2010. szept. 10.); Szabó–Kállai; Molnár; Nagy Botond: Interaktív tárlatnyító avagy egyéni kiállítás harminc év után (Nú., 2009. febr. 4.); Nagy Miklós Kund: Konstruktív konfrontáció mjndenki hasznára: A táborvezető I. Zs. többes szerepben (Nú., Múzsa, 606. sz., 2003. szept. 6.); Szabó–Kállai; Todea 2013</br></p>

<p>Nyárádszentbenedek, 1957. jún. 9., † Mv., 2010. szept. 8.: képzőművész, grafikus, installációművész. – Mv.-en a Művészeti középiskolában, Kv.-on a Ion Andreesu Képzőművészeti Főiskolán végzett. Még diákként alternatív programjukat követve négyen (Kiss Pál Szabolcs, Sándor János, Balogh Csaba) megalakították a Rózsa csoportot. Plakátgrafikus, reklámgrafikus, installációművész Mv.-en. Az ArtEast Alapítvány alapítótagja (?). Kisérletező, de hagyományápoló művész. Munkatársa [&hellip;]</p>
