{"id":10476,"date":"2025-06-29T13:21:22","date_gmt":"2025-06-29T11:21:22","guid":{"rendered":"https:\/\/uj.adatbank.ro\/lexikon\/termek\/ispas-elena-%c2%a7\/"},"modified":"2025-06-29T13:21:22","modified_gmt":"2025-06-29T11:21:22","slug":"ispas-elena-%c2%a7","status":"publish","type":"product","link":"https:\/\/uj.adatbank.ro\/lexikon\/termek\/ispas-elena-%c2%a7\/","title":{"rendered":"ISPAS Elena, \u00a7"},"content":{"rendered":"<p>Mez\u0151pagocsa, 1948. m\u00e1j. 17., \u2020 Mv., 2001. nov. 6.: k\u00f6nyvt\u00e1ros, amat\u0151r fest\u0151. \u2013 A kv.-i BBTE filol\u00f3gia szak\u00e1n tan\u00e1r oklevelet szerzett. Tan\u00e1r k\u00e9nt kezdte p\u00e1ly\u00e1j\u00e1t sz\u00fcl\u0151fal\u00faj\u00e1ban (1967\u201379); a MMK-ban k\u00f6nyvt\u00e1ros hal\u00e1l\u00e1ig (1979\u20132001). Tagja az Amat\u00f6r K\u00e9pz\u0151m\u0171v\u00e9szek Egyes\u00fclet\u00e9nek. Vir\u00e1gcsend\u00e9leteket festett, 3 egy\u00e9ni ki\u00e1ll\u00edt\u00e1sa volt Mv.-en (1997\u20132001). Tanulm\u00e1ny\u00e1t k\u00f6z\u00f6lte a Bibliotheca Marisiana (2. sz, 2006) c. Maros Megyei K\u00f6nyvt\u00e1r szaklapja. <br \/><strong>Irod.:<\/strong> Borda, Dorin \u2013 Romeo, Opri\u015f 2018; Soare: Galaxia valorilor (Tg. M., 2007); MMK; Todea 2013<\/br><\/p>\n","protected":false},"excerpt":{"rendered":"<p>Mez\u0151pagocsa, 1948. m\u00e1j. 17., \u2020 Mv., 2001. nov. 6.: k\u00f6nyvt\u00e1ros, amat\u0151r fest\u0151. \u2013 A kv.-i BBTE filol\u00f3gia szak\u00e1n tan\u00e1r oklevelet szerzett. Tan\u00e1r k\u00e9nt kezdte p\u00e1ly\u00e1j\u00e1t sz\u00fcl\u0151fal\u00faj\u00e1ban (1967\u201379); a MMK-ban k\u00f6nyvt\u00e1ros hal\u00e1l\u00e1ig (1979\u20132001). Tagja az Amat\u00f6r K\u00e9pz\u0151m\u0171v\u00e9szek Egyes\u00fclet\u00e9nek. Vir\u00e1gcsend\u00e9leteket festett, 3 egy\u00e9ni ki\u00e1ll\u00edt\u00e1sa volt Mv.-en (1997\u20132001). Tanulm\u00e1ny\u00e1t k\u00f6z\u00f6lte a Bibliotheca Marisiana (2. sz, 2006) c. Maros [&hellip;]<\/p>\n","protected":false},"featured_media":0,"comment_status":"open","ping_status":"closed","template":"","meta":[],"product_brand":[],"product_cat":[137],"product_tag":[],"class_list":{"0":"post-10476","1":"product","2":"type-product","3":"status-publish","5":"product_cat-maros-megyei-eletrajzi-lexikon","7":"first","8":"instock","9":"shipping-taxable","10":"product-type-simple"},"_links":{"self":[{"href":"https:\/\/uj.adatbank.ro\/lexikon\/wp-json\/wp\/v2\/product\/10476","targetHints":{"allow":["GET"]}}],"collection":[{"href":"https:\/\/uj.adatbank.ro\/lexikon\/wp-json\/wp\/v2\/product"}],"about":[{"href":"https:\/\/uj.adatbank.ro\/lexikon\/wp-json\/wp\/v2\/types\/product"}],"replies":[{"embeddable":true,"href":"https:\/\/uj.adatbank.ro\/lexikon\/wp-json\/wp\/v2\/comments?post=10476"}],"wp:attachment":[{"href":"https:\/\/uj.adatbank.ro\/lexikon\/wp-json\/wp\/v2\/media?parent=10476"}],"wp:term":[{"taxonomy":"product_brand","embeddable":true,"href":"https:\/\/uj.adatbank.ro\/lexikon\/wp-json\/wp\/v2\/product_brand?post=10476"},{"taxonomy":"product_cat","embeddable":true,"href":"https:\/\/uj.adatbank.ro\/lexikon\/wp-json\/wp\/v2\/product_cat?post=10476"},{"taxonomy":"product_tag","embeddable":true,"href":"https:\/\/uj.adatbank.ro\/lexikon\/wp-json\/wp\/v2\/product_tag?post=10476"}],"curies":[{"name":"wp","href":"https:\/\/api.w.org\/{rel}","templated":true}]}}

<p>Mezőpagocsa, 1948. máj. 17., † Mv., 2001. nov. 6.: könyvtáros, amatőr festő. – A kv.-i BBTE filológia szakán tanár oklevelet szerzett. Tanár ként kezdte pályáját szülőfalújában (1967–79); a MMK-ban könyvtáros haláláig (1979–2001). Tagja az Amatör Képzőművészek Egyesületének. Virágcsendéleteket festett, 3 egyéni kiállítása volt Mv.-en (1997–2001). Tanulmányát közölte a Bibliotheca Marisiana (2. sz, 2006) c. Maros Megyei Könyvtár szaklapja. <br /><strong>Irod.:</strong> Borda, Dorin – Romeo, Opriş 2018; Soare: Galaxia valorilor (Tg. M., 2007); MMK; Todea 2013</br></p>

<p>Mezőpagocsa, 1948. máj. 17., † Mv., 2001. nov. 6.: könyvtáros, amatőr festő. – A kv.-i BBTE filológia szakán tanár oklevelet szerzett. Tanár ként kezdte pályáját szülőfalújában (1967–79); a MMK-ban könyvtáros haláláig (1979–2001). Tagja az Amatör Képzőművészek Egyesületének. Virágcsendéleteket festett, 3 egyéni kiállítása volt Mv.-en (1997–2001). Tanulmányát közölte a Bibliotheca Marisiana (2. sz, 2006) c. Maros [&hellip;]</p>
