{"id":10478,"date":"2025-06-29T13:21:25","date_gmt":"2025-06-29T11:21:25","guid":{"rendered":"https:\/\/uj.adatbank.ro\/lexikon\/termek\/issekutz-adeodat-isekutz-marosvasarhelyi\/"},"modified":"2025-06-29T13:21:25","modified_gmt":"2025-06-29T11:21:25","slug":"issekutz-adeodat-isekutz-marosvasarhelyi","status":"publish","type":"product","link":"https:\/\/uj.adatbank.ro\/lexikon\/termek\/issekutz-adeodat-isekutz-marosvasarhelyi\/","title":{"rendered":"ISSEKUTZ Adeodat, Isekutz, marosv\u00e1s\u00e1rhelyi"},"content":{"rendered":"<p>Mv., 1811. m\u00e1j. 5., \u2020 Mv., 1880. \u00e1pr. 12.: b\u00edr\u00f3. \u2013 Testv\u00e9rei: Anna-M\u00e1ria L\u00e1szl\u00f3ffy Bogd\u00e1nn\u00e9; Katalin \u00d6tves Goldschmidt Zacharn\u00e9; Margit Flori\u00e1n M\u00e1rtonn\u00e9; Rebeka; Antal (1817.? \u2013 Erzs\u00e9betv\u00e1ros, 1884. aug. 3.) \u00fcgyv\u00e9d, m\u00e9rn\u00f6k \u00e9s megyei t\u00f6rv\u00e9nysz\u00e9ki \u00fcln\u00f6k, feles\u00e9ge Medgyesi Rebeka; Imre, feles\u00e9ge Verz\u00e1r Anna; J\u00e1nos, feles\u00e9ge M\u00e1svil\u00e1gi Katalin; Bogd\u00e1n (1826.? \u2013 Mv., 1881. dec. 2), feles\u00e9ge Ajtai Am\u00e1lia. Feles\u00e9ge: 1. Csiki Johanna (1821\u2013). Esk\u00fcv\u0151: 1841. j\u00fan 10.; 2. Placsint\u00e1r Veronika (Kv., 1827- Mv., 1899. okt. 25.), fiaik: Aurel (1851.?-Mv., 1875. m\u00e1j. 11.), Korn\u00e9l (1853\u20131876) tan\u00e1r \u00e9s Hug\u00f3 J\u00f3zsef (1855\u20131915) gy\u00f3gyszer\u00e9sz. \u2013 Marossz\u00e9k b\u00fcntet\u0151 b\u00edr\u00f3s\u00e1g\u00e1nak majd t\u00f6rv\u00e9nysz\u00e9k\u00e9nek eln\u00f6ke (1861\u2013). M. nemess\u00e9get nyert I. Ferenc J\u00f3zseft\u0151l, a \u201emarosv\u00e1s\u00e1rhelyi\u201d el\u0151n\u00e9v haszn\u00e1lat\u00e1ra jogos\u00edtva (1876. jan. 11.). <br \/><strong>Irod.:<\/strong> Gudenus: \u00d6rm\u00e9ny csal\u00e1dok; Gy\u00e1szjelent\u0151; P\u00e1l-Antal 2009; P\u00e1l-Antal S\u00e1ndor: \u00d6rm\u00e9nyek Mv.-en 1848 el\u0151tt=Pusk\u00e1s-Sz\u00e1sz \u00c1v\u00e9d; P\u00e1lmay; P\u00e9ter H. M.; P\u00e9ter H. M. 2013<\/br><\/p>\n","protected":false},"excerpt":{"rendered":"<p>Mv., 1811. m\u00e1j. 5., \u2020 Mv., 1880. \u00e1pr. 12.: b\u00edr\u00f3. \u2013 Testv\u00e9rei: Anna-M\u00e1ria L\u00e1szl\u00f3ffy Bogd\u00e1nn\u00e9; Katalin \u00d6tves Goldschmidt Zacharn\u00e9; Margit Flori\u00e1n M\u00e1rtonn\u00e9; Rebeka; Antal (1817.? \u2013 Erzs\u00e9betv\u00e1ros, 1884. aug. 3.) \u00fcgyv\u00e9d, m\u00e9rn\u00f6k \u00e9s megyei t\u00f6rv\u00e9nysz\u00e9ki \u00fcln\u00f6k, feles\u00e9ge Medgyesi Rebeka; Imre, feles\u00e9ge Verz\u00e1r Anna; J\u00e1nos, feles\u00e9ge M\u00e1svil\u00e1gi Katalin; Bogd\u00e1n (1826.? \u2013 Mv., 1881. dec. 2), feles\u00e9ge [&hellip;]<\/p>\n","protected":false},"featured_media":0,"comment_status":"open","ping_status":"closed","template":"","meta":[],"product_brand":[],"product_cat":[137],"product_tag":[],"class_list":{"0":"post-10478","1":"product","2":"type-product","3":"status-publish","5":"product_cat-maros-megyei-eletrajzi-lexikon","7":"first","8":"instock","9":"shipping-taxable","10":"product-type-simple"},"_links":{"self":[{"href":"https:\/\/uj.adatbank.ro\/lexikon\/wp-json\/wp\/v2\/product\/10478","targetHints":{"allow":["GET"]}}],"collection":[{"href":"https:\/\/uj.adatbank.ro\/lexikon\/wp-json\/wp\/v2\/product"}],"about":[{"href":"https:\/\/uj.adatbank.ro\/lexikon\/wp-json\/wp\/v2\/types\/product"}],"replies":[{"embeddable":true,"href":"https:\/\/uj.adatbank.ro\/lexikon\/wp-json\/wp\/v2\/comments?post=10478"}],"wp:attachment":[{"href":"https:\/\/uj.adatbank.ro\/lexikon\/wp-json\/wp\/v2\/media?parent=10478"}],"wp:term":[{"taxonomy":"product_brand","embeddable":true,"href":"https:\/\/uj.adatbank.ro\/lexikon\/wp-json\/wp\/v2\/product_brand?post=10478"},{"taxonomy":"product_cat","embeddable":true,"href":"https:\/\/uj.adatbank.ro\/lexikon\/wp-json\/wp\/v2\/product_cat?post=10478"},{"taxonomy":"product_tag","embeddable":true,"href":"https:\/\/uj.adatbank.ro\/lexikon\/wp-json\/wp\/v2\/product_tag?post=10478"}],"curies":[{"name":"wp","href":"https:\/\/api.w.org\/{rel}","templated":true}]}}

ISSEKUTZ Adeodat, Isekutz, marosvásárhelyi

<p>Mv., 1811. máj. 5., † Mv., 1880. ápr. 12.: bíró. – Testvérei: Anna-Mária Lászlóffy Bogdánné; Katalin Ötves Goldschmidt Zacharné; Margit Florián Mártonné; Rebeka; Antal (1817.? – Erzsébetváros, 1884. aug. 3.) ügyvéd, mérnök és megyei törvényszéki ülnök, felesége Medgyesi Rebeka; Imre, felesége Verzár Anna; János, felesége Másvilági Katalin; Bogdán (1826.? – Mv., 1881. dec. 2), felesége Ajtai Amália. Felesége: 1. Csiki Johanna (1821–). Esküvő: 1841. jún 10.; 2. Placsintár Veronika (Kv., 1827- Mv., 1899. okt. 25.), fiaik: Aurel (1851.?-Mv., 1875. máj. 11.), Kornél (1853–1876) tanár és Hugó József (1855–1915) gyógyszerész. – Marosszék büntető bíróságának majd törvényszékének elnöke (1861–). M. nemességet nyert I. Ferenc Józseftől, a „marosvásárhelyi” előnév használatára jogosítva (1876. jan. 11.). <br /><strong>Irod.:</strong> Gudenus: Örmény családok; Gyászjelentő; Pál-Antal 2009; Pál-Antal Sándor: Örmények Mv.-en 1848 előtt=Puskás-Szász Ávéd; Pálmay; Péter H. M.; Péter H. M. 2013</br></p>

<p>Mv., 1811. máj. 5., † Mv., 1880. ápr. 12.: bíró. – Testvérei: Anna-Mária Lászlóffy Bogdánné; Katalin Ötves Goldschmidt Zacharné; Margit Florián Mártonné; Rebeka; Antal (1817.? – Erzsébetváros, 1884. aug. 3.) ügyvéd, mérnök és megyei törvényszéki ülnök, felesége Medgyesi Rebeka; Imre, felesége Verzár Anna; János, felesége Másvilági Katalin; Bogdán (1826.? – Mv., 1881. dec. 2), felesége [&hellip;]</p>
