{"id":10484,"date":"2025-06-29T13:21:38","date_gmt":"2025-06-29T11:21:38","guid":{"rendered":"https:\/\/uj.adatbank.ro\/lexikon\/termek\/issekutz-hugo-jozsef-%c2%a7-marosvasarhelyi-erzsebetvarosi\/"},"modified":"2025-06-29T13:21:38","modified_gmt":"2025-06-29T11:21:38","slug":"issekutz-hugo-jozsef-%c2%a7-marosvasarhelyi-erzsebetvarosi","status":"publish","type":"product","link":"https:\/\/uj.adatbank.ro\/lexikon\/termek\/issekutz-hugo-jozsef-%c2%a7-marosvasarhelyi-erzsebetvarosi\/","title":{"rendered":"ISSEKUTZ Hug\u00f3 J\u00f3zsef, \u00a7, marosv\u00e1s\u00e1rhelyi, erzs\u00e9betv\u00e1rosi"},"content":{"rendered":"<p>Sz\u00e9kelyudvarhely, 1855. j\u00fan. 19., \u2020 Kv., 1915. j\u00fal. 23. a H\u00e1zsong\u00e1rdi temet\u0151ben nyugszik: gy\u00f3gyszer\u00e9sz. \u2013 Apja I. Adeod\u00e1t. Feles\u00e9ge Wolff Lujza. \u2013 A gimn. 3 oszt\u00e1ly\u00e1t Segesv\u00e1ron, a t\u00f6bbit Mv.-en a II. R\u00e1k\u00f3czi Ferenc R. Kat. gimn. -ban v\u00e9gezte. Gy\u00f3gyszer\u00e9szgyakornok Sz\u00e9kelyudvarhelyen, Mv.-en, Szamos\u00fajv\u00e1ron \u00e9s Kv. -on. Egyetemi tanulm\u00e1nyait a kv.-i FJTE-en v\u00e9gezte (1876. m\u00e1j. 30.). Gy\u00f3gyszer\u00e9szdoktori fokozatot kapott (1882. j\u00fan. 10.), \u00e9rtekez\u00e9s\u00e9nek c\u00edme: Tanulm\u00e1nyok a naphtalinnak t\u00f6bbsz\u00f6r\u00f6s helyettes\u00edt\u00e9s \u00e1ltal nyert sz\u00e1rmaz\u00e9kair\u00f3l. Mag\u00e1ntan\u00e1ri k\u00e9pes\u00edt\u00e9st nyert (1892). Az egyetem keret\u00e9ben L\u0151te J\u00f3zsef prof. tan\u00e1rseg\u00e9dje az \u00c1ltal\u00e1nos K\u00f3r- \u00e9s Gy\u00f3gyszeztani Int\u00e9zetben. Mag\u00e1ntan\u00e1rr\u00e1 nevezt\u00e9k ki, a gy\u00f3gyszer\u00e9szi m\u0171tan el\u0151ad\u00f3ja (1892. nov. 26.). Ap\u00f3sa Wolff J\u00e1nos gy\u00f3gyszer\u00e9sz hal\u00e1la ut\u00e1n, \u00e1tvette patik\u00e1j\u00e1nak vezet\u00e9s\u00e9t (1899). Az Egyetemi gy\u00f3gyszert\u00e1r vezet\u0151j\u00e9v\u00e9 nevezt\u00e9k ki (1902. nov. 21.), amit megny\u00edtottak (1904. jan. 1.). Tanulm\u00e1nyai a Vegytani Lapok, Gy\u00f3gyszer\u00e9szeti Hetilapban jelentek meg. Tagja volt a M. Gy\u00f3gyszer\u00e9szek Egyes\u00fclet\u00e9nek, a Term\u00e9szettudomnyi Egyes\u00fcletnek, az EME-nek, a berlini Cemische Geselschaftnak. Az \u201eerzs\u00e9betv\u00e1rosi\u201d el\u0151nevet is megkapta (1914). \u2013 <strong>F. m.:<\/strong> Tanulm\u00e1nyok a naphtalinnak t\u00f6bbsz\u00f6r\u00f6s helyettes\u00edt\u00e9s \u00e1ltal nyert sz\u00e1rmaz\u00e9kair\u00f3l (Kv., 1882); <strong>t\u00e1rssz.:<\/strong> Gy\u00f3gyszerisme magyar\u00e1z\u00f3 sz\u00f6veggel a m. gy\u00f3gyszerk\u00f6nyv 2. kiad\u00e1s\u00e1hoz (Jakabh\u00e1zy Zsigmonddal, Nyiredy G\u00e9z\u00e1val; Kv., 1895). <br \/><strong>Irod.:<\/strong> D\u00f6rnyei 2005; Gazdovits; H\u00e1zsong\u00e1rd; Ol\u00e1h-G\u00e1l R\u00f3bert: Az els\u0151 mv.-i doktorok (N\u00fa., Sz\u00ednes Vil\u00e1g, 2012. j\u00fan. 16.); P\u00e9ter H. M.; Szinnyei; \u00daM\u00c9L<\/br><\/p>\n","protected":false},"excerpt":{"rendered":"<p>Sz\u00e9kelyudvarhely, 1855. j\u00fan. 19., \u2020 Kv., 1915. j\u00fal. 23. a H\u00e1zsong\u00e1rdi temet\u0151ben nyugszik: gy\u00f3gyszer\u00e9sz. \u2013 Apja I. Adeod\u00e1t. Feles\u00e9ge Wolff Lujza. \u2013 A gimn. 3 oszt\u00e1ly\u00e1t Segesv\u00e1ron, a t\u00f6bbit Mv.-en a II. R\u00e1k\u00f3czi Ferenc R. Kat. gimn. -ban v\u00e9gezte. Gy\u00f3gyszer\u00e9szgyakornok Sz\u00e9kelyudvarhelyen, Mv.-en, Szamos\u00fajv\u00e1ron \u00e9s Kv. -on. Egyetemi tanulm\u00e1nyait a kv.-i FJTE-en v\u00e9gezte (1876. m\u00e1j. 30.). [&hellip;]<\/p>\n","protected":false},"featured_media":0,"comment_status":"open","ping_status":"closed","template":"","meta":[],"product_brand":[],"product_cat":[137],"product_tag":[],"class_list":{"0":"post-10484","1":"product","2":"type-product","3":"status-publish","5":"product_cat-maros-megyei-eletrajzi-lexikon","7":"first","8":"instock","9":"shipping-taxable","10":"product-type-simple"},"_links":{"self":[{"href":"https:\/\/uj.adatbank.ro\/lexikon\/wp-json\/wp\/v2\/product\/10484","targetHints":{"allow":["GET"]}}],"collection":[{"href":"https:\/\/uj.adatbank.ro\/lexikon\/wp-json\/wp\/v2\/product"}],"about":[{"href":"https:\/\/uj.adatbank.ro\/lexikon\/wp-json\/wp\/v2\/types\/product"}],"replies":[{"embeddable":true,"href":"https:\/\/uj.adatbank.ro\/lexikon\/wp-json\/wp\/v2\/comments?post=10484"}],"wp:attachment":[{"href":"https:\/\/uj.adatbank.ro\/lexikon\/wp-json\/wp\/v2\/media?parent=10484"}],"wp:term":[{"taxonomy":"product_brand","embeddable":true,"href":"https:\/\/uj.adatbank.ro\/lexikon\/wp-json\/wp\/v2\/product_brand?post=10484"},{"taxonomy":"product_cat","embeddable":true,"href":"https:\/\/uj.adatbank.ro\/lexikon\/wp-json\/wp\/v2\/product_cat?post=10484"},{"taxonomy":"product_tag","embeddable":true,"href":"https:\/\/uj.adatbank.ro\/lexikon\/wp-json\/wp\/v2\/product_tag?post=10484"}],"curies":[{"name":"wp","href":"https:\/\/api.w.org\/{rel}","templated":true}]}}