{"id":10503,"date":"2025-06-29T13:22:17","date_gmt":"2025-06-29T11:22:17","guid":{"rendered":"https:\/\/uj.adatbank.ro\/lexikon\/termek\/istvan-11\/"},"modified":"2025-06-29T13:22:17","modified_gmt":"2025-06-29T11:22:17","slug":"istvan-11","status":"publish","type":"product","link":"https:\/\/uj.adatbank.ro\/lexikon\/termek\/istvan-11\/","title":{"rendered":"ISTV\u00c1N"},"content":{"rendered":"<p>? \u2020\u00a0?: gondnok, rektor. \u2013 A mv.-i Szent Mikl\u00f3s pl\u00e9b\u00e1nia rektora, gubern\u00e1tora (j\u00f3sz\u00e1gkorm\u00e1nyz\u00f3ja) tan\u00fas\u00edtja a feh\u00e9rv\u00e1ri k\u00e1ptalan el\u0151tt hogy n\u00e1zn\u00e1nfalvi Bak\u00f3 Mih\u00e1ly a marosszentkir\u00e1lyi p\u00e1los kolostorra hagyta B\u00e1rdoson erdeit, sz\u00e1nt\u00f3f\u00f6ldjeit, sz\u0151l\u0151it, halastavait valamint telkeit (1403) ill. egy f\u00f6lddarabnak \u00e9s egy kasz\u00e1l\u00f3nak ad\u00e1sv\u00e9teli tan\u00faja volt (1431). <br \/><strong>Irod.:<\/strong> Id\u0151t\u00e1r 1, P\u00e1l-Antal 2009<\/br><\/p>\n","protected":false},"excerpt":{"rendered":"<p>? \u2020\u00a0?: gondnok, rektor. \u2013 A mv.-i Szent Mikl\u00f3s pl\u00e9b\u00e1nia rektora, gubern\u00e1tora (j\u00f3sz\u00e1gkorm\u00e1nyz\u00f3ja) tan\u00fas\u00edtja a feh\u00e9rv\u00e1ri k\u00e1ptalan el\u0151tt hogy n\u00e1zn\u00e1nfalvi Bak\u00f3 Mih\u00e1ly a marosszentkir\u00e1lyi p\u00e1los kolostorra hagyta B\u00e1rdoson erdeit, sz\u00e1nt\u00f3f\u00f6ldjeit, sz\u0151l\u0151it, halastavait valamint telkeit (1403) ill. egy f\u00f6lddarabnak \u00e9s egy kasz\u00e1l\u00f3nak ad\u00e1sv\u00e9teli tan\u00faja volt (1431). Irod.: Id\u0151t\u00e1r 1, P\u00e1l-Antal 2009<\/p>\n","protected":false},"featured_media":0,"comment_status":"open","ping_status":"closed","template":"","meta":[],"product_brand":[],"product_cat":[137],"product_tag":[],"class_list":{"0":"post-10503","1":"product","2":"type-product","3":"status-publish","5":"product_cat-maros-megyei-eletrajzi-lexikon","7":"first","8":"instock","9":"shipping-taxable","10":"product-type-simple"},"_links":{"self":[{"href":"https:\/\/uj.adatbank.ro\/lexikon\/wp-json\/wp\/v2\/product\/10503","targetHints":{"allow":["GET"]}}],"collection":[{"href":"https:\/\/uj.adatbank.ro\/lexikon\/wp-json\/wp\/v2\/product"}],"about":[{"href":"https:\/\/uj.adatbank.ro\/lexikon\/wp-json\/wp\/v2\/types\/product"}],"replies":[{"embeddable":true,"href":"https:\/\/uj.adatbank.ro\/lexikon\/wp-json\/wp\/v2\/comments?post=10503"}],"wp:attachment":[{"href":"https:\/\/uj.adatbank.ro\/lexikon\/wp-json\/wp\/v2\/media?parent=10503"}],"wp:term":[{"taxonomy":"product_brand","embeddable":true,"href":"https:\/\/uj.adatbank.ro\/lexikon\/wp-json\/wp\/v2\/product_brand?post=10503"},{"taxonomy":"product_cat","embeddable":true,"href":"https:\/\/uj.adatbank.ro\/lexikon\/wp-json\/wp\/v2\/product_cat?post=10503"},{"taxonomy":"product_tag","embeddable":true,"href":"https:\/\/uj.adatbank.ro\/lexikon\/wp-json\/wp\/v2\/product_tag?post=10503"}],"curies":[{"name":"wp","href":"https:\/\/api.w.org\/{rel}","templated":true}]}}

ISTVÁN

<p>? † ?: gondnok, rektor. – A mv.-i Szent Miklós plébánia rektora, gubernátora (jószágkormányzója) tanúsítja a fehérvári káptalan előtt hogy náznánfalvi Bakó Mihály a marosszentkirályi pálos kolostorra hagyta Bárdoson erdeit, szántóföldjeit, szőlőit, halastavait valamint telkeit (1403) ill. egy földdarabnak és egy kaszálónak adásvételi tanúja volt (1431). <br /><strong>Irod.:</strong> Időtár 1, Pál-Antal 2009</br></p>

<p>? † ?: gondnok, rektor. – A mv.-i Szent Miklós plébánia rektora, gubernátora (jószágkormányzója) tanúsítja a fehérvári káptalan előtt hogy náznánfalvi Bakó Mihály a marosszentkirályi pálos kolostorra hagyta Bárdoson erdeit, szántóföldjeit, szőlőit, halastavait valamint telkeit (1403) ill. egy földdarabnak és egy kaszálónak adásvételi tanúja volt (1431). Irod.: Időtár 1, Pál-Antal 2009</p>
