{"id":10507,"date":"2025-06-29T13:22:23","date_gmt":"2025-06-29T11:22:23","guid":{"rendered":"https:\/\/uj.adatbank.ro\/lexikon\/termek\/istvan-mihaly\/"},"modified":"2025-06-29T13:22:23","modified_gmt":"2025-06-29T11:22:23","slug":"istvan-mihaly","status":"publish","type":"product","link":"https:\/\/uj.adatbank.ro\/lexikon\/termek\/istvan-mihaly\/","title":{"rendered":"ISTV\u00c1N Mih\u00e1ly"},"content":{"rendered":"<p>1889., \u2020\u00a0Mv., 1964.: \u00fcgyv\u00e9d. \u2013 Feles\u00e9ge: Geschmeidi Kl\u00e1ra. Le\u00e1nyuk: \u00c9va Degenfeld-Schonburg Istv\u00e1n Vilmos Frigyes Kristof M\u00e1rton Lajosn\u00e9 (Mv., 1922. nov. 4. &#8211; Mv., 1994. dec. 18.). \u2013 Jog\u00e1sz dr. V\u00e9gigharcolta az I. vh. -t (1918-ban szerelt le), a III. oszt. \u00e9rdemkereszt, az ez\u00fcst \u00e9s bronz Signum Laudis, kis ez\u00fcst, a K\u00e1roly Csapatkereszt, a bajor kereszt kit\u00fcntetettje. Mv.-en Telegdy Istv\u00e1n irod\u00e1j\u00e1ban \u00fcgyv\u00e9d. A MP eln\u00f6ki tan\u00e1cs\u00e1nak tagja, a ref. egyh\u00e1z presbitere, t\u00f6bb t\u00e1rsadalmi egyes\u00fclet vezet\u0151je volt, az MSE \u00f6r\u00f6k\u00f6s tiszteletbeli tagja, v\u00e1lasztm\u00e1nyi tagja (1910\u2013). Akt\u00edv sportol\u00f3 volt (1906\u201318): a labdar\u00fag\u00e1st, atl\u00e9tik\u00e1t, birkoz\u00e1st, \u00fasz\u00e1st \u00e9s korcsoly\u00e1z\u00e1st m\u0171velte, t\u00f6bb verseny gy\u0151ztese. Az MSE titk\u00e1ra, a labdar\u00fag\u00f3 csapat kapit\u00e1nya, majd az egyes\u00fclet f\u0151titk\u00e1ra, k\u00e9s\u0151bb aleln\u00f6ke lett. Minden \u00e1ldozatra k\u00e9sz volt a mv.-i sport \u00e9rdek\u00e9ben. A Ref. Koll. gondnoka, lev\u00e1ltott\u00e1k, mert a kv.-i N\u00e9pb\u00edr\u00f3s\u00e1g h\u00e1rom\u00e9vi fegyh\u00e1zb\u00fcntet\u00e9sre it\u00e9lte az 1940\u201344 k\u00f6z\u00f6tti politikai tev\u00e9kenys\u00e9ge miatt. <br \/><strong>Irod.:<\/strong> Csekme; Id\u0151t\u00e1r 4.; Illy\u00e9s; Kl\u00f3sz-Tolok\u00e1n; Pluh\u00e1r; Visnai<\/br><\/p>\n","protected":false},"excerpt":{"rendered":"<p>1889., \u2020\u00a0Mv., 1964.: \u00fcgyv\u00e9d. \u2013 Feles\u00e9ge: Geschmeidi Kl\u00e1ra. Le\u00e1nyuk: \u00c9va Degenfeld-Schonburg Istv\u00e1n Vilmos Frigyes Kristof M\u00e1rton Lajosn\u00e9 (Mv., 1922. nov. 4. &#8211; Mv., 1994. dec. 18.). \u2013 Jog\u00e1sz dr. V\u00e9gigharcolta az I. vh. -t (1918-ban szerelt le), a III. oszt. \u00e9rdemkereszt, az ez\u00fcst \u00e9s bronz Signum Laudis, kis ez\u00fcst, a K\u00e1roly Csapatkereszt, a bajor kereszt [&hellip;]<\/p>\n","protected":false},"featured_media":0,"comment_status":"open","ping_status":"closed","template":"","meta":[],"product_brand":[],"product_cat":[137],"product_tag":[],"class_list":{"0":"post-10507","1":"product","2":"type-product","3":"status-publish","5":"product_cat-maros-megyei-eletrajzi-lexikon","7":"first","8":"instock","9":"shipping-taxable","10":"product-type-simple"},"_links":{"self":[{"href":"https:\/\/uj.adatbank.ro\/lexikon\/wp-json\/wp\/v2\/product\/10507","targetHints":{"allow":["GET"]}}],"collection":[{"href":"https:\/\/uj.adatbank.ro\/lexikon\/wp-json\/wp\/v2\/product"}],"about":[{"href":"https:\/\/uj.adatbank.ro\/lexikon\/wp-json\/wp\/v2\/types\/product"}],"replies":[{"embeddable":true,"href":"https:\/\/uj.adatbank.ro\/lexikon\/wp-json\/wp\/v2\/comments?post=10507"}],"wp:attachment":[{"href":"https:\/\/uj.adatbank.ro\/lexikon\/wp-json\/wp\/v2\/media?parent=10507"}],"wp:term":[{"taxonomy":"product_brand","embeddable":true,"href":"https:\/\/uj.adatbank.ro\/lexikon\/wp-json\/wp\/v2\/product_brand?post=10507"},{"taxonomy":"product_cat","embeddable":true,"href":"https:\/\/uj.adatbank.ro\/lexikon\/wp-json\/wp\/v2\/product_cat?post=10507"},{"taxonomy":"product_tag","embeddable":true,"href":"https:\/\/uj.adatbank.ro\/lexikon\/wp-json\/wp\/v2\/product_tag?post=10507"}],"curies":[{"name":"wp","href":"https:\/\/api.w.org\/{rel}","templated":true}]}}

ISTVÁN Mihály

<p>1889., † Mv., 1964.: ügyvéd. – Felesége: Geschmeidi Klára. Leányuk: Éva Degenfeld-Schonburg István Vilmos Frigyes Kristof Márton Lajosné (Mv., 1922. nov. 4. &#8211; Mv., 1994. dec. 18.). – Jogász dr. Végigharcolta az I. vh. -t (1918-ban szerelt le), a III. oszt. érdemkereszt, az ezüst és bronz Signum Laudis, kis ezüst, a Károly Csapatkereszt, a bajor kereszt kitüntetettje. Mv.-en Telegdy István irodájában ügyvéd. A MP elnöki tanácsának tagja, a ref. egyház presbitere, több társadalmi egyesület vezetője volt, az MSE örökös tiszteletbeli tagja, választmányi tagja (1910–). Aktív sportoló volt (1906–18): a labdarúgást, atlétikát, birkozást, úszást és korcsolyázást művelte, több verseny győztese. Az MSE titkára, a labdarúgó csapat kapitánya, majd az egyesület főtitkára, később alelnöke lett. Minden áldozatra kész volt a mv.-i sport érdekében. A Ref. Koll. gondnoka, leváltották, mert a kv.-i Népbíróság háromévi fegyházbüntetésre itélte az 1940–44 közötti politikai tevékenysége miatt. <br /><strong>Irod.:</strong> Csekme; Időtár 4.; Illyés; Klósz-Tolokán; Pluhár; Visnai</br></p>

<p>1889., † Mv., 1964.: ügyvéd. – Felesége: Geschmeidi Klára. Leányuk: Éva Degenfeld-Schonburg István Vilmos Frigyes Kristof Márton Lajosné (Mv., 1922. nov. 4. &#8211; Mv., 1994. dec. 18.). – Jogász dr. Végigharcolta az I. vh. -t (1918-ban szerelt le), a III. oszt. érdemkereszt, az ezüst és bronz Signum Laudis, kis ezüst, a Károly Csapatkereszt, a bajor kereszt [&hellip;]</p>
