{"id":10508,"date":"2025-06-29T13:22:26","date_gmt":"2025-06-29T11:22:26","guid":{"rendered":"https:\/\/uj.adatbank.ro\/lexikon\/termek\/istvan-i-istvan-szent-istvan\/"},"modified":"2025-06-29T13:22:26","modified_gmt":"2025-06-29T11:22:26","slug":"istvan-i-istvan-szent-istvan","status":"publish","type":"product","link":"https:\/\/uj.adatbank.ro\/lexikon\/termek\/istvan-i-istvan-szent-istvan\/","title":{"rendered":"ISTV\u00c1N, I. Istv\u00e1n, Szent Istv\u00e1n"},"content":{"rendered":"<p>975 k., \u2020 1038. aug. 17.: m. kir\u00e1ly. \u2013 Apj\u00e1t, G\u00e9za fejedelmet k\u00f6vette (997-ben), majd felvette a kir\u00e1lyi c\u00edmet (1000. aug. 15.). Maros megye t\u00f6bb k\u00f6zs\u00e9ge viseli a Szent nevet, amit Szent Istv\u00e1n \u00e1llamalap\u00edt\u00f3 kir\u00e1ly idej\u00e9n kapott: Dics\u0151szentm\u00e1rton, K\u00e1poszt\u00e1sszentmikl\u00f3s, Ny\u00e1r\u00e1dszentimre, Sz\u00e9kelyszentistv\u00e1n stb. Tisztelet\u00e9re szobrot emeltek Sz\u00e9kelyszentistv\u00e1non (1997 vagy 1998-ban). \u00datat neveztek el r\u00f3la Mv.-en (1912). <br \/><strong>Irod.:<\/strong> Eml\u00e9kk\u00f6nyv Szent Istv\u00e1n kir\u00e1ly hal\u00e1l\u00e1nak kilencsz\u00e1zadik \u00e9vfordul\u00f3j\u00e1n \/ Szerk. Ser\u00e9di Jusztini\u00e1n biboros hercegprim\u00e1s. 2\u20133. k\u00f6t. (Bp., 1938); Kov\u00e1cs Ferenc: Egyh\u00e1zi besz\u00e9d melyet Szent Istv\u00e1n \u00fcnnep\u00e9n az EMKE III. k\u00f6zgy\u00fcl\u00e9se alkalm\u00e1val a brass\u00f3i Rk. templomban tartott (Mv., 1888); Pesty 2014; Szentgy\u00f6rgyi<\/br><\/p>\n","protected":false},"excerpt":{"rendered":"<p>975 k., \u2020 1038. aug. 17.: m. kir\u00e1ly. \u2013 Apj\u00e1t, G\u00e9za fejedelmet k\u00f6vette (997-ben), majd felvette a kir\u00e1lyi c\u00edmet (1000. aug. 15.). Maros megye t\u00f6bb k\u00f6zs\u00e9ge viseli a Szent nevet, amit Szent Istv\u00e1n \u00e1llamalap\u00edt\u00f3 kir\u00e1ly idej\u00e9n kapott: Dics\u0151szentm\u00e1rton, K\u00e1poszt\u00e1sszentmikl\u00f3s, Ny\u00e1r\u00e1dszentimre, Sz\u00e9kelyszentistv\u00e1n stb. Tisztelet\u00e9re szobrot emeltek Sz\u00e9kelyszentistv\u00e1non (1997 vagy 1998-ban). \u00datat neveztek el r\u00f3la Mv.-en (1912). [&hellip;]<\/p>\n","protected":false},"featured_media":0,"comment_status":"open","ping_status":"closed","template":"","meta":[],"product_brand":[],"product_cat":[137],"product_tag":[],"class_list":{"0":"post-10508","1":"product","2":"type-product","3":"status-publish","5":"product_cat-maros-megyei-eletrajzi-lexikon","7":"first","8":"instock","9":"shipping-taxable","10":"product-type-simple"},"_links":{"self":[{"href":"https:\/\/uj.adatbank.ro\/lexikon\/wp-json\/wp\/v2\/product\/10508","targetHints":{"allow":["GET"]}}],"collection":[{"href":"https:\/\/uj.adatbank.ro\/lexikon\/wp-json\/wp\/v2\/product"}],"about":[{"href":"https:\/\/uj.adatbank.ro\/lexikon\/wp-json\/wp\/v2\/types\/product"}],"replies":[{"embeddable":true,"href":"https:\/\/uj.adatbank.ro\/lexikon\/wp-json\/wp\/v2\/comments?post=10508"}],"wp:attachment":[{"href":"https:\/\/uj.adatbank.ro\/lexikon\/wp-json\/wp\/v2\/media?parent=10508"}],"wp:term":[{"taxonomy":"product_brand","embeddable":true,"href":"https:\/\/uj.adatbank.ro\/lexikon\/wp-json\/wp\/v2\/product_brand?post=10508"},{"taxonomy":"product_cat","embeddable":true,"href":"https:\/\/uj.adatbank.ro\/lexikon\/wp-json\/wp\/v2\/product_cat?post=10508"},{"taxonomy":"product_tag","embeddable":true,"href":"https:\/\/uj.adatbank.ro\/lexikon\/wp-json\/wp\/v2\/product_tag?post=10508"}],"curies":[{"name":"wp","href":"https:\/\/api.w.org\/{rel}","templated":true}]}}

ISTVÁN, I. István, Szent István

<p>975 k., † 1038. aug. 17.: m. király. – Apját, Géza fejedelmet követte (997-ben), majd felvette a királyi címet (1000. aug. 15.). Maros megye több községe viseli a Szent nevet, amit Szent István államalapító király idején kapott: Dicsőszentmárton, Káposztásszentmiklós, Nyárádszentimre, Székelyszentistván stb. Tiszteletére szobrot emeltek Székelyszentistvánon (1997 vagy 1998-ban). Útat neveztek el róla Mv.-en (1912). <br /><strong>Irod.:</strong> Emlékkönyv Szent István király halálának kilencszázadik évfordulóján / Szerk. Serédi Jusztinián biboros hercegprimás. 2–3. köt. (Bp., 1938); Kovács Ferenc: Egyházi beszéd melyet Szent István ünnepén az EMKE III. közgyülése alkalmával a brassói Rk. templomban tartott (Mv., 1888); Pesty 2014; Szentgyörgyi</br></p>

<p>975 k., † 1038. aug. 17.: m. király. – Apját, Géza fejedelmet követte (997-ben), majd felvette a királyi címet (1000. aug. 15.). Maros megye több községe viseli a Szent nevet, amit Szent István államalapító király idején kapott: Dicsőszentmárton, Káposztásszentmiklós, Nyárádszentimre, Székelyszentistván stb. Tiszteletére szobrot emeltek Székelyszentistvánon (1997 vagy 1998-ban). Útat neveztek el róla Mv.-en (1912). [&hellip;]</p>
