{"id":10511,"date":"2025-06-29T13:22:30","date_gmt":"2025-06-29T11:22:30","guid":{"rendered":"https:\/\/uj.adatbank.ro\/lexikon\/termek\/istvan-stephanus-georgy-de-vassarhel\/"},"modified":"2025-06-29T13:22:30","modified_gmt":"2025-06-29T11:22:30","slug":"istvan-stephanus-georgy-de-vassarhel","status":"publish","type":"product","link":"https:\/\/uj.adatbank.ro\/lexikon\/termek\/istvan-stephanus-georgy-de-vassarhel\/","title":{"rendered":"ISTV\u00c1N, Stephanus Georgy de Vassarhel"},"content":{"rendered":"<p>? \u2020\u00a0?: r. k. pap. \u2013 Dioecesis. Beiratkozott a krakk\u00f3i egyetemre (1493), lehet az \u0151 az, akinek a v\u00e9gzetts\u00e9ge: Stephanus presbyter de Gernyezek bacc., \u00e9s Mv.-en iskolamester (1495. szept. 28). A mv.-i Szentl\u00e9lek-rendi testv\u00e9reknek volt ispot\u00e1lyuk, ami a v\u00e1ros tulajdon\u00e1ba ment \u00e1t, figyelembe vett\u00e9k a v\u00e1ros lak\u00f3inak \u00e9rdek\u00e9ben v\u00e9gzett munk\u00e1j\u00e1t \u00e9s kinevezt\u00e9k a Szentl\u00e9lek-k\u00f3rh\u00e1z vezet\u0151j\u00e9nek (1514). <br \/><strong>Irod.:<\/strong> Ferenczi S\u00e1ndor 2009; L\u00e9sty\u00e1n \u2013 templomok 2.; Marton J. 2013; Tonk 1979<\/br><\/p>\n","protected":false},"excerpt":{"rendered":"<p>? \u2020\u00a0?: r. k. pap. \u2013 Dioecesis. Beiratkozott a krakk\u00f3i egyetemre (1493), lehet az \u0151 az, akinek a v\u00e9gzetts\u00e9ge: Stephanus presbyter de Gernyezek bacc., \u00e9s Mv.-en iskolamester (1495. szept. 28). A mv.-i Szentl\u00e9lek-rendi testv\u00e9reknek volt ispot\u00e1lyuk, ami a v\u00e1ros tulajdon\u00e1ba ment \u00e1t, figyelembe vett\u00e9k a v\u00e1ros lak\u00f3inak \u00e9rdek\u00e9ben v\u00e9gzett munk\u00e1j\u00e1t \u00e9s kinevezt\u00e9k a Szentl\u00e9lek-k\u00f3rh\u00e1z vezet\u0151j\u00e9nek [&hellip;]<\/p>\n","protected":false},"featured_media":0,"comment_status":"open","ping_status":"closed","template":"","meta":[],"product_brand":[],"product_cat":[137],"product_tag":[],"class_list":{"0":"post-10511","1":"product","2":"type-product","3":"status-publish","5":"product_cat-maros-megyei-eletrajzi-lexikon","7":"first","8":"instock","9":"shipping-taxable","10":"product-type-simple"},"_links":{"self":[{"href":"https:\/\/uj.adatbank.ro\/lexikon\/wp-json\/wp\/v2\/product\/10511","targetHints":{"allow":["GET"]}}],"collection":[{"href":"https:\/\/uj.adatbank.ro\/lexikon\/wp-json\/wp\/v2\/product"}],"about":[{"href":"https:\/\/uj.adatbank.ro\/lexikon\/wp-json\/wp\/v2\/types\/product"}],"replies":[{"embeddable":true,"href":"https:\/\/uj.adatbank.ro\/lexikon\/wp-json\/wp\/v2\/comments?post=10511"}],"wp:attachment":[{"href":"https:\/\/uj.adatbank.ro\/lexikon\/wp-json\/wp\/v2\/media?parent=10511"}],"wp:term":[{"taxonomy":"product_brand","embeddable":true,"href":"https:\/\/uj.adatbank.ro\/lexikon\/wp-json\/wp\/v2\/product_brand?post=10511"},{"taxonomy":"product_cat","embeddable":true,"href":"https:\/\/uj.adatbank.ro\/lexikon\/wp-json\/wp\/v2\/product_cat?post=10511"},{"taxonomy":"product_tag","embeddable":true,"href":"https:\/\/uj.adatbank.ro\/lexikon\/wp-json\/wp\/v2\/product_tag?post=10511"}],"curies":[{"name":"wp","href":"https:\/\/api.w.org\/{rel}","templated":true}]}}

ISTVÁN, Stephanus Georgy de Vassarhel

<p>? † ?: r. k. pap. – Dioecesis. Beiratkozott a krakkói egyetemre (1493), lehet az ő az, akinek a végzettsége: Stephanus presbyter de Gernyezek bacc., és Mv.-en iskolamester (1495. szept. 28). A mv.-i Szentlélek-rendi testvéreknek volt ispotályuk, ami a város tulajdonába ment át, figyelembe vették a város lakóinak érdekében végzett munkáját és kinevezték a Szentlélek-kórház vezetőjének (1514). <br /><strong>Irod.:</strong> Ferenczi Sándor 2009; Léstyán – templomok 2.; Marton J. 2013; Tonk 1979</br></p>

<p>? † ?: r. k. pap. – Dioecesis. Beiratkozott a krakkói egyetemre (1493), lehet az ő az, akinek a végzettsége: Stephanus presbyter de Gernyezek bacc., és Mv.-en iskolamester (1495. szept. 28). A mv.-i Szentlélek-rendi testvéreknek volt ispotályuk, ami a város tulajdonába ment át, figyelembe vették a város lakóinak érdekében végzett munkáját és kinevezték a Szentlélek-kórház vezetőjének [&hellip;]</p>
