{"id":10514,"date":"2025-06-29T13:22:35","date_gmt":"2025-06-29T11:22:35","guid":{"rendered":"https:\/\/uj.adatbank.ro\/lexikon\/termek\/istvanffy-pal-istvanffi-pal-csikmadefalvi\/"},"modified":"2025-06-29T13:22:35","modified_gmt":"2025-06-29T11:22:35","slug":"istvanffy-pal-istvanffi-pal-csikmadefalvi","status":"publish","type":"product","link":"https:\/\/uj.adatbank.ro\/lexikon\/termek\/istvanffy-pal-istvanffi-pal-csikmadefalvi\/","title":{"rendered":"ISTV\u00c1NFFY P\u00e1l, Istv\u00e1nffi P\u00e1l, cs\u00edkmad\u00e9falvi"},"content":{"rendered":"<p>1835., \u2020 Mv., 1879. \u00e1pr. 28.: b\u00edr\u00f3. \u2013 Testv\u00e9rei: R\u00f3za Schaarsmidt Gy\u00f6rgyn\u00e9; J\u00f3zsef; M\u00e1ria cs\u00edkszentmih\u00e1lyi S\u00e1ndor Imr\u00e9n\u00e9. Feles\u00e9ge: nagyajtai Cserei Ilona. \u2013 Mv.-en kir. t\u00e1bla b\u00edr\u00e1ja. \u2013 <strong>F. m.:<\/strong> Az Erd\u00e9lyben fel\u00e1ll\u00edtott sajt\u00f3b\u00edr\u00f3s\u00e1g el\u0151tt k\u00f6vetend\u0151 esk\u00fcdsz\u00e9ki elj\u00e1r\u00e1sra vonatkoz\u00f3 \u00f6sszes m. kir. miniszteri rendeletek, az 1852. \u00e9vi sajt\u00f3rendtart\u00e1s \u00e9s ezekkel kapcsolatban \u00e1ll\u00f3 t\u00f6rv\u00e9nyczikkek gy\u0171jtem\u00e9nye (Mv., 1871). <br \/><strong>Irod.:<\/strong> Gy\u00e1szjelent\u0151; Szinnyei<\/br><\/p>\n","protected":false},"excerpt":{"rendered":"<p>1835., \u2020 Mv., 1879. \u00e1pr. 28.: b\u00edr\u00f3. \u2013 Testv\u00e9rei: R\u00f3za Schaarsmidt Gy\u00f6rgyn\u00e9; J\u00f3zsef; M\u00e1ria cs\u00edkszentmih\u00e1lyi S\u00e1ndor Imr\u00e9n\u00e9. Feles\u00e9ge: nagyajtai Cserei Ilona. \u2013 Mv.-en kir. t\u00e1bla b\u00edr\u00e1ja. \u2013 F. m.: Az Erd\u00e9lyben fel\u00e1ll\u00edtott sajt\u00f3b\u00edr\u00f3s\u00e1g el\u0151tt k\u00f6vetend\u0151 esk\u00fcdsz\u00e9ki elj\u00e1r\u00e1sra vonatkoz\u00f3 \u00f6sszes m. kir. miniszteri rendeletek, az 1852. \u00e9vi sajt\u00f3rendtart\u00e1s \u00e9s ezekkel kapcsolatban \u00e1ll\u00f3 t\u00f6rv\u00e9nyczikkek gy\u0171jtem\u00e9nye (Mv., 1871). [&hellip;]<\/p>\n","protected":false},"featured_media":0,"comment_status":"open","ping_status":"closed","template":"","meta":[],"product_brand":[],"product_cat":[137],"product_tag":[],"class_list":{"0":"post-10514","1":"product","2":"type-product","3":"status-publish","5":"product_cat-maros-megyei-eletrajzi-lexikon","7":"first","8":"instock","9":"shipping-taxable","10":"product-type-simple"},"_links":{"self":[{"href":"https:\/\/uj.adatbank.ro\/lexikon\/wp-json\/wp\/v2\/product\/10514","targetHints":{"allow":["GET"]}}],"collection":[{"href":"https:\/\/uj.adatbank.ro\/lexikon\/wp-json\/wp\/v2\/product"}],"about":[{"href":"https:\/\/uj.adatbank.ro\/lexikon\/wp-json\/wp\/v2\/types\/product"}],"replies":[{"embeddable":true,"href":"https:\/\/uj.adatbank.ro\/lexikon\/wp-json\/wp\/v2\/comments?post=10514"}],"wp:attachment":[{"href":"https:\/\/uj.adatbank.ro\/lexikon\/wp-json\/wp\/v2\/media?parent=10514"}],"wp:term":[{"taxonomy":"product_brand","embeddable":true,"href":"https:\/\/uj.adatbank.ro\/lexikon\/wp-json\/wp\/v2\/product_brand?post=10514"},{"taxonomy":"product_cat","embeddable":true,"href":"https:\/\/uj.adatbank.ro\/lexikon\/wp-json\/wp\/v2\/product_cat?post=10514"},{"taxonomy":"product_tag","embeddable":true,"href":"https:\/\/uj.adatbank.ro\/lexikon\/wp-json\/wp\/v2\/product_tag?post=10514"}],"curies":[{"name":"wp","href":"https:\/\/api.w.org\/{rel}","templated":true}]}}

ISTVÁNFFY Pál, Istvánffi Pál, csíkmadéfalvi

<p>1835., † Mv., 1879. ápr. 28.: bíró. – Testvérei: Róza Schaarsmidt Györgyné; József; Mária csíkszentmihályi Sándor Imréné. Felesége: nagyajtai Cserei Ilona. – Mv.-en kir. tábla bírája. – <strong>F. m.:</strong> Az Erdélyben felállított sajtóbíróság előtt követendő esküdszéki eljárásra vonatkozó összes m. kir. miniszteri rendeletek, az 1852. évi sajtórendtartás és ezekkel kapcsolatban álló törvényczikkek gyűjteménye (Mv., 1871). <br /><strong>Irod.:</strong> Gyászjelentő; Szinnyei</br></p>

<p>1835., † Mv., 1879. ápr. 28.: bíró. – Testvérei: Róza Schaarsmidt Györgyné; József; Mária csíkszentmihályi Sándor Imréné. Felesége: nagyajtai Cserei Ilona. – Mv.-en kir. tábla bírája. – F. m.: Az Erdélyben felállított sajtóbíróság előtt követendő esküdszéki eljárásra vonatkozó összes m. kir. miniszteri rendeletek, az 1852. évi sajtórendtartás és ezekkel kapcsolatban álló törvényczikkek gyűjteménye (Mv., 1871). [&hellip;]</p>
