{"id":10515,"date":"2025-06-29T13:22:38","date_gmt":"2025-06-29T11:22:38","guid":{"rendered":"https:\/\/uj.adatbank.ro\/lexikon\/termek\/istvanffy-pal-istvanffi-pal-madefalvi\/"},"modified":"2025-06-29T13:22:38","modified_gmt":"2025-06-29T11:22:38","slug":"istvanffy-pal-istvanffi-pal-madefalvi","status":"publish","type":"product","link":"https:\/\/uj.adatbank.ro\/lexikon\/termek\/istvanffy-pal-istvanffi-pal-madefalvi\/","title":{"rendered":"ISTV\u00c1NFFY P\u00e1l, Istv\u00e1nffi P\u00e1l, mad\u00e9falvi"},"content":{"rendered":"<p>1797, \u2020\u00a0Kv., 1879. jan. 3.: jog\u00e1sz, igazgat\u00f3. \u2013 Gyermekei: R\u00f3za Schaarsmidt Gy\u00f6rgyn\u00e9; P\u00e1l, feles\u00e9ge Cserei Ilona; J\u00f3zsef; M\u00e1ria cs\u00edkszentmih\u00e1lyi S\u00e1ndor Imr\u00e9n\u00e9. \u2013 Kir. udvari f\u0151t\u00f6rv\u00e9nysz\u00e9ki tan\u00e1csos, a kv.-i jogi akad. igazgat\u00f3ja (1863\u201367). Ausztriai nemes (1853), a vaskorona rend lovagja (1864). <br \/><strong>Irod.:<\/strong> Ga\u00e1l 2001; Gy\u00e1szjelent\u0151; UIL<\/br><\/p>\n","protected":false},"excerpt":{"rendered":"<p>1797, \u2020\u00a0Kv., 1879. jan. 3.: jog\u00e1sz, igazgat\u00f3. \u2013 Gyermekei: R\u00f3za Schaarsmidt Gy\u00f6rgyn\u00e9; P\u00e1l, feles\u00e9ge Cserei Ilona; J\u00f3zsef; M\u00e1ria cs\u00edkszentmih\u00e1lyi S\u00e1ndor Imr\u00e9n\u00e9. \u2013 Kir. udvari f\u0151t\u00f6rv\u00e9nysz\u00e9ki tan\u00e1csos, a kv.-i jogi akad. igazgat\u00f3ja (1863\u201367). Ausztriai nemes (1853), a vaskorona rend lovagja (1864). Irod.: Ga\u00e1l 2001; Gy\u00e1szjelent\u0151; UIL<\/p>\n","protected":false},"featured_media":0,"comment_status":"open","ping_status":"closed","template":"","meta":[],"product_brand":[],"product_cat":[137],"product_tag":[],"class_list":{"0":"post-10515","1":"product","2":"type-product","3":"status-publish","5":"product_cat-maros-megyei-eletrajzi-lexikon","7":"first","8":"instock","9":"shipping-taxable","10":"product-type-simple"},"_links":{"self":[{"href":"https:\/\/uj.adatbank.ro\/lexikon\/wp-json\/wp\/v2\/product\/10515","targetHints":{"allow":["GET"]}}],"collection":[{"href":"https:\/\/uj.adatbank.ro\/lexikon\/wp-json\/wp\/v2\/product"}],"about":[{"href":"https:\/\/uj.adatbank.ro\/lexikon\/wp-json\/wp\/v2\/types\/product"}],"replies":[{"embeddable":true,"href":"https:\/\/uj.adatbank.ro\/lexikon\/wp-json\/wp\/v2\/comments?post=10515"}],"wp:attachment":[{"href":"https:\/\/uj.adatbank.ro\/lexikon\/wp-json\/wp\/v2\/media?parent=10515"}],"wp:term":[{"taxonomy":"product_brand","embeddable":true,"href":"https:\/\/uj.adatbank.ro\/lexikon\/wp-json\/wp\/v2\/product_brand?post=10515"},{"taxonomy":"product_cat","embeddable":true,"href":"https:\/\/uj.adatbank.ro\/lexikon\/wp-json\/wp\/v2\/product_cat?post=10515"},{"taxonomy":"product_tag","embeddable":true,"href":"https:\/\/uj.adatbank.ro\/lexikon\/wp-json\/wp\/v2\/product_tag?post=10515"}],"curies":[{"name":"wp","href":"https:\/\/api.w.org\/{rel}","templated":true}]}}