{"id":10540,"date":"2025-06-29T13:23:25","date_gmt":"2025-06-29T11:23:25","guid":{"rendered":"https:\/\/uj.adatbank.ro\/lexikon\/termek\/iszlai-laszlo-iszloi-iszalay-laszlo\/"},"modified":"2025-06-29T13:23:25","modified_gmt":"2025-06-29T11:23:25","slug":"iszlai-laszlo-iszloi-iszalay-laszlo","status":"publish","type":"product","link":"https:\/\/uj.adatbank.ro\/lexikon\/termek\/iszlai-laszlo-iszloi-iszalay-laszlo\/","title":{"rendered":"ISZLAI L\u00e1szl\u00f3, iszl\u00f3i., Iszalay L\u00e1szl\u00f3"},"content":{"rendered":"<p>1792., \u20201869.: f\u0151korm\u00e1nysz\u00e9ki titk\u00e1r. \u2013 Az iszl\u00f3i unit. templom a csal\u00e1d seg\u00edts\u00e9g\u00e9vel \u00e9p\u00fclt (1600-as \u00e9vek v\u00e9g\u00e9n), s\u00edrk\u00f6ve a templomkertben, c\u00edmere a sz\u00f3sz\u00e9k mellett van. Hal\u00e1l\u00e1val a csal\u00e1d kihalt. Guberniumi titk\u00e1r (1848-ig). <br \/><strong>Irod.:<\/strong> Nagy Iv\u00e1n; Nemes Gyula: Szakr\u00e1lis eml\u00e9kek\u2026 =  P\u00e1l-Antal \u2013 Simon; K\u0151v\u00e1ry; Nagy Iv\u00e1n; P\u00e1lmay; Sepsisz\u00e9ki; Szathm\u00e1ri Papp K\u00e1roly<\/br><\/p>\n","protected":false},"excerpt":{"rendered":"<p>1792., \u20201869.: f\u0151korm\u00e1nysz\u00e9ki titk\u00e1r. \u2013 Az iszl\u00f3i unit. templom a csal\u00e1d seg\u00edts\u00e9g\u00e9vel \u00e9p\u00fclt (1600-as \u00e9vek v\u00e9g\u00e9n), s\u00edrk\u00f6ve a templomkertben, c\u00edmere a sz\u00f3sz\u00e9k mellett van. Hal\u00e1l\u00e1val a csal\u00e1d kihalt. Guberniumi titk\u00e1r (1848-ig). Irod.: Nagy Iv\u00e1n; Nemes Gyula: Szakr\u00e1lis eml\u00e9kek\u2026 = P\u00e1l-Antal \u2013 Simon; K\u0151v\u00e1ry; Nagy Iv\u00e1n; P\u00e1lmay; Sepsisz\u00e9ki; Szathm\u00e1ri Papp K\u00e1roly<\/p>\n","protected":false},"featured_media":0,"comment_status":"open","ping_status":"closed","template":"","meta":[],"product_brand":[],"product_cat":[137],"product_tag":[],"class_list":{"0":"post-10540","1":"product","2":"type-product","3":"status-publish","5":"product_cat-maros-megyei-eletrajzi-lexikon","7":"first","8":"instock","9":"shipping-taxable","10":"product-type-simple"},"_links":{"self":[{"href":"https:\/\/uj.adatbank.ro\/lexikon\/wp-json\/wp\/v2\/product\/10540","targetHints":{"allow":["GET"]}}],"collection":[{"href":"https:\/\/uj.adatbank.ro\/lexikon\/wp-json\/wp\/v2\/product"}],"about":[{"href":"https:\/\/uj.adatbank.ro\/lexikon\/wp-json\/wp\/v2\/types\/product"}],"replies":[{"embeddable":true,"href":"https:\/\/uj.adatbank.ro\/lexikon\/wp-json\/wp\/v2\/comments?post=10540"}],"wp:attachment":[{"href":"https:\/\/uj.adatbank.ro\/lexikon\/wp-json\/wp\/v2\/media?parent=10540"}],"wp:term":[{"taxonomy":"product_brand","embeddable":true,"href":"https:\/\/uj.adatbank.ro\/lexikon\/wp-json\/wp\/v2\/product_brand?post=10540"},{"taxonomy":"product_cat","embeddable":true,"href":"https:\/\/uj.adatbank.ro\/lexikon\/wp-json\/wp\/v2\/product_cat?post=10540"},{"taxonomy":"product_tag","embeddable":true,"href":"https:\/\/uj.adatbank.ro\/lexikon\/wp-json\/wp\/v2\/product_tag?post=10540"}],"curies":[{"name":"wp","href":"https:\/\/api.w.org\/{rel}","templated":true}]}}

ISZLAI László, iszlói., Iszalay László

<p>1792., †1869.: főkormányszéki titkár. – Az iszlói unit. templom a család segítségével épült (1600-as évek végén), sírköve a templomkertben, címere a szószék mellett van. Halálával a család kihalt. Guberniumi titkár (1848-ig). <br /><strong>Irod.:</strong> Nagy Iván; Nemes Gyula: Szakrális emlékek… =  Pál-Antal – Simon; Kőváry; Nagy Iván; Pálmay; Sepsiszéki; Szathmári Papp Károly</br></p>

<p>1792., †1869.: főkormányszéki titkár. – Az iszlói unit. templom a család segítségével épült (1600-as évek végén), sírköve a templomkertben, címere a szószék mellett van. Halálával a család kihalt. Guberniumi titkár (1848-ig). Irod.: Nagy Iván; Nemes Gyula: Szakrális emlékek… = Pál-Antal – Simon; Kőváry; Nagy Iván; Pálmay; Sepsiszéki; Szathmári Papp Károly</p>
