{"id":10544,"date":"2025-06-29T13:23:32","date_gmt":"2025-06-29T11:23:32","guid":{"rendered":"https:\/\/uj.adatbank.ro\/lexikon\/termek\/iszlai-viktor\/"},"modified":"2025-06-29T13:23:32","modified_gmt":"2025-06-29T11:23:32","slug":"iszlai-viktor","status":"publish","type":"product","link":"https:\/\/uj.adatbank.ro\/lexikon\/termek\/iszlai-viktor\/","title":{"rendered":"ISZLAI Viktor"},"content":{"rendered":"<p>1930., \u2020\u00a0Mv., 1991. m\u00e1rc. 1.: m\u00e9rn\u00f6k. \u2013 Feles\u00e9ge: Timakova Irina (1930-Mv., 2004. m\u00e1rc. 5.) tan\u00e1rn\u0151. \u2013 Mv. \u2013i Mez\u0151g\u00e9p\u00e9szeti \u00c1llom\u00e1s igazgat\u00f3ja. <br \/><strong>Irod.:<\/strong> [Nekrol\u00f3g] (N\u00fa., 1991. m\u00e1rc. 5.)<\/br><\/p>\n","protected":false},"excerpt":{"rendered":"<p>1930., \u2020\u00a0Mv., 1991. m\u00e1rc. 1.: m\u00e9rn\u00f6k. \u2013 Feles\u00e9ge: Timakova Irina (1930-Mv., 2004. m\u00e1rc. 5.) tan\u00e1rn\u0151. \u2013 Mv. \u2013i Mez\u0151g\u00e9p\u00e9szeti \u00c1llom\u00e1s igazgat\u00f3ja. Irod.: [Nekrol\u00f3g] (N\u00fa., 1991. m\u00e1rc. 5.)<\/p>\n","protected":false},"featured_media":0,"comment_status":"open","ping_status":"closed","template":"","meta":[],"product_brand":[],"product_cat":[137],"product_tag":[],"class_list":{"0":"post-10544","1":"product","2":"type-product","3":"status-publish","5":"product_cat-maros-megyei-eletrajzi-lexikon","7":"first","8":"instock","9":"shipping-taxable","10":"product-type-simple"},"_links":{"self":[{"href":"https:\/\/uj.adatbank.ro\/lexikon\/wp-json\/wp\/v2\/product\/10544","targetHints":{"allow":["GET"]}}],"collection":[{"href":"https:\/\/uj.adatbank.ro\/lexikon\/wp-json\/wp\/v2\/product"}],"about":[{"href":"https:\/\/uj.adatbank.ro\/lexikon\/wp-json\/wp\/v2\/types\/product"}],"replies":[{"embeddable":true,"href":"https:\/\/uj.adatbank.ro\/lexikon\/wp-json\/wp\/v2\/comments?post=10544"}],"wp:attachment":[{"href":"https:\/\/uj.adatbank.ro\/lexikon\/wp-json\/wp\/v2\/media?parent=10544"}],"wp:term":[{"taxonomy":"product_brand","embeddable":true,"href":"https:\/\/uj.adatbank.ro\/lexikon\/wp-json\/wp\/v2\/product_brand?post=10544"},{"taxonomy":"product_cat","embeddable":true,"href":"https:\/\/uj.adatbank.ro\/lexikon\/wp-json\/wp\/v2\/product_cat?post=10544"},{"taxonomy":"product_tag","embeddable":true,"href":"https:\/\/uj.adatbank.ro\/lexikon\/wp-json\/wp\/v2\/product_tag?post=10544"}],"curies":[{"name":"wp","href":"https:\/\/api.w.org\/{rel}","templated":true}]}}