{"id":10552,"date":"2025-06-29T13:23:47","date_gmt":"2025-06-29T11:23:47","guid":{"rendered":"https:\/\/uj.adatbank.ro\/lexikon\/termek\/iszlay-lajos\/"},"modified":"2025-06-29T13:23:47","modified_gmt":"2025-06-29T11:23:47","slug":"iszlay-lajos","status":"publish","type":"product","link":"https:\/\/uj.adatbank.ro\/lexikon\/termek\/iszlay-lajos\/","title":{"rendered":"ISZLAY Lajos"},"content":{"rendered":"<p>Sz\u00e9kelycs\u00f3ka, 1877., \u2020\u00a0?: gazd\u00e1lkod\u00f3 \u00e9s keresked\u0151. A sz\u00fclei h\u00e1zn\u00e1l tanult gazd\u00e1lkodni \u00e9s katona\u00e9vei leszolg\u00e1l\u00e1sa ut\u00e1n a csend\u00f6rs\u00e9ghez ker\u00fclt, hossz\u00fa \u00e9vek ut\u00e1n gazd\u00e1lkodott Teremi\u00fajfalu-ban, valamint \u00f6n\u00e1ll\u00f3 keresked\u0151 volt. Az EGE tagja \u00e9s eln\u00f6ke, gazdak\u00f6ri eln\u0151k, a ref. egyh\u00e1z presbitere, a szoci\u00e1lis misszi\u00f3 eln\u00f6ke, a tejsz\u00f6vetkezet eln\u00f6ke, k\u00f6zs\u00e9gi tan\u00e1cstag volt. <br \/><strong>Irod.:<\/strong> Sz\u00e9kelyf\u00f6ld \u00ed. k.<\/br><\/p>\n","protected":false},"excerpt":{"rendered":"<p>Sz\u00e9kelycs\u00f3ka, 1877., \u2020\u00a0?: gazd\u00e1lkod\u00f3 \u00e9s keresked\u0151. A sz\u00fclei h\u00e1zn\u00e1l tanult gazd\u00e1lkodni \u00e9s katona\u00e9vei leszolg\u00e1l\u00e1sa ut\u00e1n a csend\u00f6rs\u00e9ghez ker\u00fclt, hossz\u00fa \u00e9vek ut\u00e1n gazd\u00e1lkodott Teremi\u00fajfalu-ban, valamint \u00f6n\u00e1ll\u00f3 keresked\u0151 volt. Az EGE tagja \u00e9s eln\u00f6ke, gazdak\u00f6ri eln\u0151k, a ref. egyh\u00e1z presbitere, a szoci\u00e1lis misszi\u00f3 eln\u00f6ke, a tejsz\u00f6vetkezet eln\u00f6ke, k\u00f6zs\u00e9gi tan\u00e1cstag volt. Irod.: Sz\u00e9kelyf\u00f6ld \u00ed. k.<\/p>\n","protected":false},"featured_media":0,"comment_status":"open","ping_status":"closed","template":"","meta":[],"product_brand":[],"product_cat":[137],"product_tag":[],"class_list":{"0":"post-10552","1":"product","2":"type-product","3":"status-publish","5":"product_cat-maros-megyei-eletrajzi-lexikon","7":"first","8":"instock","9":"shipping-taxable","10":"product-type-simple"},"_links":{"self":[{"href":"https:\/\/uj.adatbank.ro\/lexikon\/wp-json\/wp\/v2\/product\/10552","targetHints":{"allow":["GET"]}}],"collection":[{"href":"https:\/\/uj.adatbank.ro\/lexikon\/wp-json\/wp\/v2\/product"}],"about":[{"href":"https:\/\/uj.adatbank.ro\/lexikon\/wp-json\/wp\/v2\/types\/product"}],"replies":[{"embeddable":true,"href":"https:\/\/uj.adatbank.ro\/lexikon\/wp-json\/wp\/v2\/comments?post=10552"}],"wp:attachment":[{"href":"https:\/\/uj.adatbank.ro\/lexikon\/wp-json\/wp\/v2\/media?parent=10552"}],"wp:term":[{"taxonomy":"product_brand","embeddable":true,"href":"https:\/\/uj.adatbank.ro\/lexikon\/wp-json\/wp\/v2\/product_brand?post=10552"},{"taxonomy":"product_cat","embeddable":true,"href":"https:\/\/uj.adatbank.ro\/lexikon\/wp-json\/wp\/v2\/product_cat?post=10552"},{"taxonomy":"product_tag","embeddable":true,"href":"https:\/\/uj.adatbank.ro\/lexikon\/wp-json\/wp\/v2\/product_tag?post=10552"}],"curies":[{"name":"wp","href":"https:\/\/api.w.org\/{rel}","templated":true}]}}

<p>Székelycsóka, 1877., † ?: gazdálkodó és kereskedő. A szülei háznál tanult gazdálkodni és katonaévei leszolgálása után a csendörséghez került, hosszú évek után gazdálkodott Teremiújfalu-ban, valamint önálló kereskedő volt. Az EGE tagja és elnöke, gazdaköri elnők, a ref. egyház presbitere, a szociális misszió elnöke, a tejszövetkezet elnöke, községi tanácstag volt. <br /><strong>Irod.:</strong> Székelyföld í. k.</br></p>

<p>Székelycsóka, 1877., † ?: gazdálkodó és kereskedő. A szülei háznál tanult gazdálkodni és katonaévei leszolgálása után a csendörséghez került, hosszú évek után gazdálkodott Teremiújfalu-ban, valamint önálló kereskedő volt. Az EGE tagja és elnöke, gazdaköri elnők, a ref. egyház presbitere, a szociális misszió elnöke, a tejszövetkezet elnöke, községi tanácstag volt. Irod.: Székelyföld í. k.</p>
