{"id":10610,"date":"2025-06-29T13:25:46","date_gmt":"2025-06-29T11:25:46","guid":{"rendered":"https:\/\/uj.adatbank.ro\/lexikon\/termek\/jablonkay-istvan-%c2%a7-jablonkai-istvan-graff-istvan-1934-ig\/"},"modified":"2025-06-29T13:25:46","modified_gmt":"2025-06-29T11:25:46","slug":"jablonkay-istvan-%c2%a7-jablonkai-istvan-graff-istvan-1934-ig","status":"publish","type":"product","link":"https:\/\/uj.adatbank.ro\/lexikon\/termek\/jablonkay-istvan-%c2%a7-jablonkai-istvan-graff-istvan-1934-ig\/","title":{"rendered":"JABLONKAY Istv\u00e1n, \u00a7 Jablonkai Istv\u00e1n, Gr\u00e4ff Istv\u00e1n (1934-ig)"},"content":{"rendered":"<p>Solym\u00e1r, 1913. dec. 16., \u2020 Solym\u00e1r, 2000. nov. 19.: gy\u00f3gyszer\u00e9sz, egyetemi tan\u00e1r. \u2013 Bp.-en v\u00e9gezte a k\u00f6z\u00e9piskolai \u00e9s egyetemi tanulm\u00e1nyait, a P\u00e1zm\u00e1ny P\u00e9ter TE-en (1933\u201337) kapott b\u00f6lcs\u00e9szdoktori diplom\u00e1t. Katona (1939\u201340). A mv.-i R. K. Gimn.-ban term\u00e9szetrajzot \u00e9s f\u00f6ldrajzot tan\u00edtott (1941\u201348). A mv.-i eg\u00e9szs\u00e9g\u00fcgyi k\u00f6z\u00e9piskol\u00e1ban folytatta a tan\u00edt\u00e1st (1948. j\u00fan. \u2013). Dr. Cs\u0151g\u00f6r Lajos megh\u00edvta \u00f3raad\u00f3 tan\u00e1rnak a MOGYI \u00c1ltal\u00e1nos Orvosi Kar\u00e1ra, az orvosi f\u00f6ldrajz el\u0151ad\u00f3ja \u00e9s kutat\u00f3ja (1946\u2013). A MOGYI Gy\u00f3gyszer\u00e9szeti N\u00f6v\u00e9nytan Kar\u00e1nak alap\u00edt\u00f3 tan\u00e1ra, a N\u00f6v\u00e9nytani tansz\u00e9k megszervez\u0151je el\u0151ad\u00f3 adjunktusi min\u0151s\u00e9gben (1948\u201352); el\u0151ad\u00f3 tan\u00e1r (1949\u201352); a IV. \u00e9ves hallgat\u00f3knak farmakogn\u00f3zi\u00e1b\u00f3l tartott el\u0151ad\u00e1sokat \u00e9s gyakorlatot (1948\u201349). Javasolta \u00e9s kezdem\u00e9nyezte a Botanikus Kert l\u00e9tes\u00edt\u00e9s\u00e9t. Kopp Elem\u00e9r tan\u00e1r meg\u00e9rkez\u00e9s\u00e9ig a MOGYI Botanikus Kertj\u00e9nek egyik l\u00e9trehoz\u00f3ja. Felmondt\u00e1k egyetemi \u00e1ll\u00e1s\u00e1t, m. \u00e1llampolg\u00e1rk\u00e9nt el kellett hagynia az orsz\u00e1got (1952). Folytatta k\u00f6z\u00e9piskolai tan\u00e1ri munk\u00e1j\u00e1t repatri\u00e1l\u00e1s\u00e1ig (1952\u201356. aug.). Bp.-en tan\u00edtott nyugd\u00edjaz\u00e1s\u00e1ig (1976). \u00c9lete Solym\u00e1ron fejez\u0151d\u00f6tt be. <br \/><strong>Irod.:<\/strong> Facultatea de Farmacie; Genersich; H\u00e1bor\u00fas nevel\u00e9s (Mv., 1943); Mv.-i Gy\u00f3gyszer\u00e9szeti Kar; P\u00e9ter H. M.; P\u00e9ter H. M. 2013; R. k. okt. \u2013 1; R. k. okt. \u20132.; Szab\u00f3 K. Attila<\/br><\/p>\n","protected":false},"excerpt":{"rendered":"<p>Solym\u00e1r, 1913. dec. 16., \u2020 Solym\u00e1r, 2000. nov. 19.: gy\u00f3gyszer\u00e9sz, egyetemi tan\u00e1r. \u2013 Bp.-en v\u00e9gezte a k\u00f6z\u00e9piskolai \u00e9s egyetemi tanulm\u00e1nyait, a P\u00e1zm\u00e1ny P\u00e9ter TE-en (1933\u201337) kapott b\u00f6lcs\u00e9szdoktori diplom\u00e1t. Katona (1939\u201340). A mv.-i R. K. Gimn.-ban term\u00e9szetrajzot \u00e9s f\u00f6ldrajzot tan\u00edtott (1941\u201348). A mv.-i eg\u00e9szs\u00e9g\u00fcgyi k\u00f6z\u00e9piskol\u00e1ban folytatta a tan\u00edt\u00e1st (1948. j\u00fan. \u2013). Dr. Cs\u0151g\u00f6r Lajos megh\u00edvta \u00f3raad\u00f3 [&hellip;]<\/p>\n","protected":false},"featured_media":0,"comment_status":"open","ping_status":"closed","template":"","meta":[],"product_brand":[],"product_cat":[137],"product_tag":[],"class_list":{"0":"post-10610","1":"product","2":"type-product","3":"status-publish","5":"product_cat-maros-megyei-eletrajzi-lexikon","7":"first","8":"instock","9":"shipping-taxable","10":"product-type-simple"},"_links":{"self":[{"href":"https:\/\/uj.adatbank.ro\/lexikon\/wp-json\/wp\/v2\/product\/10610","targetHints":{"allow":["GET"]}}],"collection":[{"href":"https:\/\/uj.adatbank.ro\/lexikon\/wp-json\/wp\/v2\/product"}],"about":[{"href":"https:\/\/uj.adatbank.ro\/lexikon\/wp-json\/wp\/v2\/types\/product"}],"replies":[{"embeddable":true,"href":"https:\/\/uj.adatbank.ro\/lexikon\/wp-json\/wp\/v2\/comments?post=10610"}],"wp:attachment":[{"href":"https:\/\/uj.adatbank.ro\/lexikon\/wp-json\/wp\/v2\/media?parent=10610"}],"wp:term":[{"taxonomy":"product_brand","embeddable":true,"href":"https:\/\/uj.adatbank.ro\/lexikon\/wp-json\/wp\/v2\/product_brand?post=10610"},{"taxonomy":"product_cat","embeddable":true,"href":"https:\/\/uj.adatbank.ro\/lexikon\/wp-json\/wp\/v2\/product_cat?post=10610"},{"taxonomy":"product_tag","embeddable":true,"href":"https:\/\/uj.adatbank.ro\/lexikon\/wp-json\/wp\/v2\/product_tag?post=10610"}],"curies":[{"name":"wp","href":"https:\/\/api.w.org\/{rel}","templated":true}]}}

JABLONKAY István, § Jablonkai István, Gräff István (1934-ig)

<p>Solymár, 1913. dec. 16., † Solymár, 2000. nov. 19.: gyógyszerész, egyetemi tanár. – Bp.-en végezte a középiskolai és egyetemi tanulmányait, a Pázmány Péter TE-en (1933–37) kapott bölcsészdoktori diplomát. Katona (1939–40). A mv.-i R. K. Gimn.-ban természetrajzot és földrajzot tanított (1941–48). A mv.-i egészségügyi középiskolában folytatta a tanítást (1948. jún. –). Dr. Csőgör Lajos meghívta óraadó tanárnak a MOGYI Általános Orvosi Karára, az orvosi földrajz előadója és kutatója (1946–). A MOGYI Gyógyszerészeti Növénytan Karának alapító tanára, a Növénytani tanszék megszervezője előadó adjunktusi minőségben (1948–52); előadó tanár (1949–52); a IV. éves hallgatóknak farmakognóziából tartott előadásokat és gyakorlatot (1948–49). Javasolta és kezdeményezte a Botanikus Kert létesítését. Kopp Elemér tanár megérkezéséig a MOGYI Botanikus Kertjének egyik létrehozója. Felmondták egyetemi állását, m. állampolgárként el kellett hagynia az országot (1952). Folytatta középiskolai tanári munkáját repatriálásáig (1952–56. aug.). Bp.-en tanított nyugdíjazásáig (1976). Élete Solymáron fejeződött be. <br /><strong>Irod.:</strong> Facultatea de Farmacie; Genersich; Háborús nevelés (Mv., 1943); Mv.-i Gyógyszerészeti Kar; Péter H. M.; Péter H. M. 2013; R. k. okt. – 1; R. k. okt. –2.; Szabó K. Attila</br></p>

<p>Solymár, 1913. dec. 16., † Solymár, 2000. nov. 19.: gyógyszerész, egyetemi tanár. – Bp.-en végezte a középiskolai és egyetemi tanulmányait, a Pázmány Péter TE-en (1933–37) kapott bölcsészdoktori diplomát. Katona (1939–40). A mv.-i R. K. Gimn.-ban természetrajzot és földrajzot tanított (1941–48). A mv.-i egészségügyi középiskolában folytatta a tanítást (1948. jún. –). Dr. Csőgör Lajos meghívta óraadó [&hellip;]</p>
