{"id":10612,"date":"2025-06-29T13:25:49","date_gmt":"2025-06-29T11:25:49","guid":{"rendered":"https:\/\/uj.adatbank.ro\/lexikon\/termek\/jacobi-agost\/"},"modified":"2025-06-29T13:25:49","modified_gmt":"2025-06-29T11:25:49","slug":"jacobi-agost","status":"publish","type":"product","link":"https:\/\/uj.adatbank.ro\/lexikon\/termek\/jacobi-agost\/","title":{"rendered":"JACOBI \u00c1gost"},"content":{"rendered":"<p>Segesv\u00e1r, 1881., \u2020\u00a0? : ut\u00e1szezredes. \u2013 A hainburgi ut\u00e1szhadapr\u00f3d iskolal\u00e1ban v\u00e9gzett (1900). Z\u00e1szl\u00f3s a 4. pettaui ut\u00e1szz\u00e1szl\u00f3aljban, volt m\u00e9g Esz\u00e9ken, Bp.-en. B\u00e9cs\u00fajhelyen elv\u00e9gezte a torna- \u00e9s v\u00edv\u00f3tanfolyamot (1906\u201308) \u00e9s mint sporttan\u00e1r \u00e9s oktat\u00f3tiszt a m\u00f6dlingi Katonai Akad. -\u00e1n szolg\u00e1lt. Pozsonyban sz\u00e1zadparancsnok; r\u00e9szt vett az els\u0151 vh.-ban a szerb, olasz, rom\u00e1n fronton, D\u00e9l Tirol, Piave-csat\u00e1ban. A h\u00e1bor\u00fa ut\u00e1n z\u00e1szl\u00f3aljparancsnok lett Szegeden (1923), itt l\u00e9pett alezredesi rangfokozattal nyug\u00e1llom\u00e1nyba, c\u00edmzetes ezredes (1928). A Szt. Margitszigeti Gy\u00f3gyf\u00fcrd\u0151 Rt. \u00fcgyvezet\u0151 igazgat\u00f3ja (1925\u201331). \u2013 <strong>F. m.:<\/strong> <strong>szerk.:<\/strong> M. m\u0171szaki parancsnoks\u00e1gok, csapatok \u00e9s alakulatok a vil\u00e1gh\u00e1bor\u00faban (Bp., 1928). <br \/><strong>Irod.:<\/strong> Guly\u00e1s<\/br><\/p>\n","protected":false},"excerpt":{"rendered":"<p>Segesv\u00e1r, 1881., \u2020\u00a0? : ut\u00e1szezredes. \u2013 A hainburgi ut\u00e1szhadapr\u00f3d iskolal\u00e1ban v\u00e9gzett (1900). Z\u00e1szl\u00f3s a 4. pettaui ut\u00e1szz\u00e1szl\u00f3aljban, volt m\u00e9g Esz\u00e9ken, Bp.-en. B\u00e9cs\u00fajhelyen elv\u00e9gezte a torna- \u00e9s v\u00edv\u00f3tanfolyamot (1906\u201308) \u00e9s mint sporttan\u00e1r \u00e9s oktat\u00f3tiszt a m\u00f6dlingi Katonai Akad. -\u00e1n szolg\u00e1lt. Pozsonyban sz\u00e1zadparancsnok; r\u00e9szt vett az els\u0151 vh.-ban a szerb, olasz, rom\u00e1n fronton, D\u00e9l Tirol, Piave-csat\u00e1ban. A [&hellip;]<\/p>\n","protected":false},"featured_media":0,"comment_status":"open","ping_status":"closed","template":"","meta":[],"product_brand":[],"product_cat":[137],"product_tag":[],"class_list":{"0":"post-10612","1":"product","2":"type-product","3":"status-publish","5":"product_cat-maros-megyei-eletrajzi-lexikon","7":"first","8":"instock","9":"shipping-taxable","10":"product-type-simple"},"_links":{"self":[{"href":"https:\/\/uj.adatbank.ro\/lexikon\/wp-json\/wp\/v2\/product\/10612","targetHints":{"allow":["GET"]}}],"collection":[{"href":"https:\/\/uj.adatbank.ro\/lexikon\/wp-json\/wp\/v2\/product"}],"about":[{"href":"https:\/\/uj.adatbank.ro\/lexikon\/wp-json\/wp\/v2\/types\/product"}],"replies":[{"embeddable":true,"href":"https:\/\/uj.adatbank.ro\/lexikon\/wp-json\/wp\/v2\/comments?post=10612"}],"wp:attachment":[{"href":"https:\/\/uj.adatbank.ro\/lexikon\/wp-json\/wp\/v2\/media?parent=10612"}],"wp:term":[{"taxonomy":"product_brand","embeddable":true,"href":"https:\/\/uj.adatbank.ro\/lexikon\/wp-json\/wp\/v2\/product_brand?post=10612"},{"taxonomy":"product_cat","embeddable":true,"href":"https:\/\/uj.adatbank.ro\/lexikon\/wp-json\/wp\/v2\/product_cat?post=10612"},{"taxonomy":"product_tag","embeddable":true,"href":"https:\/\/uj.adatbank.ro\/lexikon\/wp-json\/wp\/v2\/product_tag?post=10612"}],"curies":[{"name":"wp","href":"https:\/\/api.w.org\/{rel}","templated":true}]}}

JACOBI Ágost

<p>Segesvár, 1881., † ? : utászezredes. – A hainburgi utászhadapród iskolalában végzett (1900). Zászlós a 4. pettaui utászzászlóaljban, volt még Eszéken, Bp.-en. Bécsújhelyen elvégezte a torna- és vívótanfolyamot (1906–08) és mint sporttanár és oktatótiszt a mödlingi Katonai Akad. -án szolgált. Pozsonyban századparancsnok; részt vett az első vh.-ban a szerb, olasz, román fronton, Dél Tirol, Piave-csatában. A háború után zászlóaljparancsnok lett Szegeden (1923), itt lépett alezredesi rangfokozattal nyugállományba, címzetes ezredes (1928). A Szt. Margitszigeti Gyógyfürdő Rt. ügyvezető igazgatója (1925–31). – <strong>F. m.:</strong> <strong>szerk.:</strong> M. műszaki parancsnokságok, csapatok és alakulatok a világháborúban (Bp., 1928). <br /><strong>Irod.:</strong> Gulyás</br></p>

<p>Segesvár, 1881., † ? : utászezredes. – A hainburgi utászhadapród iskolalában végzett (1900). Zászlós a 4. pettaui utászzászlóaljban, volt még Eszéken, Bp.-en. Bécsújhelyen elvégezte a torna- és vívótanfolyamot (1906–08) és mint sporttanár és oktatótiszt a mödlingi Katonai Akad. -án szolgált. Pozsonyban századparancsnok; részt vett az első vh.-ban a szerb, olasz, román fronton, Dél Tirol, Piave-csatában. A [&hellip;]</p>
