{"id":10615,"date":"2025-06-29T13:25:56","date_gmt":"2025-06-29T11:25:56","guid":{"rendered":"https:\/\/uj.adatbank.ro\/lexikon\/termek\/jacobi-zsofia\/"},"modified":"2025-06-29T13:25:56","modified_gmt":"2025-06-29T11:25:56","slug":"jacobi-zsofia","status":"publish","type":"product","link":"https:\/\/uj.adatbank.ro\/lexikon\/termek\/jacobi-zsofia\/","title":{"rendered":"JACOBI Zs\u00f3fia"},"content":{"rendered":"<p>? \u2020\u00a0?: : eln\u00f6k. \u2013 Dr. Jacobi Gyula ev. lelk\u00e9sz feles\u00e9ge. \u2013 A segesv\u00e1ri Ev. N\u0151egylet eln\u00f6ke. \u2013 <strong>F. m.:<\/strong> T\u00e4tigkeitsbericht d. Sch\u00e4ssburger ev. Orstfrauen-Vereins aus Anlasz feines 75. j\u00e4hrigen Gr\u00fcndungsfestes (Segesv\u00e1r, 1937). <br \/><strong>Irod.:<\/strong> Guly\u00e1s<\/br><\/p>\n","protected":false},"excerpt":{"rendered":"<p>? \u2020\u00a0?: : eln\u00f6k. \u2013 Dr. Jacobi Gyula ev. lelk\u00e9sz feles\u00e9ge. \u2013 A segesv\u00e1ri Ev. N\u0151egylet eln\u00f6ke. \u2013 F. m.: T\u00e4tigkeitsbericht d. Sch\u00e4ssburger ev. Orstfrauen-Vereins aus Anlasz feines 75. j\u00e4hrigen Gr\u00fcndungsfestes (Segesv\u00e1r, 1937). Irod.: Guly\u00e1s<\/p>\n","protected":false},"featured_media":0,"comment_status":"open","ping_status":"closed","template":"","meta":[],"product_brand":[],"product_cat":[137],"product_tag":[],"class_list":{"0":"post-10615","1":"product","2":"type-product","3":"status-publish","5":"product_cat-maros-megyei-eletrajzi-lexikon","7":"first","8":"instock","9":"shipping-taxable","10":"product-type-simple"},"_links":{"self":[{"href":"https:\/\/uj.adatbank.ro\/lexikon\/wp-json\/wp\/v2\/product\/10615","targetHints":{"allow":["GET"]}}],"collection":[{"href":"https:\/\/uj.adatbank.ro\/lexikon\/wp-json\/wp\/v2\/product"}],"about":[{"href":"https:\/\/uj.adatbank.ro\/lexikon\/wp-json\/wp\/v2\/types\/product"}],"replies":[{"embeddable":true,"href":"https:\/\/uj.adatbank.ro\/lexikon\/wp-json\/wp\/v2\/comments?post=10615"}],"wp:attachment":[{"href":"https:\/\/uj.adatbank.ro\/lexikon\/wp-json\/wp\/v2\/media?parent=10615"}],"wp:term":[{"taxonomy":"product_brand","embeddable":true,"href":"https:\/\/uj.adatbank.ro\/lexikon\/wp-json\/wp\/v2\/product_brand?post=10615"},{"taxonomy":"product_cat","embeddable":true,"href":"https:\/\/uj.adatbank.ro\/lexikon\/wp-json\/wp\/v2\/product_cat?post=10615"},{"taxonomy":"product_tag","embeddable":true,"href":"https:\/\/uj.adatbank.ro\/lexikon\/wp-json\/wp\/v2\/product_tag?post=10615"}],"curies":[{"name":"wp","href":"https:\/\/api.w.org\/{rel}","templated":true}]}}