{"id":10632,"date":"2025-06-29T13:26:27","date_gmt":"2025-06-29T11:26:27","guid":{"rendered":"https:\/\/uj.adatbank.ro\/lexikon\/termek\/jakab-antal-2\/"},"modified":"2025-06-29T13:26:27","modified_gmt":"2025-06-29T11:26:27","slug":"jakab-antal-2","status":"publish","type":"product","link":"https:\/\/uj.adatbank.ro\/lexikon\/termek\/jakab-antal-2\/","title":{"rendered":"JAKAB Antal"},"content":{"rendered":"<p>Kily\u00e9nfalva, 1909. m\u00e1rc. 13., \u2020 Gyulafeh\u00e9rv\u00e1r, 1993. m\u00e1j. 5.: r. k. f\u0151pap., szentsz\u00e9ki tan\u00e1csos, Astigi c. p\u00fcsp\u00f6k (1972). \u2013 A gyulafeh\u00e9rv\u00e1ri papnevel\u0151 int.-ben teol\u00f3gi\u00e1t tanult, papp\u00e1 szentelt\u00e9k (1934. j\u00fan. 29.). K\u00e1pl\u00e1n volt Ditr\u00f3ban (1934), Gyulafeh\u00e9rv\u00e1ron \u00e9s Kv.-on (1936). A r\u00f3mai Later\u00e1ni Egy.-en k\u00e1nonjogi doktori oklevelet szerzett (1942\u2013). Kv.-on a gyulafeh\u00e9rv\u00e1ri p\u00fcsp\u00f6ks\u00e9g helytart\u00f3s\u00e1gi irod\u00e1j\u00e1nak titk\u00e1ra (1942\u2013), Gyergy\u00f3szentmikl\u00f3son helyettes pl\u00e9b\u00e1nos \u00e9s f\u0151esperes (1944), Kv.-on egyetemi lelkip\u00e1sztor (1945), a gyulafeh\u00e9rv\u00e1ri teol\u00f3gi\u00e1n az egyh\u00e1zjog tan\u00e1ra \u00e9s az int\u00e9zet prefektusa (1950\u2013), \u00e9s a gyulafeh\u00e9rv\u00e1ri egyh\u00e1zm. titkos korm\u00e1nyz\u00f3ja (1951. m\u00e1rc. 10. \u2013 aug. 24). A rom\u00e1n hat\u00f3s\u00e1gok letart\u00f3ztatt\u00e1k (1951. aug. 24. \u2013 1964. \u00e1pr. 16.), haza\u00e1rul\u00e1s v\u00e1dj\u00e1val b\u00f6rt\u00f6nb\u00fcntet\u00e9sre \u00edt\u00e9lt\u00e9k, 4 \u00e9vig a fels\u0151b\u00e1nyai \u00f3lomb\u00e1ny\u00e1ban dolgozott. Buz\u00e1sbesny\u0151i pl\u00e9b\u00e1nos (1964\u201368). Kinevez\u00e9s\u00e9vel Kerel\u0151szentp\u00e1l fili\u00e1ja, Buz\u00e1sbeseny\u0151 helyi k\u00e1pl\u00e1ns\u00e1g lett (1966. okt. 1). Megv\u00e1s\u00e1rolt\u00e1k a lelk\u00e9szi lak\u00e1s \u00e9s a pl\u00e9b\u00e1niahivatal \u00e9p\u00fclet\u00e9t, a b\u00e9csi Caritast\u00f3l kapott seg\u00e9lyb\u0151l megjav\u00edtott\u00e1k a pl\u00e9b\u00e1nia \u00e9p\u00fclet\u00e9t (1968). A helyi k\u00e1pl\u00e1ns\u00e1gb\u00f3l pl\u00e9b\u00e1nia lett (1968. nov. 30.). Kinevezt\u00e9k Gyulafeh\u00e9rv\u00e1rra a papnevel\u0151 int. teol\u00f3giai tan\u00e1r\u00e1nak (1968\u2013), egyidej\u0171leg M\u00e1rton \u00c1ron ut\u00f3dl\u00e1si jog\u00fa seg\u00e9dp\u00fcsp\u00f6ke (1971. dec. 23.) \u00e9s Astig-i c. p\u00fcsp\u00f6k. A gyulafeh\u00e9rv\u00e1ri egyh\u00e1zmegye p\u00fcsp\u00f6k\u00e9v\u00e9 szentelte VI. P\u00e1l p\u00e1pa (R\u00f3ma, 1972. febr. 13). Az egyh\u00e1zmegye p\u00fcsp\u00f6ke (1980. \u00e1pr. 2. \u2013 1990. m\u00e1rc. 14.), administrator apostolicus (1990. m\u00e1rc. 14. -\u00e1pr. 24.). \u2013 <strong>F. m.:<\/strong> Az erd\u00e9lyi p\u00fcsp\u00f6ki sz\u00e9k bet\u00f6lt\u00e9s\u00e9nek vit\u00e1ja a 17. sz.-ban (Kv., 1944); De hierarchia eclesiae transylvaniensis tempore principatus (1527\u20131697). (Roma, 2000). <br \/><strong>Irod.:<\/strong> Ferenczi S\u00e1ndor 2009; Maros-k\u00fck\u00fcll\u0151i f\u0151esp.; Maros \u2013 m\u0171eml\u00e9kek; \u00daM\u00c9L<\/br><\/p>\n","protected":false},"excerpt":{"rendered":"<p>Kily\u00e9nfalva, 1909. m\u00e1rc. 13., \u2020 Gyulafeh\u00e9rv\u00e1r, 1993. m\u00e1j. 5.: r. k. f\u0151pap., szentsz\u00e9ki tan\u00e1csos, Astigi c. p\u00fcsp\u00f6k (1972). \u2013 A gyulafeh\u00e9rv\u00e1ri papnevel\u0151 int.-ben teol\u00f3gi\u00e1t tanult, papp\u00e1 szentelt\u00e9k (1934. j\u00fan. 29.). K\u00e1pl\u00e1n volt Ditr\u00f3ban (1934), Gyulafeh\u00e9rv\u00e1ron \u00e9s Kv.-on (1936). A r\u00f3mai Later\u00e1ni Egy.-en k\u00e1nonjogi doktori oklevelet szerzett (1942\u2013). Kv.-on a gyulafeh\u00e9rv\u00e1ri p\u00fcsp\u00f6ks\u00e9g helytart\u00f3s\u00e1gi irod\u00e1j\u00e1nak titk\u00e1ra (1942\u2013), [&hellip;]<\/p>\n","protected":false},"featured_media":0,"comment_status":"open","ping_status":"closed","template":"","meta":[],"product_brand":[],"product_cat":[137],"product_tag":[],"class_list":{"0":"post-10632","1":"product","2":"type-product","3":"status-publish","5":"product_cat-maros-megyei-eletrajzi-lexikon","7":"first","8":"instock","9":"shipping-taxable","10":"product-type-simple"},"_links":{"self":[{"href":"https:\/\/uj.adatbank.ro\/lexikon\/wp-json\/wp\/v2\/product\/10632","targetHints":{"allow":["GET"]}}],"collection":[{"href":"https:\/\/uj.adatbank.ro\/lexikon\/wp-json\/wp\/v2\/product"}],"about":[{"href":"https:\/\/uj.adatbank.ro\/lexikon\/wp-json\/wp\/v2\/types\/product"}],"replies":[{"embeddable":true,"href":"https:\/\/uj.adatbank.ro\/lexikon\/wp-json\/wp\/v2\/comments?post=10632"}],"wp:attachment":[{"href":"https:\/\/uj.adatbank.ro\/lexikon\/wp-json\/wp\/v2\/media?parent=10632"}],"wp:term":[{"taxonomy":"product_brand","embeddable":true,"href":"https:\/\/uj.adatbank.ro\/lexikon\/wp-json\/wp\/v2\/product_brand?post=10632"},{"taxonomy":"product_cat","embeddable":true,"href":"https:\/\/uj.adatbank.ro\/lexikon\/wp-json\/wp\/v2\/product_cat?post=10632"},{"taxonomy":"product_tag","embeddable":true,"href":"https:\/\/uj.adatbank.ro\/lexikon\/wp-json\/wp\/v2\/product_tag?post=10632"}],"curies":[{"name":"wp","href":"https:\/\/api.w.org\/{rel}","templated":true}]}}

<p>Kilyénfalva, 1909. márc. 13., † Gyulafehérvár, 1993. máj. 5.: r. k. főpap., szentszéki tanácsos, Astigi c. püspök (1972). – A gyulafehérvári papnevelő int.-ben teológiát tanult, pappá szentelték (1934. jún. 29.). Káplán volt Ditróban (1934), Gyulafehérváron és Kv.-on (1936). A római Lateráni Egy.-en kánonjogi doktori oklevelet szerzett (1942–). Kv.-on a gyulafehérvári püspökség helytartósági irodájának titkára (1942–), Gyergyószentmiklóson helyettes plébános és főesperes (1944), Kv.-on egyetemi lelkipásztor (1945), a gyulafehérvári teológián az egyházjog tanára és az intézet prefektusa (1950–), és a gyulafehérvári egyházm. titkos kormányzója (1951. márc. 10. – aug. 24). A román hatóságok letartóztatták (1951. aug. 24. – 1964. ápr. 16.), hazaárulás vádjával börtönbüntetésre ítélték, 4 évig a felsőbányai ólombányában dolgozott. Buzásbesnyői plébános (1964–68). Kinevezésével Kerelőszentpál filiája, Buzásbesenyő helyi káplánság lett (1966. okt. 1). Megvásárolták a lelkészi lakás és a plébániahivatal épületét, a bécsi Caritastól kapott segélyből megjavították a plébánia épületét (1968). A helyi káplánságból plébánia lett (1968. nov. 30.). Kinevezték Gyulafehérvárra a papnevelő int. teológiai tanárának (1968–), egyidejűleg Márton Áron utódlási jogú segédpüspöke (1971. dec. 23.) és Astig-i c. püspök. A gyulafehérvári egyházmegye püspökévé szentelte VI. Pál pápa (Róma, 1972. febr. 13). Az egyházmegye püspöke (1980. ápr. 2. – 1990. márc. 14.), administrator apostolicus (1990. márc. 14. -ápr. 24.). – <strong>F. m.:</strong> Az erdélyi püspöki szék betöltésének vitája a 17. sz.-ban (Kv., 1944); De hierarchia eclesiae transylvaniensis tempore principatus (1527–1697). (Roma, 2000). <br /><strong>Irod.:</strong> Ferenczi Sándor 2009; Maros-küküllői főesp.; Maros – műemlékek; ÚMÉL</br></p>

<p>Kilyénfalva, 1909. márc. 13., † Gyulafehérvár, 1993. máj. 5.: r. k. főpap., szentszéki tanácsos, Astigi c. püspök (1972). – A gyulafehérvári papnevelő int.-ben teológiát tanult, pappá szentelték (1934. jún. 29.). Káplán volt Ditróban (1934), Gyulafehérváron és Kv.-on (1936). A római Lateráni Egy.-en kánonjogi doktori oklevelet szerzett (1942–). Kv.-on a gyulafehérvári püspökség helytartósági irodájának titkára (1942–), [&hellip;]</p>
