{"id":10637,"date":"2025-06-29T13:26:37","date_gmt":"2025-06-29T11:26:37","guid":{"rendered":"https:\/\/uj.adatbank.ro\/lexikon\/termek\/jakab-bela-szentgericzei\/"},"modified":"2025-06-29T13:26:37","modified_gmt":"2025-06-29T11:26:37","slug":"jakab-bela-szentgericzei","status":"publish","type":"product","link":"https:\/\/uj.adatbank.ro\/lexikon\/termek\/jakab-bela-szentgericzei\/","title":{"rendered":"JAKAB B\u00e9la, szentgericzei"},"content":{"rendered":"<p>Mv., 1889., \u2020\u00a0P\u00f3ka, 1937. okt. 24.: f\u00f6ldbirtokos, b\u00edr\u00f3, bankigazgat\u00f3. \u2013 Apja k\u00fariai b\u00edr\u00f3 volt. Testv\u00e9re: J. Zolt\u00e1n, feles\u00e9ge \u00d6t\u00f6m\u00f6si Magyar Erzs\u00e9bet; Gyermekeik: Adrienne \u00e9s Zsigmond. \u2013 Mv.-en \u00e9retts\u00e9gizett, az egyetem jogi fakult\u00e1s\u00e1t Kv.-on (1908), Berlinben (1909\u201310) v\u00e9gezte, doktor\u00e1lt (1911), majd \u00fcgyv\u00e9di \u00e9s b\u00edr\u00f3i vizsg\u00e1t tett (1914). M. kir. t\u0171z\u00e9rhadnagy. Mint t\u00f6rv\u00e9nysz\u00e9ki b\u00edr\u00f3 Sz\u00e9kelyudvarhelyen m\u0171k\u00f6d\u00f6tt, majd a Mv.-i K\u00f6zhaszn\u00fa Takar\u00e9kp\u00e9nzt\u00e1r \u00fcgyvezet\u0151 ig. lett (1924\u2013). V\u00e1lasztott v\u00e1rosi tan\u00e1csos, P\u00f3k\u00e1ban a ref. egyh\u00e1z presbitere, tov\u00e1bb\u00e1 sz\u00e1mos t\u00e1rsadalmi \u00e9s kultur\u00e1lis egyes\u00fclet vezet\u0151je \u00e9s t\u00e1mogat\u00f3ja volt. Az OMP tagja (1930), a Polg\u00e1ri Blokk \/ P\u00e1rt t\u00e1rseln\u00f6ke megsz\u00fcn\u00e9s\u00e9ig, egybeolvadt az OMP-tal (1932\u201333. j\u00fan. 20.). A Mv.-i Kaszin\u00f3 v\u00e1lasztm\u00e1nyi tagja (1932). <br \/><strong>Irod.:<\/strong> Bern\u00e1dy; Bi\u00e1s Istv\u00e1n; Gy\u00e1szjelent\u0151; Id\u0151t\u00e1r 3.; Ki kicsoda?; Molter 2.; P\u00e1lmay, Szab\u00f3\u2013Simon\u2013Sz\u00f6gi<\/br><\/p>\n","protected":false},"excerpt":{"rendered":"<p>Mv., 1889., \u2020\u00a0P\u00f3ka, 1937. okt. 24.: f\u00f6ldbirtokos, b\u00edr\u00f3, bankigazgat\u00f3. \u2013 Apja k\u00fariai b\u00edr\u00f3 volt. Testv\u00e9re: J. Zolt\u00e1n, feles\u00e9ge \u00d6t\u00f6m\u00f6si Magyar Erzs\u00e9bet; Gyermekeik: Adrienne \u00e9s Zsigmond. \u2013 Mv.-en \u00e9retts\u00e9gizett, az egyetem jogi fakult\u00e1s\u00e1t Kv.-on (1908), Berlinben (1909\u201310) v\u00e9gezte, doktor\u00e1lt (1911), majd \u00fcgyv\u00e9di \u00e9s b\u00edr\u00f3i vizsg\u00e1t tett (1914). M. kir. t\u0171z\u00e9rhadnagy. Mint t\u00f6rv\u00e9nysz\u00e9ki b\u00edr\u00f3 Sz\u00e9kelyudvarhelyen m\u0171k\u00f6d\u00f6tt, majd [&hellip;]<\/p>\n","protected":false},"featured_media":0,"comment_status":"open","ping_status":"closed","template":"","meta":[],"product_brand":[],"product_cat":[137],"product_tag":[],"class_list":{"0":"post-10637","1":"product","2":"type-product","3":"status-publish","5":"product_cat-maros-megyei-eletrajzi-lexikon","7":"first","8":"instock","9":"shipping-taxable","10":"product-type-simple"},"_links":{"self":[{"href":"https:\/\/uj.adatbank.ro\/lexikon\/wp-json\/wp\/v2\/product\/10637","targetHints":{"allow":["GET"]}}],"collection":[{"href":"https:\/\/uj.adatbank.ro\/lexikon\/wp-json\/wp\/v2\/product"}],"about":[{"href":"https:\/\/uj.adatbank.ro\/lexikon\/wp-json\/wp\/v2\/types\/product"}],"replies":[{"embeddable":true,"href":"https:\/\/uj.adatbank.ro\/lexikon\/wp-json\/wp\/v2\/comments?post=10637"}],"wp:attachment":[{"href":"https:\/\/uj.adatbank.ro\/lexikon\/wp-json\/wp\/v2\/media?parent=10637"}],"wp:term":[{"taxonomy":"product_brand","embeddable":true,"href":"https:\/\/uj.adatbank.ro\/lexikon\/wp-json\/wp\/v2\/product_brand?post=10637"},{"taxonomy":"product_cat","embeddable":true,"href":"https:\/\/uj.adatbank.ro\/lexikon\/wp-json\/wp\/v2\/product_cat?post=10637"},{"taxonomy":"product_tag","embeddable":true,"href":"https:\/\/uj.adatbank.ro\/lexikon\/wp-json\/wp\/v2\/product_tag?post=10637"}],"curies":[{"name":"wp","href":"https:\/\/api.w.org\/{rel}","templated":true}]}}

JAKAB Béla, szentgericzei

<p>Mv., 1889., † Póka, 1937. okt. 24.: földbirtokos, bíró, bankigazgató. – Apja kúriai bíró volt. Testvére: J. Zoltán, felesége Ötömösi Magyar Erzsébet; Gyermekeik: Adrienne és Zsigmond. – Mv.-en érettségizett, az egyetem jogi fakultását Kv.-on (1908), Berlinben (1909–10) végezte, doktorált (1911), majd ügyvédi és bírói vizsgát tett (1914). M. kir. tűzérhadnagy. Mint törvényszéki bíró Székelyudvarhelyen működött, majd a Mv.-i Közhasznú Takarékpénztár ügyvezető ig. lett (1924–). Választott városi tanácsos, Pókában a ref. egyház presbitere, továbbá számos társadalmi és kulturális egyesület vezetője és támogatója volt. Az OMP tagja (1930), a Polgári Blokk / Párt társelnöke megszünéséig, egybeolvadt az OMP-tal (1932–33. jún. 20.). A Mv.-i Kaszinó választmányi tagja (1932). <br /><strong>Irod.:</strong> Bernády; Biás István; Gyászjelentő; Időtár 3.; Ki kicsoda?; Molter 2.; Pálmay, Szabó–Simon–Szögi</br></p>

<p>Mv., 1889., † Póka, 1937. okt. 24.: földbirtokos, bíró, bankigazgató. – Apja kúriai bíró volt. Testvére: J. Zoltán, felesége Ötömösi Magyar Erzsébet; Gyermekeik: Adrienne és Zsigmond. – Mv.-en érettségizett, az egyetem jogi fakultását Kv.-on (1908), Berlinben (1909–10) végezte, doktorált (1911), majd ügyvédi és bírói vizsgát tett (1914). M. kir. tűzérhadnagy. Mint törvényszéki bíró Székelyudvarhelyen működött, majd [&hellip;]</p>
