{"id":10638,"date":"2025-06-29T13:26:41","date_gmt":"2025-06-29T11:26:41","guid":{"rendered":"https:\/\/uj.adatbank.ro\/lexikon\/termek\/jakab-dezso\/"},"modified":"2025-06-29T13:26:41","modified_gmt":"2025-06-29T11:26:41","slug":"jakab-dezso","status":"publish","type":"product","link":"https:\/\/uj.adatbank.ro\/lexikon\/termek\/jakab-dezso\/","title":{"rendered":"JAKAB Dezs\u0151"},"content":{"rendered":"<p>R\u00e9v, 1864. nov. 4., \u2020 Bp., 1932. aug. 5.: m\u0171\u00e9p\u00edt\u00e9sz. \u2013 K\u00f6z\u00e9piskol\u00e1it Nagyv\u00e1radon a m\u0171egyetemet Bp.-en (1893) v\u00e9gezte. A millen\u00e1ris ki\u00e1ll\u00edt\u00e1s idej\u00e9n a F\u00f6ldm\u0171vel\u00e9s\u00fcgyi Miniszt\u00e9rium m\u0171szaki ki\u00e1ll\u00edt\u00e1si \u00e9p\u00fcleteit tervezte; tanulm\u00e1ny\u00faton j\u00e1rt Ny-Eur\u00f3p\u00e1ban. Neves \u00e9p\u00edt\u00e9szek irod\u00e1iban, t\u00f6bbek k\u00f6z\u00f6tt Lechner m\u0171term\u00e9ben dolgozott. Komor Marcellel m\u0171\u00e9p\u00edt\u00e9szeti irod\u00e1t nyitott (1897\u2013). Bern\u00e1dy Gy\u00f6rgy polg\u00e1rmester megb\u00edz\u00e1s\u00e1b\u00f3l Komor Marcellel tervezte szecesszi\u00f3s st\u00edlusban a mv.-i V\u00e1rosh\u00e1z\u00e1t (1906\u20131908), \u00e9s a Kult\u00farpalot\u00e1t (1911\u201313). amelynek k\u00fcls\u0151-bels\u0151 d\u00edsz\u00edt\u00e9s\u00e9t a g\u00f6d\u00f6ll\u0151i m\u0171v\u00e9sztelep alkot\u00f3i (K\u00f6r\u00f6sf\u0151i-Kriesch Alad\u00e1r, Nagy S\u00e1ndor, Sidl\u00f3 Ferenc, Toroczkai Wigand Ede) k\u00e9sz\u00edtett\u00e9k. Tov\u00e1bbi nevezetesebb alkot\u00e1saik: Ferdin\u00e1nd bolg\u00e1r kir\u00e1ly mur\u00e1nyi palot\u00e1ja, Szabadk\u00e1n a v\u00e1rosh\u00e1za, a zsinag\u00f3ga, Palics f\u00fcrd\u0151; a pozsonyi \u00e9s nagyv\u00e1radi Vigad\u00f3, a d\u00e9vai sz\u00ednh\u00e1z, Bp.-en a Liget-, Park- \u00e9s a Sv\u00e1bhegyi Szanat\u00f3rium, OTI sz\u00e9kh\u00e1z, N\u00e9popera (Erkel Sz\u00ednh\u00e1z), Munk\u00e1sbiztos\u00edt\u00f3 P\u00e9nzt\u00e1r sz\u00e9kh\u00e1za. S\u00f3s Alad\u00e1rral egy\u00fctt tervezt\u00e9k az \u00f3budai zsid\u00f3 hitk\u00f6zs\u00e9g b\u00e9rh\u00e1z\u00e1t \u00e9s templom\u00e1t, sz\u00e1mos bank, villa, b\u00e9rh\u00e1z Bp.-en \u00e9s vid\u00e9ken: Mv.-en t\u00f6bb mag\u00e1nvill\u00e1t tervezett. Kor\u00e1bbi \u00e9p\u00fcletein a Lechner \u00d6d\u00f6n \u00e1ltal kezdem\u00e9nyezett m. st\u00edlus k\u00f6vet\u0151je, k\u00e9s\u0151bb a barokk, \u00e9s a francia reneszanszb\u00f3l mer\u00edtett. Eur\u00f3pai tanulm\u00e1ny\u00fatj\u00e1r\u00f3l sz\u00e1mos el\u0151ad\u00e1st tartott a M. M\u00e9rn\u00f6k \u00e9s \u00c9p\u00edt\u00e9sz Egyletben, ahol munk\u00e1i\u00e9rt elnyerte a nagy arany- \u00e9s ez\u00fcst\u00e9rmet. Cikkeit k\u00f6z\u00f6lte az \u00c9p\u00edt\u0151 Ipar, \u00c9p\u00edt\u0151 M\u0171v\u00e9szet. <br \/><strong>Irod.:<\/strong> Bede; Bodolai Gy\u00f6ngyi. A Nyugd\u00edjpalota \u00e9p\u00edt\u00e9se \u00e9s rendeltet\u00e9se (N\u00fa., 2023. jan. 6.); Guly\u00e1s; Id\u0151t\u00e1r 2; Keresztes Gyula: Szecesszi\u00f3 Mv.-en: A v\u00e1rosh\u00e1za 2., 4. (N\u00fa., 1991. okt. 19.; 1991. okt. 26.); Keresztes Gyula: Szecesszi\u00f3 Mv.-en: 5.: K\u00f6zm\u0171vel\u0151d\u00e9si h\u00e1z 1\u20134. (N\u00fa., 1991. nov. 23.; 1991. dec. 7.; 1991. dec. 14.; 1992. jan. 4.); Marosi Barna 1974; Mv. r\u00e9gi V\u00e1rosh\u00e1za; Mv. V\u00e1rosh\u00e1za; Mv.-i kult\u00farpalota 2013; Nagyjaink; RNL; Tg. \u2013Mure\u0219 \u2013 Mv; T\u00eergu Mure\u015f; Turisztikai kalauz; \u00dajv\u00e1ri; \u00daM\u00c9L; Wertzberger<\/br><\/p>\n","protected":false},"excerpt":{"rendered":"<p>R\u00e9v, 1864. nov. 4., \u2020 Bp., 1932. aug. 5.: m\u0171\u00e9p\u00edt\u00e9sz. \u2013 K\u00f6z\u00e9piskol\u00e1it Nagyv\u00e1radon a m\u0171egyetemet Bp.-en (1893) v\u00e9gezte. A millen\u00e1ris ki\u00e1ll\u00edt\u00e1s idej\u00e9n a F\u00f6ldm\u0171vel\u00e9s\u00fcgyi Miniszt\u00e9rium m\u0171szaki ki\u00e1ll\u00edt\u00e1si \u00e9p\u00fcleteit tervezte; tanulm\u00e1ny\u00faton j\u00e1rt Ny-Eur\u00f3p\u00e1ban. Neves \u00e9p\u00edt\u00e9szek irod\u00e1iban, t\u00f6bbek k\u00f6z\u00f6tt Lechner m\u0171term\u00e9ben dolgozott. Komor Marcellel m\u0171\u00e9p\u00edt\u00e9szeti irod\u00e1t nyitott (1897\u2013). Bern\u00e1dy Gy\u00f6rgy polg\u00e1rmester megb\u00edz\u00e1s\u00e1b\u00f3l Komor Marcellel tervezte szecesszi\u00f3s st\u00edlusban [&hellip;]<\/p>\n","protected":false},"featured_media":0,"comment_status":"open","ping_status":"closed","template":"","meta":[],"product_brand":[],"product_cat":[137],"product_tag":[],"class_list":{"0":"post-10638","1":"product","2":"type-product","3":"status-publish","5":"product_cat-maros-megyei-eletrajzi-lexikon","7":"first","8":"instock","9":"shipping-taxable","10":"product-type-simple"},"_links":{"self":[{"href":"https:\/\/uj.adatbank.ro\/lexikon\/wp-json\/wp\/v2\/product\/10638","targetHints":{"allow":["GET"]}}],"collection":[{"href":"https:\/\/uj.adatbank.ro\/lexikon\/wp-json\/wp\/v2\/product"}],"about":[{"href":"https:\/\/uj.adatbank.ro\/lexikon\/wp-json\/wp\/v2\/types\/product"}],"replies":[{"embeddable":true,"href":"https:\/\/uj.adatbank.ro\/lexikon\/wp-json\/wp\/v2\/comments?post=10638"}],"wp:attachment":[{"href":"https:\/\/uj.adatbank.ro\/lexikon\/wp-json\/wp\/v2\/media?parent=10638"}],"wp:term":[{"taxonomy":"product_brand","embeddable":true,"href":"https:\/\/uj.adatbank.ro\/lexikon\/wp-json\/wp\/v2\/product_brand?post=10638"},{"taxonomy":"product_cat","embeddable":true,"href":"https:\/\/uj.adatbank.ro\/lexikon\/wp-json\/wp\/v2\/product_cat?post=10638"},{"taxonomy":"product_tag","embeddable":true,"href":"https:\/\/uj.adatbank.ro\/lexikon\/wp-json\/wp\/v2\/product_tag?post=10638"}],"curies":[{"name":"wp","href":"https:\/\/api.w.org\/{rel}","templated":true}]}}

JAKAB Dezső

<p>Rév, 1864. nov. 4., † Bp., 1932. aug. 5.: műépítész. – Középiskoláit Nagyváradon a műegyetemet Bp.-en (1893) végezte. A millenáris kiállítás idején a Földművelésügyi Minisztérium műszaki kiállítási épületeit tervezte; tanulmányúton járt Ny-Európában. Neves építészek irodáiban, többek között Lechner műtermében dolgozott. Komor Marcellel műépítészeti irodát nyitott (1897–). Bernády György polgármester megbízásából Komor Marcellel tervezte szecessziós stílusban a mv.-i Városházát (1906–1908), és a Kultúrpalotát (1911–13). amelynek külső-belső díszítését a gödöllői művésztelep alkotói (Körösfői-Kriesch Aladár, Nagy Sándor, Sidló Ferenc, Toroczkai Wigand Ede) készítették. További nevezetesebb alkotásaik: Ferdinánd bolgár király murányi palotája, Szabadkán a városháza, a zsinagóga, Palics fürdő; a pozsonyi és nagyváradi Vigadó, a dévai színház, Bp.-en a Liget-, Park- és a Svábhegyi Szanatórium, OTI székház, Népopera (Erkel Színház), Munkásbiztosító Pénztár székháza. Sós Aladárral együtt tervezték az óbudai zsidó hitközség bérházát és templomát, számos bank, villa, bérház Bp.-en és vidéken: Mv.-en több magánvillát tervezett. Korábbi épületein a Lechner Ödön által kezdeményezett m. stílus követője, később a barokk, és a francia reneszanszból merített. Európai tanulmányútjáról számos előadást tartott a M. Mérnök és Építész Egyletben, ahol munkáiért elnyerte a nagy arany- és ezüstérmet. Cikkeit közölte az Építő Ipar, Építő Művészet. <br /><strong>Irod.:</strong> Bede; Bodolai Gyöngyi. A Nyugdíjpalota építése és rendeltetése (Nú., 2023. jan. 6.); Gulyás; Időtár 2; Keresztes Gyula: Szecesszió Mv.-en: A városháza 2., 4. (Nú., 1991. okt. 19.; 1991. okt. 26.); Keresztes Gyula: Szecesszió Mv.-en: 5.: Közművelődési ház 1–4. (Nú., 1991. nov. 23.; 1991. dec. 7.; 1991. dec. 14.; 1992. jan. 4.); Marosi Barna 1974; Mv. régi Városháza; Mv. Városháza; Mv.-i kultúrpalota 2013; Nagyjaink; RNL; Tg. –Mureș – Mv; Tîrgu Mureş; Turisztikai kalauz; Újvári; ÚMÉL; Wertzberger</br></p>

<p>Rév, 1864. nov. 4., † Bp., 1932. aug. 5.: műépítész. – Középiskoláit Nagyváradon a műegyetemet Bp.-en (1893) végezte. A millenáris kiállítás idején a Földművelésügyi Minisztérium műszaki kiállítási épületeit tervezte; tanulmányúton járt Ny-Európában. Neves építészek irodáiban, többek között Lechner műtermében dolgozott. Komor Marcellel műépítészeti irodát nyitott (1897–). Bernády György polgármester megbízásából Komor Marcellel tervezte szecessziós stílusban [&hellip;]</p>
