{"id":10642,"date":"2025-06-29T13:26:48","date_gmt":"2025-06-29T11:26:48","guid":{"rendered":"https:\/\/uj.adatbank.ro\/lexikon\/termek\/jakab-elek-szentgericei-2\/"},"modified":"2025-06-29T13:26:48","modified_gmt":"2025-06-29T11:26:48","slug":"jakab-elek-szentgericei-2","status":"publish","type":"product","link":"https:\/\/uj.adatbank.ro\/lexikon\/termek\/jakab-elek-szentgericei-2\/","title":{"rendered":"JAKAB Elek, szentgericei"},"content":{"rendered":"<p>1909., \u2020\u00a0?: tan\u00edt\u00f3. \u2013 Iskol\u00e1it Mv.-en \u00e9s Kv.-on v\u00e9gezte. S\u00e1msondon kezde pedag\u00f3giai p\u00e1lyafut\u00e1s\u00e1t, onnan Szab\u00e9dra, Szov\u00e1t\u00e1ra, Marosv\u00e9csre, Gyergy\u00f3v\u00e1rhegyre, P\u00f3kakereszt\u00farra ker\u00fclt, majd ism\u00e9t Szab\u00e9don tan\u00edtott. Levente f\u0151oktat\u00f3, a N\u00e9ph\u00e1z\u00e9p\u00edt\u0151 Bizotts\u00e1g p\u00e9nzt\u00e1rosa \u00e9s t\u00f6bb t\u00e1rsadalmi \u00e9s kult\u00faregyes\u00fclet tagja volt. <br \/><strong>Irod.:<\/strong> Egyed Akos: Jakab Elek \u00e9s a sz\u00fcl\u0151f\u00f6ld (Korunk, 1990. 2.: 255\u2013258);  Sz\u00e9kelyf\u00f6ld \u00ed. k.<\/br><\/p>\n","protected":false},"excerpt":{"rendered":"<p>1909., \u2020\u00a0?: tan\u00edt\u00f3. \u2013 Iskol\u00e1it Mv.-en \u00e9s Kv.-on v\u00e9gezte. S\u00e1msondon kezde pedag\u00f3giai p\u00e1lyafut\u00e1s\u00e1t, onnan Szab\u00e9dra, Szov\u00e1t\u00e1ra, Marosv\u00e9csre, Gyergy\u00f3v\u00e1rhegyre, P\u00f3kakereszt\u00farra ker\u00fclt, majd ism\u00e9t Szab\u00e9don tan\u00edtott. Levente f\u0151oktat\u00f3, a N\u00e9ph\u00e1z\u00e9p\u00edt\u0151 Bizotts\u00e1g p\u00e9nzt\u00e1rosa \u00e9s t\u00f6bb t\u00e1rsadalmi \u00e9s kult\u00faregyes\u00fclet tagja volt. Irod.: Egyed Akos: Jakab Elek \u00e9s a sz\u00fcl\u0151f\u00f6ld (Korunk, 1990. 2.: 255\u2013258); Sz\u00e9kelyf\u00f6ld \u00ed. k.<\/p>\n","protected":false},"featured_media":0,"comment_status":"open","ping_status":"closed","template":"","meta":[],"product_brand":[],"product_cat":[137],"product_tag":[],"class_list":{"0":"post-10642","1":"product","2":"type-product","3":"status-publish","5":"product_cat-maros-megyei-eletrajzi-lexikon","7":"first","8":"instock","9":"shipping-taxable","10":"product-type-simple"},"_links":{"self":[{"href":"https:\/\/uj.adatbank.ro\/lexikon\/wp-json\/wp\/v2\/product\/10642","targetHints":{"allow":["GET"]}}],"collection":[{"href":"https:\/\/uj.adatbank.ro\/lexikon\/wp-json\/wp\/v2\/product"}],"about":[{"href":"https:\/\/uj.adatbank.ro\/lexikon\/wp-json\/wp\/v2\/types\/product"}],"replies":[{"embeddable":true,"href":"https:\/\/uj.adatbank.ro\/lexikon\/wp-json\/wp\/v2\/comments?post=10642"}],"wp:attachment":[{"href":"https:\/\/uj.adatbank.ro\/lexikon\/wp-json\/wp\/v2\/media?parent=10642"}],"wp:term":[{"taxonomy":"product_brand","embeddable":true,"href":"https:\/\/uj.adatbank.ro\/lexikon\/wp-json\/wp\/v2\/product_brand?post=10642"},{"taxonomy":"product_cat","embeddable":true,"href":"https:\/\/uj.adatbank.ro\/lexikon\/wp-json\/wp\/v2\/product_cat?post=10642"},{"taxonomy":"product_tag","embeddable":true,"href":"https:\/\/uj.adatbank.ro\/lexikon\/wp-json\/wp\/v2\/product_tag?post=10642"}],"curies":[{"name":"wp","href":"https:\/\/api.w.org\/{rel}","templated":true}]}}

<p>1909., † ?: tanító. – Iskoláit Mv.-en és Kv.-on végezte. Sámsondon kezde pedagógiai pályafutását, onnan Szabédra, Szovátára, Marosvécsre, Gyergyóvárhegyre, Pókakeresztúrra került, majd ismét Szabédon tanított. Levente főoktató, a Népházépítő Bizottság pénztárosa és több társadalmi és kultúregyesület tagja volt. <br /><strong>Irod.:</strong> Egyed Akos: Jakab Elek és a szülőföld (Korunk, 1990. 2.: 255–258);  Székelyföld í. k.</br></p>

<p>1909., † ?: tanító. – Iskoláit Mv.-en és Kv.-on végezte. Sámsondon kezde pedagógiai pályafutását, onnan Szabédra, Szovátára, Marosvécsre, Gyergyóvárhegyre, Pókakeresztúrra került, majd ismét Szabédon tanított. Levente főoktató, a Népházépítő Bizottság pénztárosa és több társadalmi és kultúregyesület tagja volt. Irod.: Egyed Akos: Jakab Elek és a szülőföld (Korunk, 1990. 2.: 255–258); Székelyföld í. k.</p>
