{"id":10644,"date":"2025-06-29T13:26:52","date_gmt":"2025-06-29T11:26:52","guid":{"rendered":"https:\/\/uj.adatbank.ro\/lexikon\/termek\/jakab-gyorgy\/"},"modified":"2025-06-29T13:26:52","modified_gmt":"2025-06-29T11:26:52","slug":"jakab-gyorgy","status":"publish","type":"product","link":"https:\/\/uj.adatbank.ro\/lexikon\/termek\/jakab-gyorgy\/","title":{"rendered":"JAKAB Gy\u00f6rgy"},"content":{"rendered":"<p>B\u00f6z\u00f6d, 1885., \u2020\u00a0?: kocsm\u00e1ros \u00e9s keresked\u0151. \u2013 Iskol\u00e1i elv\u00e9gz\u00e9se ut\u00e1n az apja mellett tanult gazd\u00e1lkodni. Az els\u0151 vh.-ban a 82. sz\u00e9kely ezredben az orosz fronton s\u00falyosan megsebes\u00fclt, fogs\u00e1gba esett, 80 sz\u00e1zal\u00e9kos rokkant lett. \u00dczletet nyitott B\u00f6z\u00f6d\u00f6n (1917). <br \/><strong>Irod.:<\/strong> Sz\u00e9kelyf\u00f6ld \u00ed. k.<\/br><\/p>\n","protected":false},"excerpt":{"rendered":"<p>B\u00f6z\u00f6d, 1885., \u2020\u00a0?: kocsm\u00e1ros \u00e9s keresked\u0151. \u2013 Iskol\u00e1i elv\u00e9gz\u00e9se ut\u00e1n az apja mellett tanult gazd\u00e1lkodni. Az els\u0151 vh.-ban a 82. sz\u00e9kely ezredben az orosz fronton s\u00falyosan megsebes\u00fclt, fogs\u00e1gba esett, 80 sz\u00e1zal\u00e9kos rokkant lett. \u00dczletet nyitott B\u00f6z\u00f6d\u00f6n (1917). Irod.: Sz\u00e9kelyf\u00f6ld \u00ed. k.<\/p>\n","protected":false},"featured_media":0,"comment_status":"open","ping_status":"closed","template":"","meta":[],"product_brand":[],"product_cat":[137],"product_tag":[],"class_list":{"0":"post-10644","1":"product","2":"type-product","3":"status-publish","5":"product_cat-maros-megyei-eletrajzi-lexikon","7":"first","8":"instock","9":"shipping-taxable","10":"product-type-simple"},"_links":{"self":[{"href":"https:\/\/uj.adatbank.ro\/lexikon\/wp-json\/wp\/v2\/product\/10644","targetHints":{"allow":["GET"]}}],"collection":[{"href":"https:\/\/uj.adatbank.ro\/lexikon\/wp-json\/wp\/v2\/product"}],"about":[{"href":"https:\/\/uj.adatbank.ro\/lexikon\/wp-json\/wp\/v2\/types\/product"}],"replies":[{"embeddable":true,"href":"https:\/\/uj.adatbank.ro\/lexikon\/wp-json\/wp\/v2\/comments?post=10644"}],"wp:attachment":[{"href":"https:\/\/uj.adatbank.ro\/lexikon\/wp-json\/wp\/v2\/media?parent=10644"}],"wp:term":[{"taxonomy":"product_brand","embeddable":true,"href":"https:\/\/uj.adatbank.ro\/lexikon\/wp-json\/wp\/v2\/product_brand?post=10644"},{"taxonomy":"product_cat","embeddable":true,"href":"https:\/\/uj.adatbank.ro\/lexikon\/wp-json\/wp\/v2\/product_cat?post=10644"},{"taxonomy":"product_tag","embeddable":true,"href":"https:\/\/uj.adatbank.ro\/lexikon\/wp-json\/wp\/v2\/product_tag?post=10644"}],"curies":[{"name":"wp","href":"https:\/\/api.w.org\/{rel}","templated":true}]}}