{"id":10649,"date":"2025-06-29T13:27:00","date_gmt":"2025-06-29T11:27:00","guid":{"rendered":"https:\/\/uj.adatbank.ro\/lexikon\/termek\/jakab-ilona-%c2%a7-gyorkos-ilona\/"},"modified":"2025-06-29T13:27:00","modified_gmt":"2025-06-29T11:27:00","slug":"jakab-ilona-%c2%a7-gyorkos-ilona","status":"publish","type":"product","link":"https:\/\/uj.adatbank.ro\/lexikon\/termek\/jakab-ilona-%c2%a7-gyorkos-ilona\/","title":{"rendered":"JAKAB Ilona, \u00a7 Gy\u00f6rk\u00f6s Ilona"},"content":{"rendered":"<p>Mv., 1929. j\u00fal. 7., \u2020 Kv., 1990. m\u00e1j. 8.: fest\u0151m\u0171v\u00e9sz. \u2013 F\u00e9rje: Gy\u00f6rk\u00f6s M\u00e1nyi Albert. \u2013 A mv.-i Szabad Fest\u0151iskol\u00e1ban tanult, Bordi Andr\u00e1s tan\u00edtv\u00e1nya volt (1945\u201348), majd a kv.-i Ion Andreescu K\u00e9pz\u0151m\u0171v. F\u0151iskol\u00e1n v\u00e9gzett, Mikl\u00f3ssy G\u00e1bor tan\u00edtv\u00e1nya (1950\u201356). Kv.-on \u00e9lt, itt szerepelt el\u0151sz\u00f6r nyilv\u00e1nos ki\u00e1ll\u00edt\u00e1son (1956), azut\u00e1n r\u00e9szt vett a tartom\u00e1nyi ill. megyei t\u00e1rlatokon, t\u00f6bbsz\u00f6r volt egy\u00e9ni ki\u00e1ll\u00edt\u00e1sa Kv. -on. Olajfestm\u00e9nyei a m\u00falt \u00e9s jelen \u00f6sszef\u00fcgg\u00e9seit f\u00f6lmutat\u00f3 urb\u00e1nus t\u00e1jak, m\u0171eml\u00e9kek, valamint portr\u00e9k \u00e9s csend\u00e9letek. \u2013 <strong>F. m.:<\/strong> illusztr.: P\u00e9ntek J\u00e1nos: A kalotaszegi n\u00e9pi h\u00edmz\u00e9s \u00e9s sz\u00f3kincs (Buk., 1979), <strong>F. ki\u00e1ll.:<\/strong> egy\u00e9ni: Kv. (1956, 1958, 1964, 1965, 1974); Bp. (2000); csoportos: r\u00e9szt vett tartom\u00e1nyi \/ megyei t\u00e1rlatokon (1955\u201389). <br \/><strong>Irod.:<\/strong> Arck\u00e9pcsarnok (Igaz Sz\u00f3, 1972, 11. sz.); artportal; Banner; Clujeni ai sec. 20.; Erd\u00e9lyi Lajos; Katona Szab\u00f3 Istv\u00e1n: Az \u00daj \u00c9let lexikona, 84. (\u00daj \u00c9let, 24. sz. 1973.); Mikl\u00f3ssy G\u00e1bor n\u00f6vend\u00e9kei \/ Simon Endre (Bp., 2000); Moln\u00e1r; R\u00e9thy-\u00dajv\u00e1r-. V\u00e1czi; Szab\u00f3\u2013K\u00e1llai<\/br><\/p>\n","protected":false},"excerpt":{"rendered":"<p>Mv., 1929. j\u00fal. 7., \u2020 Kv., 1990. m\u00e1j. 8.: fest\u0151m\u0171v\u00e9sz. \u2013 F\u00e9rje: Gy\u00f6rk\u00f6s M\u00e1nyi Albert. \u2013 A mv.-i Szabad Fest\u0151iskol\u00e1ban tanult, Bordi Andr\u00e1s tan\u00edtv\u00e1nya volt (1945\u201348), majd a kv.-i Ion Andreescu K\u00e9pz\u0151m\u0171v. F\u0151iskol\u00e1n v\u00e9gzett, Mikl\u00f3ssy G\u00e1bor tan\u00edtv\u00e1nya (1950\u201356). Kv.-on \u00e9lt, itt szerepelt el\u0151sz\u00f6r nyilv\u00e1nos ki\u00e1ll\u00edt\u00e1son (1956), azut\u00e1n r\u00e9szt vett a tartom\u00e1nyi ill. megyei t\u00e1rlatokon, t\u00f6bbsz\u00f6r [&hellip;]<\/p>\n","protected":false},"featured_media":0,"comment_status":"open","ping_status":"closed","template":"","meta":[],"product_brand":[],"product_cat":[137],"product_tag":[],"class_list":{"0":"post-10649","1":"product","2":"type-product","3":"status-publish","5":"product_cat-maros-megyei-eletrajzi-lexikon","7":"first","8":"instock","9":"shipping-taxable","10":"product-type-simple"},"_links":{"self":[{"href":"https:\/\/uj.adatbank.ro\/lexikon\/wp-json\/wp\/v2\/product\/10649","targetHints":{"allow":["GET"]}}],"collection":[{"href":"https:\/\/uj.adatbank.ro\/lexikon\/wp-json\/wp\/v2\/product"}],"about":[{"href":"https:\/\/uj.adatbank.ro\/lexikon\/wp-json\/wp\/v2\/types\/product"}],"replies":[{"embeddable":true,"href":"https:\/\/uj.adatbank.ro\/lexikon\/wp-json\/wp\/v2\/comments?post=10649"}],"wp:attachment":[{"href":"https:\/\/uj.adatbank.ro\/lexikon\/wp-json\/wp\/v2\/media?parent=10649"}],"wp:term":[{"taxonomy":"product_brand","embeddable":true,"href":"https:\/\/uj.adatbank.ro\/lexikon\/wp-json\/wp\/v2\/product_brand?post=10649"},{"taxonomy":"product_cat","embeddable":true,"href":"https:\/\/uj.adatbank.ro\/lexikon\/wp-json\/wp\/v2\/product_cat?post=10649"},{"taxonomy":"product_tag","embeddable":true,"href":"https:\/\/uj.adatbank.ro\/lexikon\/wp-json\/wp\/v2\/product_tag?post=10649"}],"curies":[{"name":"wp","href":"https:\/\/api.w.org\/{rel}","templated":true}]}}

JAKAB Ilona, § Györkös Ilona

<p>Mv., 1929. júl. 7., † Kv., 1990. máj. 8.: festőművész. – Férje: Györkös Mányi Albert. – A mv.-i Szabad Festőiskolában tanult, Bordi András tanítványa volt (1945–48), majd a kv.-i Ion Andreescu Képzőműv. Főiskolán végzett, Miklóssy Gábor tanítványa (1950–56). Kv.-on élt, itt szerepelt először nyilvános kiállításon (1956), azután részt vett a tartományi ill. megyei tárlatokon, többször volt egyéni kiállítása Kv. -on. Olajfestményei a múlt és jelen összefüggéseit fölmutató urbánus tájak, műemlékek, valamint portrék és csendéletek. – <strong>F. m.:</strong> illusztr.: Péntek János: A kalotaszegi népi hímzés és szókincs (Buk., 1979), <strong>F. kiáll.:</strong> egyéni: Kv. (1956, 1958, 1964, 1965, 1974); Bp. (2000); csoportos: részt vett tartományi / megyei tárlatokon (1955–89). <br /><strong>Irod.:</strong> Arcképcsarnok (Igaz Szó, 1972, 11. sz.); artportal; Banner; Clujeni ai sec. 20.; Erdélyi Lajos; Katona Szabó István: Az Új Élet lexikona, 84. (Új Élet, 24. sz. 1973.); Miklóssy Gábor növendékei / Simon Endre (Bp., 2000); Molnár; Réthy-Újvár-. Váczi; Szabó–Kállai</br></p>

<p>Mv., 1929. júl. 7., † Kv., 1990. máj. 8.: festőművész. – Férje: Györkös Mányi Albert. – A mv.-i Szabad Festőiskolában tanult, Bordi András tanítványa volt (1945–48), majd a kv.-i Ion Andreescu Képzőműv. Főiskolán végzett, Miklóssy Gábor tanítványa (1950–56). Kv.-on élt, itt szerepelt először nyilvános kiállításon (1956), azután részt vett a tartományi ill. megyei tárlatokon, többször [&hellip;]</p>
