{"id":10660,"date":"2025-06-29T13:27:22","date_gmt":"2025-06-29T11:27:22","guid":{"rendered":"https:\/\/uj.adatbank.ro\/lexikon\/termek\/jakab-kalman\/"},"modified":"2025-06-29T13:27:22","modified_gmt":"2025-06-29T11:27:22","slug":"jakab-kalman","status":"publish","type":"product","link":"https:\/\/uj.adatbank.ro\/lexikon\/termek\/jakab-kalman\/","title":{"rendered":"JAKAB K\u00e1lm\u00e1n"},"content":{"rendered":"<p>D\u00e9sfalva, 1925. okt. 26. \u2020\u00a0?: orvos. \u2013 A D\u00e9sfalvi R. K. Gimn.-ban \u00e9retts\u00e9gizett (1946); a mv.-i OGYI \u00e1ltal\u00e1nos orvosi szak\u00e1n v\u00e9gzett (1952); doktor\u00e1lt (1983). K\u00f6rorvos Cs\u00edkszentsimonban, majd a cs\u00edkszentm\u00e1rtoni k\u00f3rh\u00e1z belgy\u00f3gy\u00e1sza (1952\u201362), Cs\u00edkszered\u00e1ban k\u00f3rh\u00e1zi \u00e9s poliklinikai orvos (1962\u2013), majd oszt\u00e1lyvezet\u0151 f\u0151orvos, ill. eg\u00e9szs\u00e9g\u00fcgyi fel\u00fcgyel\u0151; belgy\u00f3gy\u00e1sz f\u0151orvos (1974\u2013), a megyei kardiol\u00f3giai oszt\u00e1ly vezet\u0151je (1979\u2013). Az orvostudom\u00e1nyok doktora (1983) Kutat\u00e1si ter\u00fclete a reuma \u00e9s a sz\u00edvb\u00e1ntalmak k\u00f3rtana, a gy\u00f3gyf\u00fcrd\u0151k hat\u00e1sa. A Hargita c. lap munkat\u00e1rsa. Tudom\u00e1nyos dolgozatai: a Lucr\u0103rile simpozionului de la Sinaia (1963), Lucr\u0103rile simpozionului de medicin\u0103 general\u0103 (1972), Cel de al doilea congres na\u0163ional de medicin\u0103 intern\u0103 (1973), valamint Congresul na\u0163ional de gastro-enterologie (Kv. 1976) c. kiadv\u00e1nyokban, magyarul az Acta Hargitensia has\u00e1bjain (1980) jelentek meg, tanulm\u00e1ny\u00e1t k\u00f6z\u00f6lte a Neoplasma c. csehszlov\u00e1kiai foly\u00f3irat (1976). \u2013 <strong>F. m.:<\/strong> <strong>szerk.:<\/strong> Hargita megye term\u00e9szetes gy\u00f3gyt\u00e9nyez\u0151i (Cs\u00edkszereda, 1974, rom\u00e1n nyelven is). <br \/><strong>Irod.:<\/strong> KKACs; RMIL; RMKK<\/br><\/p>\n","protected":false},"excerpt":{"rendered":"<p>D\u00e9sfalva, 1925. okt. 26. \u2020\u00a0?: orvos. \u2013 A D\u00e9sfalvi R. K. Gimn.-ban \u00e9retts\u00e9gizett (1946); a mv.-i OGYI \u00e1ltal\u00e1nos orvosi szak\u00e1n v\u00e9gzett (1952); doktor\u00e1lt (1983). K\u00f6rorvos Cs\u00edkszentsimonban, majd a cs\u00edkszentm\u00e1rtoni k\u00f3rh\u00e1z belgy\u00f3gy\u00e1sza (1952\u201362), Cs\u00edkszered\u00e1ban k\u00f3rh\u00e1zi \u00e9s poliklinikai orvos (1962\u2013), majd oszt\u00e1lyvezet\u0151 f\u0151orvos, ill. eg\u00e9szs\u00e9g\u00fcgyi fel\u00fcgyel\u0151; belgy\u00f3gy\u00e1sz f\u0151orvos (1974\u2013), a megyei kardiol\u00f3giai oszt\u00e1ly vezet\u0151je (1979\u2013). Az orvostudom\u00e1nyok [&hellip;]<\/p>\n","protected":false},"featured_media":0,"comment_status":"open","ping_status":"closed","template":"","meta":[],"product_brand":[],"product_cat":[137],"product_tag":[],"class_list":{"0":"post-10660","1":"product","2":"type-product","3":"status-publish","5":"product_cat-maros-megyei-eletrajzi-lexikon","7":"first","8":"instock","9":"shipping-taxable","10":"product-type-simple"},"_links":{"self":[{"href":"https:\/\/uj.adatbank.ro\/lexikon\/wp-json\/wp\/v2\/product\/10660","targetHints":{"allow":["GET"]}}],"collection":[{"href":"https:\/\/uj.adatbank.ro\/lexikon\/wp-json\/wp\/v2\/product"}],"about":[{"href":"https:\/\/uj.adatbank.ro\/lexikon\/wp-json\/wp\/v2\/types\/product"}],"replies":[{"embeddable":true,"href":"https:\/\/uj.adatbank.ro\/lexikon\/wp-json\/wp\/v2\/comments?post=10660"}],"wp:attachment":[{"href":"https:\/\/uj.adatbank.ro\/lexikon\/wp-json\/wp\/v2\/media?parent=10660"}],"wp:term":[{"taxonomy":"product_brand","embeddable":true,"href":"https:\/\/uj.adatbank.ro\/lexikon\/wp-json\/wp\/v2\/product_brand?post=10660"},{"taxonomy":"product_cat","embeddable":true,"href":"https:\/\/uj.adatbank.ro\/lexikon\/wp-json\/wp\/v2\/product_cat?post=10660"},{"taxonomy":"product_tag","embeddable":true,"href":"https:\/\/uj.adatbank.ro\/lexikon\/wp-json\/wp\/v2\/product_tag?post=10660"}],"curies":[{"name":"wp","href":"https:\/\/api.w.org\/{rel}","templated":true}]}}

JAKAB Kálmán

<p>Désfalva, 1925. okt. 26. † ?: orvos. – A Désfalvi R. K. Gimn.-ban érettségizett (1946); a mv.-i OGYI általános orvosi szakán végzett (1952); doktorált (1983). Körorvos Csíkszentsimonban, majd a csíkszentmártoni kórház belgyógyásza (1952–62), Csíkszeredában kórházi és poliklinikai orvos (1962–), majd osztályvezető főorvos, ill. egészségügyi felügyelő; belgyógyász főorvos (1974–), a megyei kardiológiai osztály vezetője (1979–). Az orvostudományok doktora (1983) Kutatási területe a reuma és a szívbántalmak kórtana, a gyógyfürdők hatása. A Hargita c. lap munkatársa. Tudományos dolgozatai: a Lucrările simpozionului de la Sinaia (1963), Lucrările simpozionului de medicină generală (1972), Cel de al doilea congres naţional de medicină internă (1973), valamint Congresul naţional de gastro-enterologie (Kv. 1976) c. kiadványokban, magyarul az Acta Hargitensia hasábjain (1980) jelentek meg, tanulmányát közölte a Neoplasma c. csehszlovákiai folyóirat (1976). – <strong>F. m.:</strong> <strong>szerk.:</strong> Hargita megye természetes gyógytényezői (Csíkszereda, 1974, román nyelven is). <br /><strong>Irod.:</strong> KKACs; RMIL; RMKK</br></p>

<p>Désfalva, 1925. okt. 26. † ?: orvos. – A Désfalvi R. K. Gimn.-ban érettségizett (1946); a mv.-i OGYI általános orvosi szakán végzett (1952); doktorált (1983). Körorvos Csíkszentsimonban, majd a csíkszentmártoni kórház belgyógyásza (1952–62), Csíkszeredában kórházi és poliklinikai orvos (1962–), majd osztályvezető főorvos, ill. egészségügyi felügyelő; belgyógyász főorvos (1974–), a megyei kardiológiai osztály vezetője (1979–). Az orvostudományok [&hellip;]</p>
