{"id":10666,"date":"2025-06-29T13:27:37","date_gmt":"2025-06-29T11:27:37","guid":{"rendered":"https:\/\/uj.adatbank.ro\/lexikon\/termek\/jakab-laszlo\/"},"modified":"2025-06-29T13:27:37","modified_gmt":"2025-06-29T11:27:37","slug":"jakab-laszlo","status":"publish","type":"product","link":"https:\/\/uj.adatbank.ro\/lexikon\/termek\/jakab-laszlo\/","title":{"rendered":"JAKAB L\u00e1szl\u00f3"},"content":{"rendered":"<p>Kv., 1911. j\u00fan. 12., \u2020 Cs\u00edkszereda, 2003. j\u00fal. 20.: pl\u00e9b\u00e1nos. \u2013 Cs\u00edkszered\u00e1ban \u00e9retts\u00e9gizett. A teologi\u00e1t Gyulafeh\u00e9rv\u00e1rott v\u00e9gezte, ott szentelt\u00e9k papp\u00e1 (1934). K\u00e1pl\u00e1n Dics\u0151szentm\u00e1rtonban, Sz\u00e9kelyudvarhelyen, itt Kolping-egyleti ig. is. Gyulafeh\u00e9rv\u00e1ron hittan\u00e1r, a f\u0151gimn. M\u00e1ria kongr-j\u00e1nak vezet\u0151je (1937\u2013), koll. igazgat\u00f3ja is (1940). Sz\u00e9kelyudvarhelyen hittan\u00e1r (1948), titkos ordin\u00e1rius. Mv.-en k\u00e9nyszerlakhelyes (1951), p\u00e1r napra letart\u00f3ztatt\u00e1k (1952). Kaj\u00e1nt\u00f3n k\u00e9nyszerlakhelyes (1954), renov\u00e1ltatta a m\u0171eml\u00e9ktemplomot. Sepsib\u00fcksz\u00e1d pl\u00e9b\u00e1nosa (1967\u201378), r\u00f3zsaf\u00fcz\u00e9rt\u00e1rsulatot szervezett. \u00cdr\u00e1sai a Kis-K\u00fck\u00fcll\u0151 (1935), Rom\u00e1niai M. Sz\u00f3, Hargita N\u00e9pe, Vas\u00e1rnap, Kisharang c. lapokban. <br \/><strong>Irod.:<\/strong> Maros-k\u00fck\u00fcll\u0151i f\u0151esp.; MKL<\/br><\/p>\n","protected":false},"excerpt":{"rendered":"<p>Kv., 1911. j\u00fan. 12., \u2020 Cs\u00edkszereda, 2003. j\u00fal. 20.: pl\u00e9b\u00e1nos. \u2013 Cs\u00edkszered\u00e1ban \u00e9retts\u00e9gizett. A teologi\u00e1t Gyulafeh\u00e9rv\u00e1rott v\u00e9gezte, ott szentelt\u00e9k papp\u00e1 (1934). K\u00e1pl\u00e1n Dics\u0151szentm\u00e1rtonban, Sz\u00e9kelyudvarhelyen, itt Kolping-egyleti ig. is. Gyulafeh\u00e9rv\u00e1ron hittan\u00e1r, a f\u0151gimn. M\u00e1ria kongr-j\u00e1nak vezet\u0151je (1937\u2013), koll. igazgat\u00f3ja is (1940). Sz\u00e9kelyudvarhelyen hittan\u00e1r (1948), titkos ordin\u00e1rius. Mv.-en k\u00e9nyszerlakhelyes (1951), p\u00e1r napra letart\u00f3ztatt\u00e1k (1952). Kaj\u00e1nt\u00f3n k\u00e9nyszerlakhelyes (1954), [&hellip;]<\/p>\n","protected":false},"featured_media":0,"comment_status":"open","ping_status":"closed","template":"","meta":[],"product_brand":[],"product_cat":[137],"product_tag":[],"class_list":{"0":"post-10666","1":"product","2":"type-product","3":"status-publish","5":"product_cat-maros-megyei-eletrajzi-lexikon","7":"first","8":"instock","9":"shipping-taxable","10":"product-type-simple"},"_links":{"self":[{"href":"https:\/\/uj.adatbank.ro\/lexikon\/wp-json\/wp\/v2\/product\/10666","targetHints":{"allow":["GET"]}}],"collection":[{"href":"https:\/\/uj.adatbank.ro\/lexikon\/wp-json\/wp\/v2\/product"}],"about":[{"href":"https:\/\/uj.adatbank.ro\/lexikon\/wp-json\/wp\/v2\/types\/product"}],"replies":[{"embeddable":true,"href":"https:\/\/uj.adatbank.ro\/lexikon\/wp-json\/wp\/v2\/comments?post=10666"}],"wp:attachment":[{"href":"https:\/\/uj.adatbank.ro\/lexikon\/wp-json\/wp\/v2\/media?parent=10666"}],"wp:term":[{"taxonomy":"product_brand","embeddable":true,"href":"https:\/\/uj.adatbank.ro\/lexikon\/wp-json\/wp\/v2\/product_brand?post=10666"},{"taxonomy":"product_cat","embeddable":true,"href":"https:\/\/uj.adatbank.ro\/lexikon\/wp-json\/wp\/v2\/product_cat?post=10666"},{"taxonomy":"product_tag","embeddable":true,"href":"https:\/\/uj.adatbank.ro\/lexikon\/wp-json\/wp\/v2\/product_tag?post=10666"}],"curies":[{"name":"wp","href":"https:\/\/api.w.org\/{rel}","templated":true}]}}