{"id":10667,"date":"2025-06-29T13:27:39","date_gmt":"2025-06-29T11:27:39","guid":{"rendered":"https:\/\/uj.adatbank.ro\/lexikon\/termek\/jakab-laszlo-2\/"},"modified":"2025-06-29T13:27:39","modified_gmt":"2025-06-29T11:27:39","slug":"jakab-laszlo-2","status":"publish","type":"product","link":"https:\/\/uj.adatbank.ro\/lexikon\/termek\/jakab-laszlo-2\/","title":{"rendered":"JAKAB L\u00e1szl\u00f3"},"content":{"rendered":"<p>1916., \u2020\u00a0Mv., 1989. jan. 13.: \u00fcgy\u00e9sz. <br \/><strong>Irod.:<\/strong> [Nekrol\u00f3g] (V. Z., 1989. jan. 17.)<\/br><\/p>\n","protected":false},"excerpt":{"rendered":"<p>1916., \u2020\u00a0Mv., 1989. jan. 13.: \u00fcgy\u00e9sz. Irod.: [Nekrol\u00f3g] (V. Z., 1989. jan. 17.)<\/p>\n","protected":false},"featured_media":0,"comment_status":"open","ping_status":"closed","template":"","meta":[],"product_brand":[],"product_cat":[137],"product_tag":[],"class_list":{"0":"post-10667","1":"product","2":"type-product","3":"status-publish","5":"product_cat-maros-megyei-eletrajzi-lexikon","7":"first","8":"instock","9":"shipping-taxable","10":"product-type-simple"},"_links":{"self":[{"href":"https:\/\/uj.adatbank.ro\/lexikon\/wp-json\/wp\/v2\/product\/10667","targetHints":{"allow":["GET"]}}],"collection":[{"href":"https:\/\/uj.adatbank.ro\/lexikon\/wp-json\/wp\/v2\/product"}],"about":[{"href":"https:\/\/uj.adatbank.ro\/lexikon\/wp-json\/wp\/v2\/types\/product"}],"replies":[{"embeddable":true,"href":"https:\/\/uj.adatbank.ro\/lexikon\/wp-json\/wp\/v2\/comments?post=10667"}],"wp:attachment":[{"href":"https:\/\/uj.adatbank.ro\/lexikon\/wp-json\/wp\/v2\/media?parent=10667"}],"wp:term":[{"taxonomy":"product_brand","embeddable":true,"href":"https:\/\/uj.adatbank.ro\/lexikon\/wp-json\/wp\/v2\/product_brand?post=10667"},{"taxonomy":"product_cat","embeddable":true,"href":"https:\/\/uj.adatbank.ro\/lexikon\/wp-json\/wp\/v2\/product_cat?post=10667"},{"taxonomy":"product_tag","embeddable":true,"href":"https:\/\/uj.adatbank.ro\/lexikon\/wp-json\/wp\/v2\/product_tag?post=10667"}],"curies":[{"name":"wp","href":"https:\/\/api.w.org\/{rel}","templated":true}]}}