{"id":10672,"date":"2025-06-29T13:27:50","date_gmt":"2025-06-29T11:27:50","guid":{"rendered":"https:\/\/uj.adatbank.ro\/lexikon\/termek\/jakab-moric-jakab-mor\/"},"modified":"2025-06-29T13:27:50","modified_gmt":"2025-06-29T11:27:50","slug":"jakab-moric-jakab-mor","status":"publish","type":"product","link":"https:\/\/uj.adatbank.ro\/lexikon\/termek\/jakab-moric-jakab-mor\/","title":{"rendered":"JAKAB M\u00f3ric, Jakab M\u00f3r"},"content":{"rendered":"<p>B\u00f6d\u00f6n, 1897., \u2020\u00a0?: keresked\u0151. \u2013 F\u00fcszerkeresked\u0151nek tanult. \u2013 R\u00e9szt vett az I. vh. -ban, olasz fogs\u00e1gba esett. \u00d6n\u00e1ll\u00f3 lett (1927\u2013), Ny\u00e1r\u00e1dt\u0151n keresked\u0151 (1937\u2013). <br \/><strong>Irod.:<\/strong> Erd\u00e9lyi v\u00e1rmegy\u00e9k; Visnai<\/br><\/p>\n","protected":false},"excerpt":{"rendered":"<p>B\u00f6d\u00f6n, 1897., \u2020\u00a0?: keresked\u0151. \u2013 F\u00fcszerkeresked\u0151nek tanult. \u2013 R\u00e9szt vett az I. vh. -ban, olasz fogs\u00e1gba esett. \u00d6n\u00e1ll\u00f3 lett (1927\u2013), Ny\u00e1r\u00e1dt\u0151n keresked\u0151 (1937\u2013). Irod.: Erd\u00e9lyi v\u00e1rmegy\u00e9k; Visnai<\/p>\n","protected":false},"featured_media":0,"comment_status":"open","ping_status":"closed","template":"","meta":[],"product_brand":[],"product_cat":[137],"product_tag":[],"class_list":{"0":"post-10672","1":"product","2":"type-product","3":"status-publish","5":"product_cat-maros-megyei-eletrajzi-lexikon","7":"first","8":"instock","9":"shipping-taxable","10":"product-type-simple"},"_links":{"self":[{"href":"https:\/\/uj.adatbank.ro\/lexikon\/wp-json\/wp\/v2\/product\/10672","targetHints":{"allow":["GET"]}}],"collection":[{"href":"https:\/\/uj.adatbank.ro\/lexikon\/wp-json\/wp\/v2\/product"}],"about":[{"href":"https:\/\/uj.adatbank.ro\/lexikon\/wp-json\/wp\/v2\/types\/product"}],"replies":[{"embeddable":true,"href":"https:\/\/uj.adatbank.ro\/lexikon\/wp-json\/wp\/v2\/comments?post=10672"}],"wp:attachment":[{"href":"https:\/\/uj.adatbank.ro\/lexikon\/wp-json\/wp\/v2\/media?parent=10672"}],"wp:term":[{"taxonomy":"product_brand","embeddable":true,"href":"https:\/\/uj.adatbank.ro\/lexikon\/wp-json\/wp\/v2\/product_brand?post=10672"},{"taxonomy":"product_cat","embeddable":true,"href":"https:\/\/uj.adatbank.ro\/lexikon\/wp-json\/wp\/v2\/product_cat?post=10672"},{"taxonomy":"product_tag","embeddable":true,"href":"https:\/\/uj.adatbank.ro\/lexikon\/wp-json\/wp\/v2\/product_tag?post=10672"}],"curies":[{"name":"wp","href":"https:\/\/api.w.org\/{rel}","templated":true}]}}