{"id":10674,"date":"2025-06-29T13:27:53","date_gmt":"2025-06-29T11:27:53","guid":{"rendered":"https:\/\/uj.adatbank.ro\/lexikon\/termek\/jakab-odon-vadasdi\/"},"modified":"2025-06-29T13:27:53","modified_gmt":"2025-06-29T11:27:53","slug":"jakab-odon-vadasdi","status":"publish","type":"product","link":"https:\/\/uj.adatbank.ro\/lexikon\/termek\/jakab-odon-vadasdi\/","title":{"rendered":"JAKAB \u00d6d\u00f6n, vadasdi"},"content":{"rendered":"<p>Vadasd, 1854. j\u00fal. 26., \u2020 Bp., 1931. m\u00e1rc. 5., a Kerepesi \u00fati temet\u0151ben nyugszik: \u00edr\u00f3, tan\u00e1r. \u2013 Feles\u00e9ge: Sz\u00e9n\u00e1si R\u00f3za (Mez\u0151panit, 1855. febr. 5. \u2013Saj\u00f3udvarhely, 1905.), esk\u00fcv\u0151 1879. j\u00fal. 5. A m\u00e1sodik feles\u00e9ge: D`Aiguemorte Bornand Clara. \u2013 A mv.-i Ref. Koll. -ba tanult (1863), \u00f6zv. anyja nagy er\u0151fesz\u00edt\u00e9sek \u00e1r\u00e1n tudta tan\u00edtatni. Az \u00f6nk\u00e9pz\u0151k\u00f6rben t\u00f6bb vers\u00e9t mutatta be, tan\u00e1rai p\u00e1rtolt\u00e1k k\u00fcl\u00f6n\u00f6sen Mentovich Ferenc, kinek egyik kedvenc tan\u00edtv\u00e1nya \u00e9s Tolnai Lajos is biztatta; mv.-i di\u00e1k kor\u00e1ban t\u0171nt fel verseivel, melyek k\u00f6z\u00fcl az els\u0151 a F\u0151v\u00e1rosi Lapokban (1874) jelent meg. A kv.-i egyetemen m. nyelvet \u00e9s irodalomt\u00f6rt\u00e9netet hallgatott \u00e9s tan\u00e1ri oklevelet szerzett (1874\u201378). Bp.-en a k\u00f6ltem\u00e9nyei honor\u00e1rium\u00e1b\u00f3l \u00e9lt, n\u00e9pies \u00edz\u0171 elbesz\u00e9l\u00e9seket, dr\u00e1m\u00e1kat, n\u00e9psz\u00ednm\u0171veket is \u00edrt. Visszat\u00e9rt Mv. -re, ahol br. Kem\u00e9ny Domokos csal\u00e1dj\u00e1n\u00e1l volt nevel\u0151 (1878. j\u00fan. \u2013 1879). Pancsov\u00e1n a re\u00e1liskol\u00e1ban helyettes tan\u00e1r (1879. jan. \u2013), majd D\u00e9v\u00e1n tan\u00edtott (1879). Bp.-en a VI. Ker. f\u0151re\u00e1liskola tan\u00e1ra (1884\u20131912). A Pet\u0151fi T\u00e1rsas\u00e1g (1883), a Kisfaludy T\u00e1rsas\u00e1g tagj\u00e1v\u00e1 v\u00e1lasztott\u00e1k (1895); a KZST tagja (1896\u2013); a Pet\u0151fi T\u00e1rsas\u00e1g els\u0151nek neki \u00edt\u00e9lte a l\u00edrikusok jutalmaz\u00e1s\u00e1ra alap\u00edtott Pet\u0151fi-nagyd\u00edjat (1920). A MTA levelez\u0151 tagja (1925). A III. o. vaskoronarend kit\u00fcntetettje. Egy id\u0151ben a Sz\u00edn\u00e9szegyes\u00fclet tan\u00e1csosa volt. Versei, irodalomt\u00f6rt\u00e9neti, eszt\u00e9tikai \u00edr\u00e1sai, dolgozatai megjelentek a lapokban, foly\u00f3iratokban: Vas\u00e1rnapi \u00dajs\u00e1g, Figyel\u0151, Magyarorsz\u00e1g \u00e9s a Nagyvil\u00e1g, Koszor\u00fa, Havi Szemle, M. Salon, Pesti Napl\u00f3, Egyet\u00e9rt\u00e9s, Budapesti H\u00edrlap, Athenaeum nagy k\u00e9pes napt\u00e1ra, Igazmond\u00f3, Sz\u00e9kely Nemzet, Divat Szalon, Arad \u00e9s Vid\u00e9ke, K\u00e9pes Csal\u00e1di Lap, K\u00f6lcsey Egyes\u00fclet \u00c9vk\u00f6nyve, Erd\u00e9lyi \u00cdr\u00f3k \u00e9s M\u0171v\u00e9szek Almanachja, M. \u00cdr\u00f3k \u00e9s M\u0171v\u00e9szek, Nemzeti \u00dajs\u00e1g. \u2013 <strong>F. m.:<\/strong> K\u00f6ltem\u00e9nyek (Bp., 1879; D\u00e9va, 1880); Sz\u00e9kely hist\u00f3ri\u00e1k (Bp., 1884); Hangok az \u00edfj\u00fas\u00e1gr\u00f3l (k\u00f6lt.; Bp., 1886); Amerik\u00e1ba v\u00e1ndorolt magyarok gy\u00e1szos t\u00f6rt\u00e9nete (Bp., 1886); Marossz\u00e9ki t\u00f6rt\u00e9netek (Bp., 1886); Sz\u00e9kely n\u00f3t\u00e1k (Bp., 1886); A pusztul\u00e1s \u00fatja (reg.; Bp., 1888); Ny\u00e1r (k\u00f6lt.; Bp., 1891); Argirus: T\u00fcnd\u00e9rmese (az Akad\u00e9mia N\u00e1dasdy d\u00edj\u00e1t nyerte el) (Bp., 1894, 1909); P\u00e1sztort\u00fczek (versek; Bp., 1896); Falu (Bp., 1896); Kom\u00e9di\u00e1k (Bp., 1898); K\u00e9t imposztor (Bp., 1898); \u00c9let (Bp., 1899); Szil\u00e1gyi \u00e9s Hajm\u00e1si (elb. k\u00f6lt.; Bp., 1899); A j\u00f6vev\u00e9nyek (Bp., 1902); Pihen\u0151 (Bp., 1903); Tolnai Lajos (1904); R\u00f3za (versek; Bp., 1907), \u0150szi vir\u00e1gok (versek; Bp., 1910); D\u00e9lib\u00e1b (novell\u00e1k; Bp., 1913); A p\u00e1szt\u00f3i pap (Bp., 1913); Este fel\u00e9 (Bp., 1926); Versek (Bp., 1928); Mes\u00e9l\u0151 est\u00e9k (Bp., 1930); J. \u00d6. verseib\u0151l (Kv., \u00e9. n.); Falu (Bp., \u00e9. n.); sz\u00edndarabjai: Szeg\u00e9ny Rad\u00f3n\u00e9 (Kv.-on majd a budai Sz\u00ednk\u00f6rben adt\u00e1k el\u0151 1888); Galambodi S\u00e1ndor: n\u00e9pdr\u00e1ma; (Kv.-on 1889, Bud\u00e1n 1890-ben mutatt\u00e1k be); Bem (1890. szept. 23. -\u00e1n a Budai Sz\u00ednk\u00f6rben; 1902. nov. 21. Nemzeti Sz\u00ednh\u00e1z); \u00c1rgirus: T\u00fcnd\u00e9rmese (Tg. M., 1937); Gyermeksz\u00ednpadra alkalmazta: P\u00e9ter R\u00f3zsa (Tg. M., 1937); J\u00f6vev\u00e9nyek: t\u00e1rsadalmi dr\u00e1ma; <strong>antol\u00f3g.:<\/strong> EMKE eml\u00e9kk\u00f6nyv (Kv., 1890); Kriza-album (Bp., 1892); A m. k\u00f6lt\u00e9szet kincsesh\u00e1za (Bp., 1895); Mv.-i f\u00fczetek (Mv., 1897); Pet\u0151fi album (Bp., 1898); Universum (Bp., 1904, 1922); N\u00e1poly \u00e9s a Vezuv = Universum (Bp., 1904, 1911); Sz\u00e9kelyek a k\u00f6lt\u0151k dalaiban (Bp., 1908); Pet\u0151fi a m. k\u00f6lt\u0151k lantj\u00e1n (Bp., 1910); A h\u00e1bor\u00fa k\u00f6lt\u00e9szete (Bp., 1915); H\u00e1bor\u00fas versek (Bp., 1916); Von der Donau und der Theiss (Segesv\u00e1r, 1916); Magyar k\u00f6lt\u0151k (Bp., 1928); M\u00e1sodik szaval\u00f3k\u00f6nyv (Kv., 1930); Versekben t\u00fcnd\u00f6kl\u0151 Erd\u00e9ly (Kv., 1941); M. versek k\u00f6nyve (Bp., 1942); H\u00e1bor\u00fas antol\u00f3gia (Bp., s. a.), Hatsz\u00e1z m. nemzeti dal (Bp., s. a.); M. Dekameron (Bp., s. a.); Szaval\u00f3 k\u00f6nyv (Bp., s. a.); Nemzeti dics\u0151s\u00e9g\u00fcnk (Bp., s. a.); <strong>szerk.:<\/strong> Pet\u0151fi S : Az aposol; (el\u0151sz\u00f3; Bp., 1900); <strong>ford.:<\/strong> La Fontaine-mes\u00e9k (Bp., 1921). <br \/><strong>Irod.:<\/strong> B\u00e1nhegyi; \u201dCs\u00f6ndes templom az \u00e9n sz\u00edvem\u201d Jakab \u00d6d\u00f6n (1854\u20131931) haza\u00e9rkez\u00e9se = Sz\u00e9kely F.; D\u00e9zsi Lajos: M. t\u00f6rt\u00e9neti t\u00e1rgy\u00fa sz\u00e9pirodalom (Bp., 1927); Ferenczi 1931; F\u00fcl\u00f6p\u2013Ferencz; Guly\u00e1s; Hal\u00e1sz L\u00e1szl\u00f3; Die Litteraturen des Ostens (Leipzig, 1906); A m. irodalom t\u00f6rt\u00e9nete: K\u00e9pes d\u00edszmunka (Bp., 1906\u201307); M\u00e1ln\u00e1si; Marosi-KZST; M\u00c9L; P\u00e1lmay; Perely Imre: M. fejek (Bp., 1922); Pint\u00e9r Jen\u0151; R\u00e9vay M\u00f3r J\u00e1nos: \u00cdr\u00f3k, k\u00f6nyvek, kiad\u00f3k (Bp., 1920); RNL; Rugonfalvi Kiss; R\u00daL, Sch\u00f6pflin, Szinnyei; Szinnyei J; \u00daM\u00c9L; \u00daMIL; Vajth\u00f3 L\u00e1szl\u00f3: K\u00e9t k\u00f6lt\u0151nemzed\u00e9k arca (Bp., s. a.)<\/br><\/p>\n","protected":false},"excerpt":{"rendered":"<p>Vadasd, 1854. j\u00fal. 26., \u2020 Bp., 1931. m\u00e1rc. 5., a Kerepesi \u00fati temet\u0151ben nyugszik: \u00edr\u00f3, tan\u00e1r. \u2013 Feles\u00e9ge: Sz\u00e9n\u00e1si R\u00f3za (Mez\u0151panit, 1855. febr. 5. \u2013Saj\u00f3udvarhely, 1905.), esk\u00fcv\u0151 1879. j\u00fal. 5. A m\u00e1sodik feles\u00e9ge: D`Aiguemorte Bornand Clara. \u2013 A mv.-i Ref. Koll. -ba tanult (1863), \u00f6zv. anyja nagy er\u0151fesz\u00edt\u00e9sek \u00e1r\u00e1n tudta tan\u00edtatni. Az \u00f6nk\u00e9pz\u0151k\u00f6rben t\u00f6bb vers\u00e9t [&hellip;]<\/p>\n","protected":false},"featured_media":0,"comment_status":"open","ping_status":"closed","template":"","meta":[],"product_brand":[],"product_cat":[137],"product_tag":[],"class_list":{"0":"post-10674","1":"product","2":"type-product","3":"status-publish","5":"product_cat-maros-megyei-eletrajzi-lexikon","7":"first","8":"instock","9":"shipping-taxable","10":"product-type-simple"},"_links":{"self":[{"href":"https:\/\/uj.adatbank.ro\/lexikon\/wp-json\/wp\/v2\/product\/10674","targetHints":{"allow":["GET"]}}],"collection":[{"href":"https:\/\/uj.adatbank.ro\/lexikon\/wp-json\/wp\/v2\/product"}],"about":[{"href":"https:\/\/uj.adatbank.ro\/lexikon\/wp-json\/wp\/v2\/types\/product"}],"replies":[{"embeddable":true,"href":"https:\/\/uj.adatbank.ro\/lexikon\/wp-json\/wp\/v2\/comments?post=10674"}],"wp:attachment":[{"href":"https:\/\/uj.adatbank.ro\/lexikon\/wp-json\/wp\/v2\/media?parent=10674"}],"wp:term":[{"taxonomy":"product_brand","embeddable":true,"href":"https:\/\/uj.adatbank.ro\/lexikon\/wp-json\/wp\/v2\/product_brand?post=10674"},{"taxonomy":"product_cat","embeddable":true,"href":"https:\/\/uj.adatbank.ro\/lexikon\/wp-json\/wp\/v2\/product_cat?post=10674"},{"taxonomy":"product_tag","embeddable":true,"href":"https:\/\/uj.adatbank.ro\/lexikon\/wp-json\/wp\/v2\/product_tag?post=10674"}],"curies":[{"name":"wp","href":"https:\/\/api.w.org\/{rel}","templated":true}]}}