{"id":10675,"date":"2025-06-29T13:27:55","date_gmt":"2025-06-29T11:27:55","guid":{"rendered":"https:\/\/uj.adatbank.ro\/lexikon\/termek\/jakab-rudolf-szentgericzei\/"},"modified":"2025-06-29T13:27:55","modified_gmt":"2025-06-29T11:27:55","slug":"jakab-rudolf-szentgericzei","status":"publish","type":"product","link":"https:\/\/uj.adatbank.ro\/lexikon\/termek\/jakab-rudolf-szentgericzei\/","title":{"rendered":"JAKAB Rudolf, szentgericzei"},"content":{"rendered":"<p>1855, \u2020 Mv., 1925. jan. 14. P\u00f3k\u00e1ban temett\u00e9k el: j\u00e1r\u00e1si, kir. t\u00e1blai bir\u00f3, f\u00f6ldbirtokos. \u2013 Feles\u00e9ge: als\u00f3csern\u00e1toni Damokos Ilona (1862 \u2013 Mv., 1933. szept. 10.). Gyermekeik: Zolt\u00e1n, feles\u00e9ge \u00f6tt\u00f6m\u00f6si Magyar Erzs\u00e9bet; B\u00e9la, feles\u00e9ge k\u00f6r\u00f6si \u00e9s bar\u00e1tosi Ferencz-Mih\u00e1ly Adrianne. \u2013 J\u00e1r\u00e1sb\u00edr\u00f3 Mv.-en, virilista (1886, 1913). Mv.-en a tornaegyes\u00fclet vezet\u0151s\u00e9g\u00e9ben a titk\u00e1ri teend\u0151ket l\u00e1tta el (1884\u2013). P\u00f3k\u00e1ban volt birtoka, egyh\u00e1zk\u00f6zs\u00e9gi patr\u00f3nus, amikor Farkas Jen\u0151 lelk\u00e9sz vezet\u00e9s\u00e9vel elhat\u00e1rozta az egyh\u00e1zk\u00f6zs\u00e9g prezsbit\u00e9riuma \u00e9s Bud Tibor k\u00e1ntortan\u00edt\u00f3, hogy \u00faj templomot \u00e9p\u00edtenek (1906. aug. 6.). Patron\u00e1lta az egyh\u00e1zk\u00f6zs\u00e9get, adom\u00e1ny\u00e1val tamogatta az \u00faj templom \u00e9p\u00edt\u00e9s\u00e9t. Birtok\u00e1b\u00f3l 295 holdat az 1921-es f\u00f6ldreformmal kisaj\u00e1t\u00edtottak. A Mv.-i Kaszin\u00f3 v\u00e1lasztm\u00e1nyi tagja (1919). <br \/><strong>Irod.:<\/strong> Bi\u00e1s Istv\u00e1n; Gy\u00e1szjelent\u0151; Id\u0151t\u00e1r 2; P\u00e1lmay; P\u00f3ka; Sik\u00f3ssy; Sz\u00f6ll\u0151si \u00c1rp\u00e1d: \u00d6tven\u00e9ves templomszentel\u00e9si megeml\u00e9kez\u00e9s P\u00f3k\u00e1ban (N\u00fa., 1998. okt. 30.)<\/br><\/p>\n","protected":false},"excerpt":{"rendered":"<p>1855, \u2020 Mv., 1925. jan. 14. P\u00f3k\u00e1ban temett\u00e9k el: j\u00e1r\u00e1si, kir. t\u00e1blai bir\u00f3, f\u00f6ldbirtokos. \u2013 Feles\u00e9ge: als\u00f3csern\u00e1toni Damokos Ilona (1862 \u2013 Mv., 1933. szept. 10.). Gyermekeik: Zolt\u00e1n, feles\u00e9ge \u00f6tt\u00f6m\u00f6si Magyar Erzs\u00e9bet; B\u00e9la, feles\u00e9ge k\u00f6r\u00f6si \u00e9s bar\u00e1tosi Ferencz-Mih\u00e1ly Adrianne. \u2013 J\u00e1r\u00e1sb\u00edr\u00f3 Mv.-en, virilista (1886, 1913). Mv.-en a tornaegyes\u00fclet vezet\u0151s\u00e9g\u00e9ben a titk\u00e1ri teend\u0151ket l\u00e1tta el (1884\u2013). P\u00f3k\u00e1ban [&hellip;]<\/p>\n","protected":false},"featured_media":0,"comment_status":"open","ping_status":"closed","template":"","meta":[],"product_brand":[],"product_cat":[137],"product_tag":[],"class_list":{"0":"post-10675","1":"product","2":"type-product","3":"status-publish","5":"product_cat-maros-megyei-eletrajzi-lexikon","7":"first","8":"instock","9":"shipping-taxable","10":"product-type-simple"},"_links":{"self":[{"href":"https:\/\/uj.adatbank.ro\/lexikon\/wp-json\/wp\/v2\/product\/10675","targetHints":{"allow":["GET"]}}],"collection":[{"href":"https:\/\/uj.adatbank.ro\/lexikon\/wp-json\/wp\/v2\/product"}],"about":[{"href":"https:\/\/uj.adatbank.ro\/lexikon\/wp-json\/wp\/v2\/types\/product"}],"replies":[{"embeddable":true,"href":"https:\/\/uj.adatbank.ro\/lexikon\/wp-json\/wp\/v2\/comments?post=10675"}],"wp:attachment":[{"href":"https:\/\/uj.adatbank.ro\/lexikon\/wp-json\/wp\/v2\/media?parent=10675"}],"wp:term":[{"taxonomy":"product_brand","embeddable":true,"href":"https:\/\/uj.adatbank.ro\/lexikon\/wp-json\/wp\/v2\/product_brand?post=10675"},{"taxonomy":"product_cat","embeddable":true,"href":"https:\/\/uj.adatbank.ro\/lexikon\/wp-json\/wp\/v2\/product_cat?post=10675"},{"taxonomy":"product_tag","embeddable":true,"href":"https:\/\/uj.adatbank.ro\/lexikon\/wp-json\/wp\/v2\/product_tag?post=10675"}],"curies":[{"name":"wp","href":"https:\/\/api.w.org\/{rel}","templated":true}]}}

<p>1855, † Mv., 1925. jan. 14. Pókában temették el: járási, kir. táblai biró, földbirtokos. – Felesége: alsócsernátoni Damokos Ilona (1862 – Mv., 1933. szept. 10.). Gyermekeik: Zoltán, felesége öttömösi Magyar Erzsébet; Béla, felesége körösi és barátosi Ferencz-Mihály Adrianne. – Járásbíró Mv.-en, virilista (1886, 1913). Mv.-en a tornaegyesület vezetőségében a titkári teendőket látta el (1884–). Pókában volt birtoka, egyházközségi patrónus, amikor Farkas Jenő lelkész vezetésével elhatározta az egyházközség prezsbitériuma és Bud Tibor kántortanító, hogy új templomot építenek (1906. aug. 6.). Patronálta az egyházközséget, adományával tamogatta az új templom építését. Birtokából 295 holdat az 1921-es földreformmal kisajátítottak. A Mv.-i Kaszinó választmányi tagja (1919). <br /><strong>Irod.:</strong> Biás István; Gyászjelentő; Időtár 2; Pálmay; Póka; Sikóssy; Szöllősi Árpád: Ötvenéves templomszentelési megemlékezés Pókában (Nú., 1998. okt. 30.)</br></p>

<p>1855, † Mv., 1925. jan. 14. Pókában temették el: járási, kir. táblai biró, földbirtokos. – Felesége: alsócsernátoni Damokos Ilona (1862 – Mv., 1933. szept. 10.). Gyermekeik: Zoltán, felesége öttömösi Magyar Erzsébet; Béla, felesége körösi és barátosi Ferencz-Mihály Adrianne. – Járásbíró Mv.-en, virilista (1886, 1913). Mv.-en a tornaegyesület vezetőségében a titkári teendőket látta el (1884–). Pókában [&hellip;]</p>
