{"id":10676,"date":"2025-06-29T13:27:57","date_gmt":"2025-06-29T11:27:57","guid":{"rendered":"https:\/\/uj.adatbank.ro\/lexikon\/termek\/jakab-samuel\/"},"modified":"2025-06-29T13:27:57","modified_gmt":"2025-06-29T11:27:57","slug":"jakab-samuel","status":"publish","type":"product","link":"https:\/\/uj.adatbank.ro\/lexikon\/termek\/jakab-samuel\/","title":{"rendered":"JAKAB S\u00e1muel"},"content":{"rendered":"<p>Sz\u00e1szn\u00e1das, 1931. nov. 19. \u2020\u00a0Mv., okt. 31.: geogr\u00e1fus. \u2013 Sz\u00fcl\u0151faluj\u00e1ban (1939\u201319439), Erzs\u00e9betv\u00e1rosban ( 1939\u201343) volt elemista, a k\u00f6z\u00e9piskol\u00e1t a mv.-i Ref. Koll. (1948\u20131951), amit 2. sz. Magyar tannyelv\u0171 fi\u00falic.-ban v\u00e9gezte. A kv.-i BBTE-en tanult \u00e9s v\u00e9gzett. K\u00f6zben katonai a Zsil-v\u00f6lgy\u00e9ben munkaszolg\u00e1laton volt (1952\u201355). Mv.-en talajtani oszt\u00e1lyvezet\u0151 (1961\u201382), tudom\u00e1nyos f\u0151munkat\u00e1rsa a Gy\u00fcm\u00f6lcstermeszt\u0151 Kis\u00e9rleti \u00c1llom\u00e1s tudom\u00e1nyos f\u0151munkat\u00e1rsa (1982\u201392). Ny\u00e1r\u00e1dszered\u00e1n a kerd\u00e9szm\u00e9rn\u00f6ki t\u00e1voktat\u00e1si tagozaton \u00f3raad\u00f3 tan\u00e1rk\u00e9nt dolgozott. A BBTE tan\u00e1ra (1994\u2013). Mv.-en a N\u00e9pi Egyetem F\u00f6ldrajzi Atlasz tanfolyam\u00e1t vezette 20 \u00e9ven \u00e1t. Tagja az Erd\u00e9lyi M\u00fazeum, az EMKE-nek \u00e9s a Bocskai Istv\u00e1n T\u00e1rsas\u00e1gnak. \u00cdr\u00e1sait a napilapok k\u00f6z\u00f6lt\u00e9k, egyetemi jegyzeteit is kiadt\u00e1k. <strong>F. m.:<\/strong> \u00c9let\u00fcnk \u00e9s a term\u0151talaj (1985). <br \/><strong>Irod.:<\/strong> Dr. Fazakas Csaba dr., Balog Adalbert prof: : B\u00facs\u00fa dr. Jakab S\u00e1muelt\u0151l (N\u00fa., 2023. nov. 2.)<\/br><\/p>\n","protected":false},"excerpt":{"rendered":"<p>Sz\u00e1szn\u00e1das, 1931. nov. 19. \u2020\u00a0Mv., okt. 31.: geogr\u00e1fus. \u2013 Sz\u00fcl\u0151faluj\u00e1ban (1939\u201319439), Erzs\u00e9betv\u00e1rosban ( 1939\u201343) volt elemista, a k\u00f6z\u00e9piskol\u00e1t a mv.-i Ref. Koll. (1948\u20131951), amit 2. sz. Magyar tannyelv\u0171 fi\u00falic.-ban v\u00e9gezte. A kv.-i BBTE-en tanult \u00e9s v\u00e9gzett. K\u00f6zben katonai a Zsil-v\u00f6lgy\u00e9ben munkaszolg\u00e1laton volt (1952\u201355). Mv.-en talajtani oszt\u00e1lyvezet\u0151 (1961\u201382), tudom\u00e1nyos f\u0151munkat\u00e1rsa a Gy\u00fcm\u00f6lcstermeszt\u0151 Kis\u00e9rleti \u00c1llom\u00e1s tudom\u00e1nyos f\u0151munkat\u00e1rsa [&hellip;]<\/p>\n","protected":false},"featured_media":0,"comment_status":"open","ping_status":"closed","template":"","meta":[],"product_brand":[],"product_cat":[137],"product_tag":[],"class_list":{"0":"post-10676","1":"product","2":"type-product","3":"status-publish","5":"product_cat-maros-megyei-eletrajzi-lexikon","7":"first","8":"instock","9":"shipping-taxable","10":"product-type-simple"},"_links":{"self":[{"href":"https:\/\/uj.adatbank.ro\/lexikon\/wp-json\/wp\/v2\/product\/10676","targetHints":{"allow":["GET"]}}],"collection":[{"href":"https:\/\/uj.adatbank.ro\/lexikon\/wp-json\/wp\/v2\/product"}],"about":[{"href":"https:\/\/uj.adatbank.ro\/lexikon\/wp-json\/wp\/v2\/types\/product"}],"replies":[{"embeddable":true,"href":"https:\/\/uj.adatbank.ro\/lexikon\/wp-json\/wp\/v2\/comments?post=10676"}],"wp:attachment":[{"href":"https:\/\/uj.adatbank.ro\/lexikon\/wp-json\/wp\/v2\/media?parent=10676"}],"wp:term":[{"taxonomy":"product_brand","embeddable":true,"href":"https:\/\/uj.adatbank.ro\/lexikon\/wp-json\/wp\/v2\/product_brand?post=10676"},{"taxonomy":"product_cat","embeddable":true,"href":"https:\/\/uj.adatbank.ro\/lexikon\/wp-json\/wp\/v2\/product_cat?post=10676"},{"taxonomy":"product_tag","embeddable":true,"href":"https:\/\/uj.adatbank.ro\/lexikon\/wp-json\/wp\/v2\/product_tag?post=10676"}],"curies":[{"name":"wp","href":"https:\/\/api.w.org\/{rel}","templated":true}]}}

JAKAB Sámuel

<p>Szásznádas, 1931. nov. 19. † Mv., okt. 31.: geográfus. – Szülőfalujában (1939–19439), Erzsébetvárosban ( 1939–43) volt elemista, a középiskolát a mv.-i Ref. Koll. (1948–1951), amit 2. sz. Magyar tannyelvű fiúlic.-ban végezte. A kv.-i BBTE-en tanult és végzett. Közben katonai a Zsil-völgyében munkaszolgálaton volt (1952–55). Mv.-en talajtani osztályvezető (1961–82), tudományos főmunkatársa a Gyümölcstermesztő Kisérleti Állomás tudományos főmunkatársa (1982–92). Nyárádszeredán a kerdészmérnöki távoktatási tagozaton óraadó tanárként dolgozott. A BBTE tanára (1994–). Mv.-en a Népi Egyetem Földrajzi Atlasz tanfolyamát vezette 20 éven át. Tagja az Erdélyi Múzeum, az EMKE-nek és a Bocskai István Társaságnak. Írásait a napilapok közölték, egyetemi jegyzeteit is kiadták. <strong>F. m.:</strong> Életünk és a termőtalaj (1985). <br /><strong>Irod.:</strong> Dr. Fazakas Csaba dr., Balog Adalbert prof: : Búcsú dr. Jakab Sámueltől (Nú., 2023. nov. 2.)</br></p>

<p>Szásznádas, 1931. nov. 19. † Mv., okt. 31.: geográfus. – Szülőfalujában (1939–19439), Erzsébetvárosban ( 1939–43) volt elemista, a középiskolát a mv.-i Ref. Koll. (1948–1951), amit 2. sz. Magyar tannyelvű fiúlic.-ban végezte. A kv.-i BBTE-en tanult és végzett. Közben katonai a Zsil-völgyében munkaszolgálaton volt (1952–55). Mv.-en talajtani osztályvezető (1961–82), tudományos főmunkatársa a Gyümölcstermesztő Kisérleti Állomás tudományos főmunkatársa [&hellip;]</p>
