{"id":10677,"date":"2025-06-29T13:27:58","date_gmt":"2025-06-29T11:27:58","guid":{"rendered":"https:\/\/uj.adatbank.ro\/lexikon\/termek\/jakab-tamas\/"},"modified":"2025-06-29T13:27:58","modified_gmt":"2025-06-29T11:27:58","slug":"jakab-tamas","status":"publish","type":"product","link":"https:\/\/uj.adatbank.ro\/lexikon\/termek\/jakab-tamas\/","title":{"rendered":"JAKAB Tam\u00e1s"},"content":{"rendered":"<p>? \u2020\u00a0?: cip\u00e9sz, sz\u00f6vetkezeti eln\u00f6k. \u2013 Ny\u00e1r\u00e1dszered\u00e1ban a Ny\u00e1r\u00e1d Kisipari Termel\u0151 Sz\u00f6vetkezet alap\u00edt\u00f3ja (1949. m\u00e1j.). Nyugd\u00edjaz\u00e1s\u00e1ig a sz\u00f6vetkezet eln\u00f6ke (1954\u201383). Az \u0151 idej\u00e9ben alakultak a kiszolg\u00e1l\u00f3 egys\u00e9gek: fodr\u00e1szat, f\u00e9nyk\u00e9p\u00e9szet, f\u00e9rfi \u00e9s n\u0151i szab\u00f3s\u00e1g, lakatos- \u00e9s asztalosm\u0171hely, ker\u00e1mia- \u00e9s csemper\u00e9szleg \u00e9s t\u00e9glagy\u00e1r. Telkeket, helys\u00e9geket v\u00e1s\u00e1roltak, \u00e9p\u00edtkeztek. J\u00f3 min\u0151s\u00e9g\u0171 \u00e9s praktikus b\u00fatorokat gy\u00e1rtottak \u00e9s export\u00e1ltak egy amerikai c\u00e9gnek, No. -ba, Olaszo. -ba, Izraelbe, stb. (1973\u201386). <br \/><strong>Irod.:<\/strong> Ny\u00e1r\u00e1dszereda; \u00d6tven \u00e9ve alakult a Ny\u00e1r\u00e1d Kisipari Sz\u00f6vetkezet (N\u00fa., 1999. \u00e1pr. 27.)<\/br><\/p>\n","protected":false},"excerpt":{"rendered":"<p>? \u2020\u00a0?: cip\u00e9sz, sz\u00f6vetkezeti eln\u00f6k. \u2013 Ny\u00e1r\u00e1dszered\u00e1ban a Ny\u00e1r\u00e1d Kisipari Termel\u0151 Sz\u00f6vetkezet alap\u00edt\u00f3ja (1949. m\u00e1j.). Nyugd\u00edjaz\u00e1s\u00e1ig a sz\u00f6vetkezet eln\u00f6ke (1954\u201383). Az \u0151 idej\u00e9ben alakultak a kiszolg\u00e1l\u00f3 egys\u00e9gek: fodr\u00e1szat, f\u00e9nyk\u00e9p\u00e9szet, f\u00e9rfi \u00e9s n\u0151i szab\u00f3s\u00e1g, lakatos- \u00e9s asztalosm\u0171hely, ker\u00e1mia- \u00e9s csemper\u00e9szleg \u00e9s t\u00e9glagy\u00e1r. Telkeket, helys\u00e9geket v\u00e1s\u00e1roltak, \u00e9p\u00edtkeztek. J\u00f3 min\u0151s\u00e9g\u0171 \u00e9s praktikus b\u00fatorokat gy\u00e1rtottak \u00e9s export\u00e1ltak egy amerikai [&hellip;]<\/p>\n","protected":false},"featured_media":0,"comment_status":"open","ping_status":"closed","template":"","meta":[],"product_brand":[],"product_cat":[137],"product_tag":[],"class_list":{"0":"post-10677","1":"product","2":"type-product","3":"status-publish","5":"product_cat-maros-megyei-eletrajzi-lexikon","7":"first","8":"instock","9":"shipping-taxable","10":"product-type-simple"},"_links":{"self":[{"href":"https:\/\/uj.adatbank.ro\/lexikon\/wp-json\/wp\/v2\/product\/10677","targetHints":{"allow":["GET"]}}],"collection":[{"href":"https:\/\/uj.adatbank.ro\/lexikon\/wp-json\/wp\/v2\/product"}],"about":[{"href":"https:\/\/uj.adatbank.ro\/lexikon\/wp-json\/wp\/v2\/types\/product"}],"replies":[{"embeddable":true,"href":"https:\/\/uj.adatbank.ro\/lexikon\/wp-json\/wp\/v2\/comments?post=10677"}],"wp:attachment":[{"href":"https:\/\/uj.adatbank.ro\/lexikon\/wp-json\/wp\/v2\/media?parent=10677"}],"wp:term":[{"taxonomy":"product_brand","embeddable":true,"href":"https:\/\/uj.adatbank.ro\/lexikon\/wp-json\/wp\/v2\/product_brand?post=10677"},{"taxonomy":"product_cat","embeddable":true,"href":"https:\/\/uj.adatbank.ro\/lexikon\/wp-json\/wp\/v2\/product_cat?post=10677"},{"taxonomy":"product_tag","embeddable":true,"href":"https:\/\/uj.adatbank.ro\/lexikon\/wp-json\/wp\/v2\/product_tag?post=10677"}],"curies":[{"name":"wp","href":"https:\/\/api.w.org\/{rel}","templated":true}]}}

JAKAB Tamás

<p>? † ?: cipész, szövetkezeti elnök. – Nyárádszeredában a Nyárád Kisipari Termelő Szövetkezet alapítója (1949. máj.). Nyugdíjazásáig a szövetkezet elnöke (1954–83). Az ő idejében alakultak a kiszolgáló egységek: fodrászat, fényképészet, férfi és női szabóság, lakatos- és asztalosműhely, kerámia- és csemperészleg és téglagyár. Telkeket, helységeket vásároltak, építkeztek. Jó minőségű és praktikus bútorokat gyártottak és exportáltak egy amerikai cégnek, No. -ba, Olaszo. -ba, Izraelbe, stb. (1973–86). <br /><strong>Irod.:</strong> Nyárádszereda; Ötven éve alakult a Nyárád Kisipari Szövetkezet (Nú., 1999. ápr. 27.)</br></p>

<p>? † ?: cipész, szövetkezeti elnök. – Nyárádszeredában a Nyárád Kisipari Termelő Szövetkezet alapítója (1949. máj.). Nyugdíjazásáig a szövetkezet elnöke (1954–83). Az ő idejében alakultak a kiszolgáló egységek: fodrászat, fényképészet, férfi és női szabóság, lakatos- és asztalosműhely, kerámia- és csemperészleg és téglagyár. Telkeket, helységeket vásároltak, építkeztek. Jó minőségű és praktikus bútorokat gyártottak és exportáltak egy amerikai [&hellip;]</p>
