{"id":10681,"date":"2025-06-29T13:28:04","date_gmt":"2025-06-29T11:28:04","guid":{"rendered":"https:\/\/uj.adatbank.ro\/lexikon\/termek\/jakabffy-attila-sandor-%c2%a7-sandor-attila-jaki\/"},"modified":"2025-06-29T13:28:04","modified_gmt":"2025-06-29T11:28:04","slug":"jakabffy-attila-sandor-%c2%a7-sandor-attila-jaki","status":"publish","type":"product","link":"https:\/\/uj.adatbank.ro\/lexikon\/termek\/jakabffy-attila-sandor-%c2%a7-sandor-attila-jaki\/","title":{"rendered":"JAKABFFY Attila S\u00e1ndor, \u00a7, S\u00e1ndor-Attila, Jaki,"},"content":{"rendered":"<p>Mv., 1955. nov. 2., \u2020 Mv., 2007. \u00e1pr. 19.: m\u00e9rn\u00f6k, tan\u00e1r, politol\u00f3gus. \u2013 J. S\u00e1ndor, \u00e1llatorvos \u00e9s Csel\u00e9nyi M\u00e1ria fia. \u2013 A mv.-i Bolyai Farkas L\u00edc.-ban \u00e9retts\u00e9gizett (1971). Buk.-ben v\u00e9gezte az egyetemet ??(1974\u201380). A p\u00e1rizsi Sorbonne-on szerzett politikai tudom\u00e1nyok doktora diplom\u00e1t (1991\u201394). M\u00e9rn\u00f6k a segesv\u00e1ri porcel\u00e1ngy\u00e1rban (1980). Buk.-ben \u00e9s Mv.-en az RTV riportkocsi m\u00e9rn\u00f6ke (1980\u201381). Tan\u00e1r Mv.-en (1982\u201387). Presbiter (1975\u201380). Szakk\u00e9pzetlen munk\u00e1s (1988\u201389). Els\u0151k\u00e9nt sz\u00f3lalt meg magyarul a buk.-i RTV.-ben a forradalmi v\u00e1ltoz\u00e1skor (1989. dec. 22.). A Nemzeti Megment\u00e9si Front Maros megyei bizotts\u00e1g\u00e1nak vezet\u0151je \u00e9s a helyi RMDSZ szervezet\u00e9nek alap\u00edt\u00f3 tagja, alkalmazottja, megyei vezet\u0151s\u00e9gi tagaja (1990\u201394), t\u00f6bbsz\u00f6ri kongresszusi k\u00fcld\u00f6tt. Mv.-en tisztvisel\u0151 (1996\u201399). A mv.-i G\u00e1bor D\u00e9nes M\u0171szaki Informatikai F\u0151iskola d\u00e9k\u00e1nja. Egyik kutat\u00e1si ter\u00fclete a metrol\u00f3gia, a m\u00e1sik a Magyaro. \u00e9s az ut\u00f3d\u00e1llamok magyars\u00e1g\u00e1nak politikai helyzete. Gyakran k\u00f6z\u00f6lt a helyi lapokban pl. N\u00fa. T\u00f6bb egyetemi dolgozata tal\u00e1lhat\u00f3 a Fondation Nationales des Sciences Politiques de Paris k\u00f6nyvt\u00e1r\u00e1ban. <br \/><strong>Irod.:<\/strong> EMKK 2000; Fazekas Csaba: B\u00facs\u00fa egy igaz magyar embert\u0151l (Erd\u00e9lyi Napl\u00f3, 2007. \u00e1pr. 25., 17. sz.); A Jakabffy-\u00fcgy (N\u00fa., 1994. m\u00e1rc. 11.); Kincses 2016; M\u00f3zes Edit: Elmondja J\u00e1nos (N\u00fa., 1990. j\u00fal. 27.); Szucher<\/br><\/p>\n","protected":false},"excerpt":{"rendered":"<p>Mv., 1955. nov. 2., \u2020 Mv., 2007. \u00e1pr. 19.: m\u00e9rn\u00f6k, tan\u00e1r, politol\u00f3gus. \u2013 J. S\u00e1ndor, \u00e1llatorvos \u00e9s Csel\u00e9nyi M\u00e1ria fia. \u2013 A mv.-i Bolyai Farkas L\u00edc.-ban \u00e9retts\u00e9gizett (1971). Buk.-ben v\u00e9gezte az egyetemet ??(1974\u201380). A p\u00e1rizsi Sorbonne-on szerzett politikai tudom\u00e1nyok doktora diplom\u00e1t (1991\u201394). M\u00e9rn\u00f6k a segesv\u00e1ri porcel\u00e1ngy\u00e1rban (1980). Buk.-ben \u00e9s Mv.-en az RTV riportkocsi m\u00e9rn\u00f6ke (1980\u201381). [&hellip;]<\/p>\n","protected":false},"featured_media":0,"comment_status":"open","ping_status":"closed","template":"","meta":[],"product_brand":[],"product_cat":[137],"product_tag":[],"class_list":{"0":"post-10681","1":"product","2":"type-product","3":"status-publish","5":"product_cat-maros-megyei-eletrajzi-lexikon","7":"first","8":"instock","9":"shipping-taxable","10":"product-type-simple"},"_links":{"self":[{"href":"https:\/\/uj.adatbank.ro\/lexikon\/wp-json\/wp\/v2\/product\/10681","targetHints":{"allow":["GET"]}}],"collection":[{"href":"https:\/\/uj.adatbank.ro\/lexikon\/wp-json\/wp\/v2\/product"}],"about":[{"href":"https:\/\/uj.adatbank.ro\/lexikon\/wp-json\/wp\/v2\/types\/product"}],"replies":[{"embeddable":true,"href":"https:\/\/uj.adatbank.ro\/lexikon\/wp-json\/wp\/v2\/comments?post=10681"}],"wp:attachment":[{"href":"https:\/\/uj.adatbank.ro\/lexikon\/wp-json\/wp\/v2\/media?parent=10681"}],"wp:term":[{"taxonomy":"product_brand","embeddable":true,"href":"https:\/\/uj.adatbank.ro\/lexikon\/wp-json\/wp\/v2\/product_brand?post=10681"},{"taxonomy":"product_cat","embeddable":true,"href":"https:\/\/uj.adatbank.ro\/lexikon\/wp-json\/wp\/v2\/product_cat?post=10681"},{"taxonomy":"product_tag","embeddable":true,"href":"https:\/\/uj.adatbank.ro\/lexikon\/wp-json\/wp\/v2\/product_tag?post=10681"}],"curies":[{"name":"wp","href":"https:\/\/api.w.org\/{rel}","templated":true}]}}

JAKABFFY Attila Sándor, §, Sándor-Attila, Jaki,

<p>Mv., 1955. nov. 2., † Mv., 2007. ápr. 19.: mérnök, tanár, politológus. – J. Sándor, állatorvos és Cselényi Mária fia. – A mv.-i Bolyai Farkas Líc.-ban érettségizett (1971). Buk.-ben végezte az egyetemet ??(1974–80). A párizsi Sorbonne-on szerzett politikai tudományok doktora diplomát (1991–94). Mérnök a segesvári porcelángyárban (1980). Buk.-ben és Mv.-en az RTV riportkocsi mérnöke (1980–81). Tanár Mv.-en (1982–87). Presbiter (1975–80). Szakképzetlen munkás (1988–89). Elsőként szólalt meg magyarul a buk.-i RTV.-ben a forradalmi változáskor (1989. dec. 22.). A Nemzeti Megmentési Front Maros megyei bizottságának vezetője és a helyi RMDSZ szervezetének alapító tagja, alkalmazottja, megyei vezetőségi tagaja (1990–94), többszöri kongresszusi küldött. Mv.-en tisztviselő (1996–99). A mv.-i Gábor Dénes Műszaki Informatikai Főiskola dékánja. Egyik kutatási területe a metrológia, a másik a Magyaro. és az utódállamok magyarságának politikai helyzete. Gyakran közölt a helyi lapokban pl. Nú. Több egyetemi dolgozata található a Fondation Nationales des Sciences Politiques de Paris könyvtárában. <br /><strong>Irod.:</strong> EMKK 2000; Fazekas Csaba: Búcsú egy igaz magyar embertől (Erdélyi Napló, 2007. ápr. 25., 17. sz.); A Jakabffy-ügy (Nú., 1994. márc. 11.); Kincses 2016; Mózes Edit: Elmondja János (Nú., 1990. júl. 27.); Szucher</br></p>

<p>Mv., 1955. nov. 2., † Mv., 2007. ápr. 19.: mérnök, tanár, politológus. – J. Sándor, állatorvos és Cselényi Mária fia. – A mv.-i Bolyai Farkas Líc.-ban érettségizett (1971). Buk.-ben végezte az egyetemet ??(1974–80). A párizsi Sorbonne-on szerzett politikai tudományok doktora diplomát (1991–94). Mérnök a segesvári porcelángyárban (1980). Buk.-ben és Mv.-en az RTV riportkocsi mérnöke (1980–81). [&hellip;]</p>
