{"id":10686,"date":"2025-06-29T13:28:14","date_gmt":"2025-06-29T11:28:14","guid":{"rendered":"https:\/\/uj.adatbank.ro\/lexikon\/termek\/jakabffy-sandor\/"},"modified":"2025-06-29T13:28:14","modified_gmt":"2025-06-29T11:28:14","slug":"jakabffy-sandor","status":"publish","type":"product","link":"https:\/\/uj.adatbank.ro\/lexikon\/termek\/jakabffy-sandor\/","title":{"rendered":"JAKABFFY S\u00e1ndor"},"content":{"rendered":"<p>?, \u2020 Mv., 1980. nov. 2.: \u00e1llatorvos. \u2013 Az \u00c1llateg\u00e9szs\u00e9g\u00fcgyi Fel\u00fcgyel\u0151s\u00e9g \u00e9s az \u00e1llatorvosok megyei test\u00fclet\u00e9nek tagja. <br \/><strong>Irod.:<\/strong> [Nekrol\u00f3g] (V. Z. 1980. nov. 4.)<\/br><\/p>\n","protected":false},"excerpt":{"rendered":"<p>?, \u2020 Mv., 1980. nov. 2.: \u00e1llatorvos. \u2013 Az \u00c1llateg\u00e9szs\u00e9g\u00fcgyi Fel\u00fcgyel\u0151s\u00e9g \u00e9s az \u00e1llatorvosok megyei test\u00fclet\u00e9nek tagja. Irod.: [Nekrol\u00f3g] (V. Z. 1980. nov. 4.)<\/p>\n","protected":false},"featured_media":0,"comment_status":"open","ping_status":"closed","template":"","meta":[],"product_brand":[],"product_cat":[137],"product_tag":[],"class_list":{"0":"post-10686","1":"product","2":"type-product","3":"status-publish","5":"product_cat-maros-megyei-eletrajzi-lexikon","7":"first","8":"instock","9":"shipping-taxable","10":"product-type-simple"},"_links":{"self":[{"href":"https:\/\/uj.adatbank.ro\/lexikon\/wp-json\/wp\/v2\/product\/10686","targetHints":{"allow":["GET"]}}],"collection":[{"href":"https:\/\/uj.adatbank.ro\/lexikon\/wp-json\/wp\/v2\/product"}],"about":[{"href":"https:\/\/uj.adatbank.ro\/lexikon\/wp-json\/wp\/v2\/types\/product"}],"replies":[{"embeddable":true,"href":"https:\/\/uj.adatbank.ro\/lexikon\/wp-json\/wp\/v2\/comments?post=10686"}],"wp:attachment":[{"href":"https:\/\/uj.adatbank.ro\/lexikon\/wp-json\/wp\/v2\/media?parent=10686"}],"wp:term":[{"taxonomy":"product_brand","embeddable":true,"href":"https:\/\/uj.adatbank.ro\/lexikon\/wp-json\/wp\/v2\/product_brand?post=10686"},{"taxonomy":"product_cat","embeddable":true,"href":"https:\/\/uj.adatbank.ro\/lexikon\/wp-json\/wp\/v2\/product_cat?post=10686"},{"taxonomy":"product_tag","embeddable":true,"href":"https:\/\/uj.adatbank.ro\/lexikon\/wp-json\/wp\/v2\/product_tag?post=10686"}],"curies":[{"name":"wp","href":"https:\/\/api.w.org\/{rel}","templated":true}]}}