{"id":10692,"date":"2025-06-29T13:28:26","date_gmt":"2025-06-29T11:28:26","guid":{"rendered":"https:\/\/uj.adatbank.ro\/lexikon\/termek\/jakabos-vilmos-kisnyujtodi\/"},"modified":"2025-06-29T13:28:26","modified_gmt":"2025-06-29T11:28:26","slug":"jakabos-vilmos-kisnyujtodi","status":"publish","type":"product","link":"https:\/\/uj.adatbank.ro\/lexikon\/termek\/jakabos-vilmos-kisnyujtodi\/","title":{"rendered":"JAKABOS Vilmos, kisnyujt\u00f3di"},"content":{"rendered":"<p>1857.? \u2020 Mv., 1886. nov. 10.: fogalmaz\u00f3, hadnagy. \u2013 M. kir. It\u00e9l\u0151tablai fogalmaz\u00f3, honv. hadnagy. Az MTE p\u00e9nzt\u00e1rosa (1884). <br \/><strong>Irod.:<\/strong> Gy\u00e1szjelent\u0151; Sikl\u00f3ssy<\/br><\/p>\n","protected":false},"excerpt":{"rendered":"<p>1857.? \u2020 Mv., 1886. nov. 10.: fogalmaz\u00f3, hadnagy. \u2013 M. kir. It\u00e9l\u0151tablai fogalmaz\u00f3, honv. hadnagy. Az MTE p\u00e9nzt\u00e1rosa (1884). Irod.: Gy\u00e1szjelent\u0151; Sikl\u00f3ssy<\/p>\n","protected":false},"featured_media":0,"comment_status":"open","ping_status":"closed","template":"","meta":[],"product_brand":[],"product_cat":[137],"product_tag":[],"class_list":{"0":"post-10692","1":"product","2":"type-product","3":"status-publish","5":"product_cat-maros-megyei-eletrajzi-lexikon","7":"first","8":"instock","9":"shipping-taxable","10":"product-type-simple"},"_links":{"self":[{"href":"https:\/\/uj.adatbank.ro\/lexikon\/wp-json\/wp\/v2\/product\/10692","targetHints":{"allow":["GET"]}}],"collection":[{"href":"https:\/\/uj.adatbank.ro\/lexikon\/wp-json\/wp\/v2\/product"}],"about":[{"href":"https:\/\/uj.adatbank.ro\/lexikon\/wp-json\/wp\/v2\/types\/product"}],"replies":[{"embeddable":true,"href":"https:\/\/uj.adatbank.ro\/lexikon\/wp-json\/wp\/v2\/comments?post=10692"}],"wp:attachment":[{"href":"https:\/\/uj.adatbank.ro\/lexikon\/wp-json\/wp\/v2\/media?parent=10692"}],"wp:term":[{"taxonomy":"product_brand","embeddable":true,"href":"https:\/\/uj.adatbank.ro\/lexikon\/wp-json\/wp\/v2\/product_brand?post=10692"},{"taxonomy":"product_cat","embeddable":true,"href":"https:\/\/uj.adatbank.ro\/lexikon\/wp-json\/wp\/v2\/product_cat?post=10692"},{"taxonomy":"product_tag","embeddable":true,"href":"https:\/\/uj.adatbank.ro\/lexikon\/wp-json\/wp\/v2\/product_tag?post=10692"}],"curies":[{"name":"wp","href":"https:\/\/api.w.org\/{rel}","templated":true}]}}