{"id":10693,"date":"2025-06-29T13:28:28","date_gmt":"2025-06-29T11:28:28","guid":{"rendered":"https:\/\/uj.adatbank.ro\/lexikon\/termek\/jakabovics-istvan\/"},"modified":"2025-06-29T13:28:28","modified_gmt":"2025-06-29T11:28:28","slug":"jakabovics-istvan","status":"publish","type":"product","link":"https:\/\/uj.adatbank.ro\/lexikon\/termek\/jakabovics-istvan\/","title":{"rendered":"JAKABOVICS Istv\u00e1n"},"content":{"rendered":"<p>? \u2020 ?: lelk\u00e9sz. \u2013 Teol\u00f3gi\u00e1t v\u00e9gzett. Not\u00e1rius (falujegyz\u0151) volt Meggyesfalv\u00e1n (1840 k.). <br \/><strong>Irod.:<\/strong> M\u0171vt\u00f6rt. T. 1979<\/br><\/p>\n","protected":false},"excerpt":{"rendered":"<p>? \u2020 ?: lelk\u00e9sz. \u2013 Teol\u00f3gi\u00e1t v\u00e9gzett. Not\u00e1rius (falujegyz\u0151) volt Meggyesfalv\u00e1n (1840 k.). Irod.: M\u0171vt\u00f6rt. T. 1979<\/p>\n","protected":false},"featured_media":0,"comment_status":"open","ping_status":"closed","template":"","meta":[],"product_brand":[],"product_cat":[137],"product_tag":[],"class_list":{"0":"post-10693","1":"product","2":"type-product","3":"status-publish","5":"product_cat-maros-megyei-eletrajzi-lexikon","7":"first","8":"instock","9":"shipping-taxable","10":"product-type-simple"},"_links":{"self":[{"href":"https:\/\/uj.adatbank.ro\/lexikon\/wp-json\/wp\/v2\/product\/10693","targetHints":{"allow":["GET"]}}],"collection":[{"href":"https:\/\/uj.adatbank.ro\/lexikon\/wp-json\/wp\/v2\/product"}],"about":[{"href":"https:\/\/uj.adatbank.ro\/lexikon\/wp-json\/wp\/v2\/types\/product"}],"replies":[{"embeddable":true,"href":"https:\/\/uj.adatbank.ro\/lexikon\/wp-json\/wp\/v2\/comments?post=10693"}],"wp:attachment":[{"href":"https:\/\/uj.adatbank.ro\/lexikon\/wp-json\/wp\/v2\/media?parent=10693"}],"wp:term":[{"taxonomy":"product_brand","embeddable":true,"href":"https:\/\/uj.adatbank.ro\/lexikon\/wp-json\/wp\/v2\/product_brand?post=10693"},{"taxonomy":"product_cat","embeddable":true,"href":"https:\/\/uj.adatbank.ro\/lexikon\/wp-json\/wp\/v2\/product_cat?post=10693"},{"taxonomy":"product_tag","embeddable":true,"href":"https:\/\/uj.adatbank.ro\/lexikon\/wp-json\/wp\/v2\/product_tag?post=10693"}],"curies":[{"name":"wp","href":"https:\/\/api.w.org\/{rel}","templated":true}]}}