{"id":10695,"date":"2025-06-29T13:28:34","date_gmt":"2025-06-29T11:28:34","guid":{"rendered":"https:\/\/uj.adatbank.ro\/lexikon\/termek\/jaklovszky-denes\/"},"modified":"2025-06-29T13:28:34","modified_gmt":"2025-06-29T11:28:34","slug":"jaklovszky-denes","status":"publish","type":"product","link":"https:\/\/uj.adatbank.ro\/lexikon\/termek\/jaklovszky-denes\/","title":{"rendered":"JAKLOVSZKY D\u00e9nes"},"content":{"rendered":"<p>Sz\u00e9kelyudvarhely, 1912. \u2020 Sz\u00e9kelyudvarhely, 1993. okt. 17.: orvos. Tanulm\u00e1nyait Sz\u00e9kelyudvarhelyen \u00e9s Kv.-on v\u00e9gezte, orvosi diplom\u00e1t szerzett (1936). Mv.-en a t\u00fcd\u0151klinika alorvosa, majd Besszar\u00e1bi\u00e1ban t\u00e1bori k\u00f3rh\u00e1zban m\u0171k\u00f6d\u00f6tt. F\u00f6orvosi vizsg\u00e1t tett (1937), azut\u00e1n Dem\u00e9nyh\u00e1z\u00e1n k\u00f6rorvos. Tudom\u00e1nyos munk\u00e1ss\u00e1g\u00e1\u00e9rt az I. O. Eg\u00e9szs\u00e9g\u00fcgyi \u00e9rdemkereszttel t\u00fcntett\u00e9k ki (1938). <br \/><strong>Irod.:<\/strong> [Nekrol\u00f3g] (N\u00fa., 1993. okt. 19.); Sz\u00e9kelyf\u00f6ld \u00ed. k<\/br><\/p>\n","protected":false},"excerpt":{"rendered":"<p>Sz\u00e9kelyudvarhely, 1912. \u2020 Sz\u00e9kelyudvarhely, 1993. okt. 17.: orvos. Tanulm\u00e1nyait Sz\u00e9kelyudvarhelyen \u00e9s Kv.-on v\u00e9gezte, orvosi diplom\u00e1t szerzett (1936). Mv.-en a t\u00fcd\u0151klinika alorvosa, majd Besszar\u00e1bi\u00e1ban t\u00e1bori k\u00f3rh\u00e1zban m\u0171k\u00f6d\u00f6tt. F\u00f6orvosi vizsg\u00e1t tett (1937), azut\u00e1n Dem\u00e9nyh\u00e1z\u00e1n k\u00f6rorvos. Tudom\u00e1nyos munk\u00e1ss\u00e1g\u00e1\u00e9rt az I. O. Eg\u00e9szs\u00e9g\u00fcgyi \u00e9rdemkereszttel t\u00fcntett\u00e9k ki (1938). Irod.: [Nekrol\u00f3g] (N\u00fa., 1993. okt. 19.); Sz\u00e9kelyf\u00f6ld \u00ed. k<\/p>\n","protected":false},"featured_media":0,"comment_status":"open","ping_status":"closed","template":"","meta":[],"product_brand":[],"product_cat":[137],"product_tag":[],"class_list":{"0":"post-10695","1":"product","2":"type-product","3":"status-publish","5":"product_cat-maros-megyei-eletrajzi-lexikon","7":"first","8":"instock","9":"shipping-taxable","10":"product-type-simple"},"_links":{"self":[{"href":"https:\/\/uj.adatbank.ro\/lexikon\/wp-json\/wp\/v2\/product\/10695","targetHints":{"allow":["GET"]}}],"collection":[{"href":"https:\/\/uj.adatbank.ro\/lexikon\/wp-json\/wp\/v2\/product"}],"about":[{"href":"https:\/\/uj.adatbank.ro\/lexikon\/wp-json\/wp\/v2\/types\/product"}],"replies":[{"embeddable":true,"href":"https:\/\/uj.adatbank.ro\/lexikon\/wp-json\/wp\/v2\/comments?post=10695"}],"wp:attachment":[{"href":"https:\/\/uj.adatbank.ro\/lexikon\/wp-json\/wp\/v2\/media?parent=10695"}],"wp:term":[{"taxonomy":"product_brand","embeddable":true,"href":"https:\/\/uj.adatbank.ro\/lexikon\/wp-json\/wp\/v2\/product_brand?post=10695"},{"taxonomy":"product_cat","embeddable":true,"href":"https:\/\/uj.adatbank.ro\/lexikon\/wp-json\/wp\/v2\/product_cat?post=10695"},{"taxonomy":"product_tag","embeddable":true,"href":"https:\/\/uj.adatbank.ro\/lexikon\/wp-json\/wp\/v2\/product_tag?post=10695"}],"curies":[{"name":"wp","href":"https:\/\/api.w.org\/{rel}","templated":true}]}}

JAKLOVSZKY Dénes

<p>Székelyudvarhely, 1912. † Székelyudvarhely, 1993. okt. 17.: orvos. Tanulmányait Székelyudvarhelyen és Kv.-on végezte, orvosi diplomát szerzett (1936). Mv.-en a tüdőklinika alorvosa, majd Besszarábiában tábori kórházban működött. Föorvosi vizsgát tett (1937), azután Deményházán körorvos. Tudományos munkásságáért az I. O. Egészségügyi érdemkereszttel tüntették ki (1938). <br /><strong>Irod.:</strong> [Nekrológ] (Nú., 1993. okt. 19.); Székelyföld í. k</br></p>

<p>Székelyudvarhely, 1912. † Székelyudvarhely, 1993. okt. 17.: orvos. Tanulmányait Székelyudvarhelyen és Kv.-on végezte, orvosi diplomát szerzett (1936). Mv.-en a tüdőklinika alorvosa, majd Besszarábiában tábori kórházban működött. Föorvosi vizsgát tett (1937), azután Deményházán körorvos. Tudományos munkásságáért az I. O. Egészségügyi érdemkereszttel tüntették ki (1938). Irod.: [Nekrológ] (Nú., 1993. okt. 19.); Székelyföld í. k</p>
